524
CXUS55 KPAH 020018
CF6EVV
PRELIMINARY LOCAL CLIMATOLOGICAL DATA (WS FORM: F-6)
STATION: EVANSVILLE IN
MONTH: JUNE
YEAR: 2020
LATITUDE: 38 2 N
LONGITUDE: 87 32 W
TEMPERATURE IN F: :PCPN: SNOW: WIND :SUNSHINE: SKY :PK WND
================================================================================
1 2 3 4 5 6A 6B 7 8 9 10 11 12 13 14 15 16 17 18
12Z AVG MX 2MIN
DY MAX MIN AVG DEP HDD CDD WTR SNW DPTH SPD SPD DIR MIN PSBL S-S WX SPD DR
================================================================================
1 80 52 66 -5 0 1 0.00 0.0 0 3.5 12 130 M M 0 17 120
2 89 64 77 6 0 12 0.00 0.0 0 7.2 16 210 M M 0 22 220
3 89 64 77 6 0 12 0.00 0.0 0 6.7 17 220 M M 0 26 230
4 85 68 77 5 0 12 0.70 0.0 0 8.6 20 230 M M 5 138 25 220
5 88 66 77 5 0 12 0.00 0.0 0 2.1 10 130 M M 3 128 16 130
6 94 69 82 10 0 17 0.00 0.0 0 1.6 8 10 M M 1 1 12 10
7 90 68 79 6 0 14 0.00 0.0 0 7.3 13 40 M M 0 17 40
8 88 63 76 3 0 11 0.00 0.0 0 8.7 16 90 M M 0 23 70
9 83 75 79 6 0 14 0.17 0.0 0 13.0 23 150 M M 9 18 40 170
10 84 62 73 -1 0 8 T 0.0 0 15.9 35 220 M M 6 44 230
11 84 59 72 -2 0 7 0.00 0.0 0 5.4 15 10 M M 0 8 24 20
12 90 58 74 0 0 9 0.00 0.0 0 2.5 12 20 M M 2 16 20
13 90 65 78 4 0 13 0.00 0.0 0 5.9 13 30 M M 1 19 30
14 80 60 70 -5 0 5 0.36 0.0 0 5.3 17 30 M M 4 13 26 30
15 81 55 68 -7 0 3 0.00 0.0 0 4.8 14 30 M M 0 21 30
16 83 58 71 -4 0 6 0.00 0.0 0 6.2 16 90 M M 0 24 50
17 85 59 72 -3 0 7 0.00 0.0 0 3.4 13 100 M M 1 19 50
18 89 61 75 -1 0 10 0.00 0.0 0 3.9 12 270 M M 2 17 20
19 90 65 78 2 0 13 0.00 0.0 0 3.3 13 230 M M 2 17 230
20 93 68 81 5 0 16 0.00 0.0 0 6.3 17 240 M M 1 1 27 210
21 80 68 74 -2 0 9 0.15 0.0 0 2.7 12 240 M M 5 18 15 250
22 86 67 77 0 0 12 0.07 0.0 0 6.6 16 180 M M 4 1 22 180
23 82 66 74 -3 0 9 0.00 0.0 0 7.3 17 250 M M 5 1 23 340
24 85 65 75 -2 0 10 0.00 0.0 0 4.7 13 260 M M 3 19 280
25 89 61 75 -2 0 10 0.00 0.0 0 6.7 18 240 M M 1 23 240
26 90 70 80 3 0 15 0.00 0.0 0 11.7 23 230 M M 2 35 220
27 87 70 79 2 0 14 2.26 0.0 0 10.3 23 270 M M 6 13 33 290
28 83 69 76 -2 0 11 1.10 0.0 0 5.8 20 240 M M 6 13 26 260
29 92 71 82 4 0 17 1.15 0.0 0 4.7 36 230 M M 1 13 49 230
30 78 69 74 -4 0 9 1.12 0.0 0 4.5 17 350 M M 7 13 25 350
================================================================================
SM 2587 1935 0 318 7.08 0.0 186.6 M 77
================================================================================
AV 86.2 64.5 6.2 FASTST M M 3 MAX(MPH)
MISC ----> 36 230 49 230
================================================================================
NOTES:
# LAST OF SEVERAL OCCURRENCES
COLUMN 17 PEAK WIND IN M.P.H.
PRELIMINARY LOCAL CLIMATOLOGICAL DATA (WS FORM: F-6) , PAGE 2
STATION: EVANSVILLE IN
MONTH: JUNE
YEAR: 2020
LATITUDE: 38 2 N
LONGITUDE: 87 32 W
[TEMPERATURE DATA] [PRECIPITATION DATA] SYMBOLS USED IN COLUMN 16
AVERAGE MONTHLY: 75.4 TOTAL FOR MONTH: 7.08 1 = FOG OR MIST
DPTR FM NORMAL: 0.6 DPTR FM NORMAL: 3.30 2 = FOG REDUCING VISIBILITY
HIGHEST: 94 ON 6 GRTST 24HR 3.36 ON 27-28 TO 1/4 MILE OR LESS
LOWEST: 52 ON 1 3 = THUNDER
SNOW, ICE PELLETS, HAIL 4 = ICE PELLETS
TOTAL MONTH: 0.0 INCH 5 = HAIL
GRTST 24HR 0.0 6 = FREEZING RAIN OR DRIZZLE
GRTST DEPTH: 0 7 = DUSTSTORM OR SANDSTORM:
VSBY 1/2 MILE OR LESS
8 = SMOKE OR HAZE
[NO. OF DAYS WITH] [WEATHER - DAYS WITH] 9 = BLOWING SNOW
X = TORNADO
MAX 32 OR BELOW: 0 0.01 INCH OR MORE: 9
MAX 90 OR ABOVE: 8 0.10 INCH OR MORE: 8
MIN 32 OR BELOW: 0 0.50 INCH OR MORE: 5
MIN 0 OR BELOW: 0 1.00 INCH OR MORE: 4
[HDD (BASE 65) ]
TOTAL THIS MO. 0 CLEAR (SCALE 0-3) 20
DPTR FM NORMAL -6 PTCLDY (SCALE 4-7) 9
TOTAL FM JUL 1 4280 CLOUDY (SCALE 8-10) 1
DPTR FM NORMAL -265
[CDD (BASE 65) ]
TOTAL THIS MO. 318
DPTR FM NORMAL 20 [PRESSURE DATA]
TOTAL FM JAN 1 443 HIGHEST SLP 30.31 ON 15
DPTR FM NORMAL 10 LOWEST SLP 29.62 ON 10
[REMARKS]
#FINAL-06-20#