000
CXUS56 KSLC 010846
CF6EVW
PRELIMINARY LOCAL CLIMATOLOGICAL DATA (WS FORM: F-6)
STATION: EVANSTON WY
MONTH: MAY
YEAR: 2021
LATITUDE: 41 16 N
LONGITUDE: 111 2 W
TEMPERATURE IN F: :PCPN: SNOW: WIND :SUNSHINE: SKY :PK WND
================================================================================
1 2 3 4 5 6A 6B 7 8 9 10 11 12 13 14 15 16 17 18
12Z AVG MX 2MIN
DY MAX MIN AVG DEP HDD CDD WTR SNW DPTH SPD SPD DIR MIN PSBL S-S WX SPD DR
================================================================================
1 74 48 61 17 4 0 0.00 M M 10.9 28 280 M M 2 36 250
2 59 36 48 4 17 0 T M M 10.9 29 340 M M 6 3 35 350
3 50 35 43 -1 22 0 0.00 M M 10.7 24 70 M M 8 33 70
4 56 31 44 -1 21 0 0.00 M M 11.3 25 260 M M 6 31 280
5 63 34 49 4 16 0 0.00 M M 5.3 16 240 M M 1 22 230
6 75 33 54 8 11 0 0.00 M M 7.5 23 240 M M 0 28 290
7 74 39 57 11 8 0 0.07 M M 15.2 33 210 M M 3 1 42 220
8 48 32 40 -6 25 0 0.00 0.0 0 17.0 27 260 M M 1 39 M
9 51 25 38 -8 27 0 0.00 M M 8.6 22 270 M M 5 28 270
10 45 31 38 -9 27 0 0.11 M M 7.2 17 20 M M 9 12 24 330
11 52 29 41 -6 24 0 0.00 M M 5.6 13 350 M M 7 1 18 340
12 62 32 47 -1 18 0 0.00 M M 8.7 22 260 M M 0 27 250
13 71 39 55 7 10 0 0.00 M M 11.5 24 280 M M 0 31 300
14 73 40 57 9 8 0 0.00 M M 9.8 17 290 M M 4 30 M
15 67 46 57 9 8 0 T M M 12.5 28 90 M M 3 3 37 90
16 67 42 55 6 10 0 0.05 M M 16.2 29 360 M M 3 3 36 10
17 65 39 52 3 13 0 0.10 M M 9.0 24 220 M M 3 3 29 210
18 72 40 56 6 9 0 0.00 M M 9.1 22 320 M M 2 30 10
19 72 43 58 8 7 0 T M M 11.5 40 240 M M 2 50 230
20 71 42 57 7 8 0 T M M 12.0 44 200 M M 3 58 190
21 63 34 49 -1 16 0 0.08 M M 10.4 33 220 M M 7 1 40 190
22 58 31 45 -6 20 0 0.02 M M 9.6 35 170 M M 5 12 43 170
23 51 32 42 -9 23 0 0.07 M M 15.7 35 210 M M 7 12 40 210
24 55 31 43 -8 22 0 0.01 M M 13.2 23 260 M M 6 1 31 240
25 62 33 48 -4 17 0 T M M 9.2 22 250 M M 5 28 250
26 62 38 50 -2 15 0 0.00 M M 11.5 28 250 M M 1 35 260
27 69 33 51 -1 14 0 0.00 M M 10.5 26 270 M M 0 34 240
28 73 45 59 7 6 0 0.00 M M 10.6 25 270 M M 1 32 270
29 72 46 59 6 6 0 0.00 M M 6.7 21 270 M M 2 26 260
30 69 45 57 4 8 0 T M M 10.0 21 70 M M 3 3 25 80
31 72 43 58 5 7 0 0.00 M M 7.5 16 350 M M 1 21 10
================================================================================
SM 1973 1147 447 0 0.51 0.0 325.4 M 106
================================================================================
AV 63.6 37.0 10.5 FASTST M M 3 MAX(MPH)
MISC ----> 44 200 58 190
================================================================================
NOTES:
# LAST OF SEVERAL OCCURRENCES
COLUMN 17 PEAK WIND IN M.P.H.
PRELIMINARY LOCAL CLIMATOLOGICAL DATA (WS FORM: F-6) , PAGE 2
STATION: EVANSTON WY
MONTH: MAY
YEAR: 2021
LATITUDE: 41 16 N
LONGITUDE: 111 2 W
[TEMPERATURE DATA] [PRECIPITATION DATA] SYMBOLS USED IN COLUMN 16
AVERAGE MONTHLY: 50.3 TOTAL FOR MONTH: 0.51 1 = FOG OR MIST
DPTR FM NORMAL: 1.6 DPTR FM NORMAL: -1.24 2 = FOG REDUCING VISIBILITY
HIGHEST: 75 ON 6 GRTST 24HR 0.14 ON 16-17 TO 1/4 MILE OR LESS
LOWEST: 25 ON 9 3 = THUNDER
SNOW, ICE PELLETS, HAIL 4 = ICE PELLETS
TOTAL MONTH: 0.0 INCH 5 = HAIL
GRTST 24HR 0.0 6 = FREEZING RAIN OR DRIZZLE
GRTST DEPTH: 0 7 = DUSTSTORM OR SANDSTORM:
VSBY 1/2 MILE OR LESS
8 = SMOKE OR HAZE
[NO. OF DAYS WITH] [WEATHER - DAYS WITH] 9 = BLOWING SNOW
X = TORNADO
MAX 32 OR BELOW: 0 0.01 INCH OR MORE: 8
MAX 90 OR ABOVE: 0 0.10 INCH OR MORE: 2
MIN 32 OR BELOW: 9 0.50 INCH OR MORE: 0
MIN 0 OR BELOW: 0 1.00 INCH OR MORE: 0
[HDD (BASE 65) ]
TOTAL THIS MO. 447 CLEAR (SCALE 0-3) 19
DPTR FM NORMAL -59 PTCLDY (SCALE 4-7) 11
TOTAL FM JUL 1 7709 CLOUDY (SCALE 8-10) 1
DPTR FM NORMAL -495
[CDD (BASE 65) ]
TOTAL THIS MO. 0
DPTR FM NORMAL -1 [PRESSURE DATA]
TOTAL FM JAN 1 0 HIGHEST SLP M ON M
DPTR FM NORMAL -1 LOWEST SLP 29.39 ON 20
[REMARKS]
#FINAL-05-21#