000
CXUS52 KMHX 142342
CF6EWN
PRELIMINARY LOCAL CLIMATOLOGICAL DATA (WS FORM: F-6)
STATION: NEW BERN NC
MONTH: FEBRUARY
YEAR: 2022
LATITUDE: 35 4 N
LONGITUDE: 77 3 W
TEMPERATURE IN F: :PCPN: SNOW: WIND :SUNSHINE: SKY :PK WND
================================================================================
1 2 3 4 5 6A 6B 7 8 9 10 11 12 13 14 15 16 17 18
12Z AVG MX 2MIN
DY MAX MIN AVG DEP HDD CDD WTR SNW DPTH SPD SPD DIR MIN PSBL S-S WX SPD DR
================================================================================
1 54 28 41 -4 24 0 0.00 0.0 0 8.0 17 40 M M 0 1 21 40
2 61 30 46 1 19 0 0.00 0.0 0 3.8 12 30 M M 8 12 12 30
3 72 44 58 13 7 0 0.00 0.0 0 8.2 21 180 M M 7 8 29 180
4 80 63 72 26 0 7 0.14 0.0 0 14.7 26 210 M M 5 1 39 220
5 63 31 47 1 18 0 0.07 0.0 0 11.6 21 10 M M 5 1 28 10
6 50 29 40 -6 25 0 0.00 0.0 0 10.1 15 40 M M 4 18 40
7 51 38 45 -1 20 0 0.36 0.0 0 9.9 20 30 M M 10 1 25 30
8 48 31 40 -6 25 0 0.00 0.0 0 4.2 12 290 M M 6 12 15 300
9 60 25 43 -3 22 0 0.00 0.0 0 2.3 8 100 M M 3 12 10 300
10 67 31 49 3 16 0 0.00 0.0 0 5.8 17 220 M M 0 23 210
11 68 36 52 6 13 0 0.00 0.0 0 5.6 14 170 M M 0 17 210
12 72 38 55 8 10 0 0.00 0.0 0 6.2 14 170 M M 1 8 19 280
13 54 39 47 0 18 0 0.03 0.0 0 7.3 18 50 M M 9 1 24 50
14 50 25 38 -9 27 0 0.00 0.0 0 5.4 16 350 M M 1 21 330
15 50 23 37 -10 28 0 0.00 0.0 0 5.1 13 140 M M 0 15 100
16 67 30 49 2 16 0 0.00 0.0 0 5.8 15 150 M M 2 20 170
17 74 42 58 10 7 0 0.03 0.0 0 9.9 24 200 M M 2 12 35 200
18 78 44 61 13 4 0 0.05 0.0 0 14.6 25 210 M M 7 1 36 210
19 59 34 47 -1 18 0 0.00 0.0 0 7.9 17 360 M M 1 25 10
20 52 31 42 -6 23 0 0.00 0.0 0 6.7 13 40 M M 0 16 40
21 67 35 51 3 14 0 0.04 0.0 0 3.7 16 230 M M 7 18 22 210
22 73 55 64 16 1 0 0.00 0.0 0 7.8 18 210 M M 8 27 210
23 79 59 69 20 0 4 0.00 0.0 0 7.0 20 240 M M 4 1 25 260
24 61 48 55 6 10 0 0.00 0.0 0 6.6 16 50 M M 10 12 22 80
25 85 47 66 17 0 1 0.00 0.0 0 7.5 23 240 M M 7 12 33 220
26 59 41 50 1 15 0 0.00 0.0 0 11.7 21 50 M M 10 26 50
27 46 40 43 -6 22 0 0.28 0.0 0 3.9 10 360 M M 9 1 13 340
28 58 37 48 -2 17 0 0.00 0.0 0 8.4 17 50 M M 1 12 22 50
================================================================================
SM 1758 1054 419 12 1.00 0.0 209.7 M 127
================================================================================
AV 62.8 37.6 7.5 FASTST M M 5 MAX(MPH)
MISC ----> 26 210 39 220
================================================================================
NOTES:
# LAST OF SEVERAL OCCURRENCES
COLUMN 17 PEAK WIND IN M.P.H.
PRELIMINARY LOCAL CLIMATOLOGICAL DATA (WS FORM: F-6) , PAGE 2
STATION: NEW BERN NC
MONTH: FEBRUARY
YEAR: 2022
LATITUDE: 35 4 N
LONGITUDE: 77 3 W
[TEMPERATURE DATA] [PRECIPITATION DATA] SYMBOLS USED IN COLUMN 16
AVERAGE MONTHLY: 50.2 TOTAL FOR MONTH: 1.00 1 = FOG OR MIST
DPTR FM NORMAL: 3.1 DPTR FM NORMAL: -2.32 2 = FOG REDUCING VISIBILITY
HIGHEST: 85 ON 25 GRTST 24HR 0.36 ON 7- 7 TO 1/4 MILE OR LESS
LOWEST: 23 ON 15 3 = THUNDER
SNOW, ICE PELLETS, HAIL 4 = ICE PELLETS
TOTAL MONTH: 0.0 INCH 5 = HAIL
GRTST 24HR 0.0 6 = FREEZING RAIN OR DRIZZLE
GRTST DEPTH: 0 7 = DUSTSTORM OR SANDSTORM:
VSBY 1/2 MILE OR LESS
8 = SMOKE OR HAZE
[NO. OF DAYS WITH] [WEATHER - DAYS WITH] 9 = BLOWING SNOW
X = TORNADO
MAX 32 OR BELOW: 0 0.01 INCH OR MORE: 8
MAX 90 OR ABOVE: 0 0.10 INCH OR MORE: 3
MIN 32 OR BELOW: 11 0.50 INCH OR MORE: 0
MIN 0 OR BELOW: 0 1.00 INCH OR MORE: 0
[HDD (BASE 65) ]
TOTAL THIS MO. 419 CLEAR (SCALE 0-3) 12
DPTR FM NORMAL -85 PTCLDY (SCALE 4-7) 10
TOTAL FM JUL 1 1851 CLOUDY (SCALE 8-10) 6
DPTR FM NORMAL -282
[CDD (BASE 65) ]
TOTAL THIS MO. 12
DPTR FM NORMAL 8 [PRESSURE DATA]
TOTAL FM JAN 1 23 HIGHEST SLP 30.70 ON 15
DPTR FM NORMAL 21 LOWEST SLP 29.80 ON 18
[REMARKS]
#FINAL-02-22#