000
CXUS52 KMHX 010700
CF6EWN
PRELIMINARY LOCAL CLIMATOLOGICAL DATA (WS FORM: F-6)
STATION: NEW BERN NC
MONTH: MARCH
YEAR: 2020
LATITUDE: 35 4 N
LONGITUDE: 77 3 W
TEMPERATURE IN F: :PCPN: SNOW: WIND :SUNSHINE: SKY :PK WND
================================================================================
1 2 3 4 5 6A 6B 7 8 9 10 11 12 13 14 15 16 17 18
12Z AVG MX 2MIN
DY MAX MIN AVG DEP HDD CDD WTR SNW DPTH SPD SPD DIR MIN PSBL S-S WX SPD DR
================================================================================
1 57 25 41 -9 24 0 0.00 0.0 0 4.0 13 170 M M 0 17 170
2 72 31 52 2 13 0 0.00 0.0 0 8.1 21 220 M M 1 28 230
3 73 56 65 15 0 0 0.22 0.0 0 8.8 21 220 M M 7 1 29 240
4 62 52 57 7 8 0 0.01 0.0 0 5.1 12 280 M M 6 17 270
5 53 45 49 -1 16 0 0.84 0.0 0 6.1 17 30 M M 10 1 21 30
6 60 45 53 2 12 0 0.13 M 0 13.0 28 320 M M 7 1 40 320
7 54 35 45 -6 20 0 0.00 0.0 0 10.1 23 350 M M 2 32 10
8 61 27 44 -7 21 0 0.00 0.0 0 2.9 13 170 M M 1 12 16 180
9 72 30 51 0 14 0 0.00 0.0 0 6.0 18 210 M M 0 27 200
10 75 50 63 11 2 0 0.00 0.0 0 9.0 21 210 M M 4 29 200
11 78 52 65 13 0 0 0.03 0.0 0 6.7 17 190 M M 3 1 23 180
12 79 49 64 12 1 0 0.00 0.0 0 5.7 16 210 M M 1 12 22 210
13 82 59 71 19 0 6 0.00 0.0 0 8.2 21 240 M M 3 27 220
14 67 54 61 8 4 0 0.00 0.0 0 7.5 16 50 M M 2 21 70
15 56 47 52 -1 13 0 0.25 M 0 12.3 20 20 M M 10 1 26 20
16 63 43 53 0 12 0 T M 0 10.7 17 20 M M 3 21 30
17 58 48 53 -1 12 0 0.11 M 0 4.8 10 260 M M 8 1 13 280
18 73 50 62 8 3 0 0.00 0.0 0 5.6 12 130 M M 4 12 18 150
19 84 52 68 14 0 3 T 0.0 0 7.5 17 250 M M 4 22 230
20 85 67 76 22 0 11 0.00 0.0 M 12.9 23 210 M M 1 8 29 210
21 75 52 64 9 1 0 0.02 0.0 0 9.1 22 50 M M 6 25 40
22 55 48 52 -3 13 0 T 0.0 0 14.5 23 50 M M 10 28 30
23 59 49 54 -1 11 0 0.10 M 0 6.6 15 300 M M 8 1 18 290
24 64 50 57 1 8 0 0.09 0.0 0 7.9 15 100 M M 8 1 18 110
25 59 50 55 -1 10 0 0.68 0.0 0 8.9 21 320 M M 10 1 27 320
26 65 45 55 -1 10 0 0.00 0.0 0 6.1 16 20 M M 2 19 20
27 85 49 67 10 0 2 0.00 0.0 0 5.0 22 260 M M 1 1 29 260
28 91 59 75 18 0 10 0.00 0.0 0 8.1 21 180 M M 0 1 27 170
29 89 67 78 21 0 13 0.00 0.0 0 10.5 18 210 M M 0 26 210
30 80 63 72 15 0 7 0.00 0.0 0 7.1 15 280 M M 0 22 250
31 66 49 58 0 7 0 0.73 0.0 0 12.8 26 40 M M 5 1 34 40
================================================================================
SM 2152 1498 235 52 3.21 0.0 251.6 M 127
================================================================================
AV 69.4 48.3 8.1 FASTST M M 4 MAX(MPH)
MISC ----> # 28 320 # 40 320
================================================================================
NOTES:
# LAST OF SEVERAL OCCURRENCES
COLUMN 17 PEAK WIND IN M.P.H.
PRELIMINARY LOCAL CLIMATOLOGICAL DATA (WS FORM: F-6) , PAGE 2
STATION: NEW BERN NC
MONTH: MARCH
YEAR: 2020
LATITUDE: 35 4 N
LONGITUDE: 77 3 W
[TEMPERATURE DATA] [PRECIPITATION DATA] SYMBOLS USED IN COLUMN 16
AVERAGE MONTHLY: 58.9 TOTAL FOR MONTH: 3.21 1 = FOG OR MIST
DPTR FM NORMAL: 5.4 DPTR FM NORMAL: -1.18 2 = FOG REDUCING VISIBILITY
HIGHEST: 91 ON 28 GRTST 24HR 0.84 ON 5- 5 TO 1/4 MILE OR LESS
LOWEST: 25 ON 1 3 = THUNDER
SNOW, ICE PELLETS, HAIL 4 = ICE PELLETS
TOTAL MONTH: 0.0 INCH 5 = HAIL
GRTST 24HR 0.0 6 = FREEZING RAIN OR DRIZZLE
GRTST DEPTH: 0 7 = DUSTSTORM OR SANDSTORM:
VSBY 1/2 MILE OR LESS
8 = SMOKE OR HAZE
[NO. OF DAYS WITH] [WEATHER - DAYS WITH] 9 = BLOWING SNOW
X = TORNADO
MAX 32 OR BELOW: 0 0.01 INCH OR MORE: 12
MAX 90 OR ABOVE: 1 0.10 INCH OR MORE: 8
MIN 32 OR BELOW: 4 0.50 INCH OR MORE: 3
MIN 0 OR BELOW: 0 1.00 INCH OR MORE: 0
[HDD (BASE 65) ]
TOTAL THIS MO. 235 CLEAR (SCALE 0-3) 15
DPTR FM NORMAL -134 PTCLDY (SCALE 4-7) 11
TOTAL FM JUL 1 2003 CLOUDY (SCALE 8-10) 5
DPTR FM NORMAL -512
[CDD (BASE 65) ]
TOTAL THIS MO. 52
DPTR FM NORMAL 41 [PRESSURE DATA]
TOTAL FM JAN 1 73 HIGHEST SLP M ON M
DPTR FM NORMAL 59 LOWEST SLP 29.37 ON 31
[REMARKS]
#FINAL-03-20#