616
CXUS51 KOKX 010702
CF6EWR
PRELIMINARY LOCAL CLIMATOLOGICAL DATA (WS FORM: F-6)
STATION: NEWARK NJ
MONTH: JUNE
YEAR: 2020
LATITUDE: 40 42 N
LONGITUDE: 74 10 W
TEMPERATURE IN F: :PCPN: SNOW: WIND :SUNSHINE: SKY :PK WND
================================================================================
1 2 3 4 5 6A 6B 7 8 9 10 11 12 13 14 15 16 17 18
12Z AVG MX 2MIN
DY MAX MIN AVG DEP HDD CDD WTR SNW DPTH SPD SPD DIR MIN PSBL S-S WX SPD DR
================================================================================
1 74 51 63 -5 2 0 0.00 0.0 0 10.1 21 290 M M 4 30 290
2 76 53 65 -3 0 0 0.14 0.0 0 8.8 14 240 M M 8 3 23 240
3 81 59 70 2 0 5 0.80 0.0 0 8.7 31 320 M M 7 13 39 310
4 88 65 77 8 0 12 0.13 0.0 0 6.2 18 270 M M 8 13 24 190
5 82 70 76 7 0 11 0.19 0.0 0 6.5 16 230 M M 9 13 20 250
6 91 71 81 11 0 16 T 0.0 0 10.4 25 260 M M 6 3 34 250
7 80 64 72 2 0 7 0.00 0.0 0 14.4 25 310 M M 4 35 330
8 82 58 70 0 0 5 0.00 0.0 0 7.7 16 290 M M 4 28 300
9 91 61 76 6 0 11 0.00 0.0 0 9.9 21 260 M M 3 27 240
10 86 70 78 7 0 13 0.00 0.0 0 7.7 16 110 M M 7 22 180
11 87 73 80 9 0 15 0.08 0.0 0 12.0 24 210 M M 9 13 30 230
12 88 70 79 7 0 14 0.00 0.0 0 10.4 20 260 M M 5 27 240
13 77 58 68 -4 0 3 0.00 0.0 0 12.1 23 20 M M 2 27 350
14 75 53 64 -8 1 0 0.00 0.0 0 9.2 16 20 M M 3 21 10
15 75 56 66 -6 0 1 0.00 0.0 0 8.0 18 20 M M 6 21 10
16 78 57 68 -5 0 3 0.00 0.0 0 8.4 17 60 M M 6 24 40
17 80 60 70 -3 0 5 0.00 0.0 0 8.1 17 30 M M 7 1 22 40
18 77 64 71 -2 0 6 0.01 0.0 0 5.3 10 180 M M 9 1 13 150
19 84 65 75 1 0 10 T 0.0 0 5.5 14 170 M M 8 1 19 160
20 87 67 77 3 0 12 0.00 0.0 0 5.2 17 180 M M 7 3 24 190
21 86 67 77 3 0 12 0.00 0.0 0 6.3 13 240 M M 8 19 140
22 92 69 81 7 0 16 0.00 0.0 0 7.7 15 200 M M 5 20 150
23 88 71 80 5 0 15 T 0.0 0 7.0 15 130 M M 6 20 120
24 88 75 82 7 0 17 0.00 0.0 0 11.5 23 270 M M 7 33 250
25 88 69 79 4 0 14 0.00 0.0 0 6.8 18 190 M M 7 23 170
26 89 66 78 3 0 13 0.00 0.0 0 8.3 17 260 M M 6 23 310
27 86 68 77 1 0 12 0.10 0.0 0 7.8 23 240 M M 8 1 30 220
28 93 72 83 7 0 18 T 0.0 0 6.9 33 350 M M 7 3 40 350
29 91 71 81 5 0 16 0.00 0.0 0 9.8 26 20 M M 5 3 31 20
30 82 68 75 -1 0 10 1.44 0.0 0 6.3 22 350 M M 7 138 25 360
================================================================================
SM 2522 1941 3 292 2.89 0.0 253.0 M 188
================================================================================
AV 84.1 64.7 8.4 FASTST M M 6 MAX(MPH)
MISC ----> # 33 350 # 40 350
================================================================================
NOTES:
# LAST OF SEVERAL OCCURRENCES
COLUMN 17 PEAK WIND IN M.P.H.
PRELIMINARY LOCAL CLIMATOLOGICAL DATA (WS FORM: F-6) , PAGE 2
STATION: NEWARK NJ
MONTH: JUNE
YEAR: 2020
LATITUDE: 40 42 N
LONGITUDE: 74 10 W
[TEMPERATURE DATA] [PRECIPITATION DATA] SYMBOLS USED IN COLUMN 16
AVERAGE MONTHLY: 74.4 TOTAL FOR MONTH: 2.89 1 = FOG OR MIST
DPTR FM NORMAL: 2.0 DPTR FM NORMAL: -1.13 2 = FOG REDUCING VISIBILITY
HIGHEST: 93 ON 28 GRTST 24HR 1.44 ON 30-30 TO 1/4 MILE OR LESS
LOWEST: 51 ON 1 3 = THUNDER
SNOW, ICE PELLETS, HAIL 4 = ICE PELLETS
TOTAL MONTH: 0.0 INCH 5 = HAIL
GRTST 24HR 0.0 6 = FREEZING RAIN OR DRIZZLE
GRTST DEPTH: 0 7 = DUSTSTORM OR SANDSTORM:
VSBY 1/2 MILE OR LESS
8 = SMOKE OR HAZE
[NO. OF DAYS WITH] [WEATHER - DAYS WITH] 9 = BLOWING SNOW
X = TORNADO
MAX 32 OR BELOW: 0 0.01 INCH OR MORE: 8
MAX 90 OR ABOVE: 5 0.10 INCH OR MORE: 6
MIN 32 OR BELOW: 0 0.50 INCH OR MORE: 2
MIN 0 OR BELOW: 0 1.00 INCH OR MORE: 1
[HDD (BASE 65) ]
TOTAL THIS MO. 3 CLEAR (SCALE 0-3) 1
DPTR FM NORMAL -14 PTCLDY (SCALE 4-7) 26
TOTAL FM JUL 1 4337 CLOUDY (SCALE 8-10) 3
DPTR FM NORMAL -535
[CDD (BASE 65) ]
TOTAL THIS MO. 292
DPTR FM NORMAL 53 [PRESSURE DATA]
TOTAL FM JAN 1 342 HIGHEST SLP M ON M
DPTR FM NORMAL 27 LOWEST SLP 29.62 ON 24
[REMARKS]
#FINAL-06-20#