000
CXUS51 KOKX 011805
CLSEWR
CLIMATE REPORT
NATIONAL WEATHER SERVICE NEW YORK, NY
201 PM EDT THU JUN 01 2023
...................................
...THE NEWARK NJ CLIMATE SUMMARY FOR THE SEASON, FROM
3/1/2023 TO 5/31/2023...
CLIMATE NORMAL PERIOD 1991 TO 2020
CLIMATE RECORD PERIOD 1931 TO 2023
WEATHER OBSERVED NORMAL DEPART LAST YEAR`S
VALUE DATE(S) VALUE FROM VALUE
NORMAL
..............................................................
TEMPERATURE (F)
RECORD
HIGH 99 05/20/1996
LOW 6 03/04/1943
HIGHEST 93 04/14 MM MM
LOWEST 27 03/20 MM MM
AVG. MAXIMUM 65.0 62.0 3.0
AVG. MINIMUM 45.9 44.1 1.8
MEAN 55.5 53.0 2.5
DAYS MAX >= 90 3 2.0 1.0
DAYS MAX <= 32 0 1.0 -1.0
DAYS MIN <= 32 7 13.6 -6.6
DAYS MIN <= 0 0 0.0 0.0
PRECIPITATION (INCHES)
RECORD
MAXIMUM 26.50 1983
MINIMUM 4.54 1935
TOTALS 12.28 11.97 0.31 11.97
DAILY AVG. 0.14 0.13 0.01
DAYS >= .01 28 33.8 -5.8
DAYS >= .10 16 20.5 -4.5
DAYS >= .50 7 7.8 -0.8
DAYS >= 1.00 4 2.6 1.4
GREATEST
24 HR. TOTAL 3.42
STORM TOTAL 3.05
(MM/DD(HH))
SNOWFALL (INCHES)
RECORDS
TOTAL 29.4 1956
24 HR TOTAL 12.8 04/06/1982 TO 04/06/1982
TOTALS 0.6 6.1 -5.5
LIQUID EQUIV 0.10 0.60 -0.50
SINCE 7/1 2.7 31.5 -28.8
LIQUID 7/1 0.27
DAYS >= TRACE 4 3.0 1.0
DAYS >= 1.0 0 2.0 -2.0
GREATEST
SNOW DEPTH 1 03/01
24 HR TOTAL MM
STORM TOTAL 0.4
(MM/DD(HH))
DEGREE DAYS
HEATING TOTAL 948 1184 -236
SINCE 7/1 3835 4687 -852
COOLING TOTAL 90 84 6
SINCE 1/1 90 84 6
..............................................................
WIND (MPH)
AVERAGE WIND SPEED 10.0
HIGHEST WIND SPEED/DIRECTION 40/310 DATE 04/01
HIGHEST GUST SPEED/DIRECTION 54/310 DATE 04/01
SKY COVER
POSSIBLE SUNSHINE (PERCENT) MM
AVERAGE SKY COVER 0.62
NUMBER OF DAYS FAIR 17
NUMBER OF DAYS PC 42
NUMBER OF DAYS CLOUDY 33
AVERAGE RH (PERCENT) 54
WEATHER CONDITIONS. NUMBER OF DAYS WITH
THUNDERSTORM 5 MIXED PRECIP 0
HEAVY RAIN 6 RAIN 12
LIGHT RAIN 42 FREEZING RAIN 0
LT FREEZING RAIN 0 HAIL 0
HEAVY SNOW 0 SNOW 0
LIGHT SNOW 3 SLEET 1
FOG 25 FOG W/VIS <= 1/4 MILE 2
HAZE 5
- INDICATES NEGATIVE NUMBERS.
R INDICATES RECORD WAS SET OR TIED.
MM INDICATES DATA IS MISSING.
T INDICATES TRACE AMOUNT.
$$