000
CXUS53 KIND 010600
CF6EYE
PRELIMINARY LOCAL CLIMATOLOGICAL DATA (WS FORM: F-6)
STATION: INDIANAPOLIS EAGLE CREEK IN
MONTH: SEPTEMBER
YEAR: 2021
LATITUDE: 39 49 N
LONGITUDE: 86 18 W
TEMPERATURE IN F: :PCPN: SNOW: WIND :SUNSHINE: SKY :PK WND
================================================================================
1 2 3 4 5 6A 6B 7 8 9 10 11 12 13 14 15 16 17 18
12Z AVG MX 2MIN
DY MAX MIN AVG DEP HDD CDD WTR SNW DPTH SPD SPD DIR MIN PSBL S-S WX SPD DR
================================================================================
1 82 64 73 1 0 8 0.00 M M 8.6 18 10 M M 1 25 20
2 80 59 70 -2 0 5 0.00 M M 5.1 12 90 M M 0 16 110
3 80 58 69 -3 0 4 0.00 M M 4.8 12 200 M M 1 17 200
4 71 65 68 -3 0 3 0.27 M M 4.4 12 200 M M 10 18 17 220
5 81 63 72 1 0 7 T M M 7.0 15 340 M M 4 1 19 330
6 85 58 72 1 0 7 T M M 5.7 16 310 M M 3 26 270
7 86 66 76 5 0 11 0.06 M M 8.8 18 210 M M 2 3 32 200
8 82 65 74 4 0 9 0.00 M M 8.7 17 300 M M 3 30 260
9 79 60 70 0 0 5 0.00 M M 6.6 15 310 M M 2 20 300
10 80 55 68 -2 0 3 0.00 M M 1.4 10 180 M M 1 15 190
11 84 61 73 4 0 8 0.00 M M 8.5 18 200 M M 2 29 210
12 88 70 79 10 0 14 0.00 M M 9.1 20 210 M M 0 32 200
13 88 67 78 9 0 13 0.00 M M 5.1 17 200 M M 0 26 190
14 89 69 79 11 0 14 0.50 M M 6.7 17 280 M M 2 13 27 200
15 79 62 71 3 0 6 0.00 M M 6.3 12 360 M M 4 17 350
16 82 57 70 2 0 5 0.00 M M 4.0 12 110 M M 1 16 110
17 88 64 76 9 0 11 T M M 2.2 15 290 M M 2 20 290
18 91 68 80 13 0 15 0.00 M M 1.9 15 310 M M 1 18 300
19 90 66 78 11 0 13 T M M 4.1 13 120 M M 1 21 130
20 76 70 73 7 0 8 M M M 8.6 15 140 M M 9 1 25 140
21 78 61 70 4 0 5 M M M 7.4 18 340 M M 9 1 29 320
22 61 54 58 -7 7 0 M M M 12.9 24 320 M M 10 1 38 310
23 68 49 59 -6 6 0 0.00 M M 10.0 20 300 M M 2 28 280
24 75 46 61 -4 4 0 0.00 M M 4.4 15 190 M M 0 23 200
25 71 54 63 -1 2 0 0.23 M M 6.4 18 290 M M 3 1 26 290
26 77 47 62 -2 3 0 0.00 M M 5.6 15 190 M M 0 23 210
27 86 62 74 11 0 9 T M M 7.3 16 220 M M 0 27 220
28 85 64 75 12 0 10 0.00 M M 3.0 9 60 M M 0 17 200
29 85 59 72 9 0 7 0.00 M M 2.9 8 70 M M 0 11 80
30 80 60 70 8 0 5 0.00 M M 2.1 8 110 M M 0 11 110
================================================================================
SM 2427 1823 22 205 1.06 M 179.6 M 73
================================================================================
AV 80.9 60.8 6.0 FASTST M M 2 MAX(MPH)
MISC ----> 24 320 38 310
================================================================================
NOTES:
# LAST OF SEVERAL OCCURRENCES
COLUMN 17 PEAK WIND IN M.P.H.
PRELIMINARY LOCAL CLIMATOLOGICAL DATA (WS FORM: F-6) , PAGE 2
STATION: INDIANAPOLIS EAGLE CREEK IN
MONTH: SEPTEMBER
YEAR: 2021
LATITUDE: 39 49 N
LONGITUDE: 86 18 W
[TEMPERATURE DATA] [PRECIPITATION DATA] SYMBOLS USED IN COLUMN 16
AVERAGE MONTHLY: 70.8 TOTAL FOR MONTH: 1.06 1 = FOG OR MIST
DPTR FM NORMAL: 3.2 DPTR FM NORMAL: -1.51 2 = FOG REDUCING VISIBILITY
HIGHEST: 91 ON 18 GRTST 24HR 1.06 ON 22-23 TO 1/4 MILE OR LESS
LOWEST: 46 ON 24 3 = THUNDER
SNOW, ICE PELLETS, HAIL 4 = ICE PELLETS
TOTAL MONTH: M 5 = HAIL
GRTST 24HR M ON M 6 = FREEZING RAIN OR DRIZZLE
GRTST DEPTH: M ON M 7 = DUSTSTORM OR SANDSTORM:
VSBY 1/2 MILE OR LESS
8 = SMOKE OR HAZE
[NO. OF DAYS WITH] [WEATHER - DAYS WITH] 9 = BLOWING SNOW
X = TORNADO
MAX 32 OR BELOW: 0 0.01 INCH OR MORE: 4
MAX 90 OR ABOVE: 2 0.10 INCH OR MORE: 3
MIN 32 OR BELOW: 0 0.50 INCH OR MORE: 1
MIN 0 OR BELOW: 0 1.00 INCH OR MORE: 0
[HDD (BASE 65) ]
TOTAL THIS MO. 22 CLEAR (SCALE 0-3) 24
DPTR FM NORMAL -33 PTCLDY (SCALE 4-7) 2
TOTAL FM JUL 1 22 CLOUDY (SCALE 8-10) 4
DPTR FM NORMAL -35
[CDD (BASE 65) ]
TOTAL THIS MO. 205
DPTR FM NORMAL 72 [PRESSURE DATA]
TOTAL FM JAN 1 1308 HIGHEST SLP M ON M
DPTR FM NORMAL 200 LOWEST SLP 29.71 ON 1
[REMARKS]
#FINAL-09-21#