000
CXUS53 KIND 010600
CF6EYE
PRELIMINARY LOCAL CLIMATOLOGICAL DATA (WS FORM: F-6)
STATION: INDIANAPOLIS EAGLE CREEK IN
MONTH: JULY
YEAR: 2020
LATITUDE: 39 49 N
LONGITUDE: 86 18 W
TEMPERATURE IN F: :PCPN: SNOW: WIND :SUNSHINE: SKY :PK WND
================================================================================
1 2 3 4 5 6A 6B 7 8 9 10 11 12 13 14 15 16 17 18
12Z AVG MX 2MIN
DY MAX MIN AVG DEP HDD CDD WTR SNW DPTH SPD SPD DIR MIN PSBL S-S WX SPD DR
================================================================================
1 90 69 80 5 0 15 0.00 M M 3.3 13 70 M M 3 17 70
2 89 70 80 5 0 15 0.00 M M 5.3 13 90 M M 1 21 70
3 91 70 81 5 0 16 0.00 M M 4.1 12 340 M M 2 16 340
4 90 73 82 6 0 17 0.00 M M 4.7 15 360 M M 3 38 23 350
5 92 72 82 6 0 17 0.05 M M 3.1 18 50 M M 1 138 27 50
6 93 72 83 7 0 18 0.11 M M 3.0 13 210 M M 1 138 22 210
7 92 71 82 6 0 17 T M M 1.8 13 110 M M 2 13 19 160
8 93 71 82 6 0 17 0.00 M M 2.3 16 100 M M 1 13 28 130
9 92 70 81 5 0 16 0.00 M M 3.4 10 180 M M 0 1 16 210
10 85 74 80 4 0 15 0.00 M M 10.2 22 300 M M 4 3 30 310
11 87 67 77 1 0 12 0.06 M M 6.2 30 10 M M 2 13 42 20
12 83 65 74 -2 0 9 0.22 M M 6.9 21 260 M M 3 13 34 280
13 82 62 72 -4 0 7 0.00 M M 6.7 14 330 M M 1 28 350
14 87 63 75 -1 0 10 0.00 M M 3.0 9 200 M M 0 15 340
15 88 63 76 1 0 11 0.01 0.0 0 5.6 15 130 M M 1 23 180
16 81 70 76 1 0 11 T 0.0 0 6.0 14 280 M M 7 8 25 240
17 89 65 77 2 0 12 0.00 M M 1.9 9 150 M M 1 12 14 200
18 91 71 81 6 0 16 0.00 M M 5.9 14 210 M M 2 22 240
19 88 70 79 4 0 14 0.62 M M 6.0 23 320 M M 3 13 32 310
20 84 70 77 2 0 12 0.11 M M 5.9 28 290 M M 3 3 38 300
21 87 69 78 3 0 13 0.69 M M 4.1 25 290 M M 4 13 36 290
22 85 69 77 2 0 12 0.31 M M 4.9 14 300 M M 7 13 22 240
23 85 72 79 4 0 14 0.00 M M 6.0 14 280 M M 4 13 22 280
24 84 67 76 1 0 11 0.00 M M 4.7 10 330 M M 1 14 350
25 87 65 76 1 0 11 0.00 M M 3.3 9 330 M M 0 12 310
26 91 68 80 5 0 15 0.00 M M 3.7 12 210 M M 1 20 270
27 90 73 82 7 0 17 0.01 M M 6.1 37 280 M M 3 1238 52 280
28 85 69 77 2 0 12 0.00 M M 4.8 10 280 M M 3 12 16 280
29 88 65 77 2 0 12 0.00 M M 1.9 9 280 M M 0 13 190
30 76 67 72 -3 0 7 0.84 M M 4.4 12 90 M M 5 1 18 130
31 82 67 75 0 0 10 0.02 M M 7.0 15 60 M M 5 21 60
================================================================================
SM 2707 2129 0 411 3.05 0.0 146.2 M 74
================================================================================
AV 87.3 68.7 4.7 FASTST M M 2 MAX(MPH)
MISC ----> 37 280 52 280
================================================================================
NOTES:
# LAST OF SEVERAL OCCURRENCES
COLUMN 17 PEAK WIND IN M.P.H.
PRELIMINARY LOCAL CLIMATOLOGICAL DATA (WS FORM: F-6) , PAGE 2
STATION: INDIANAPOLIS EAGLE CREEK IN
MONTH: JULY
YEAR: 2020
LATITUDE: 39 49 N
LONGITUDE: 86 18 W
[TEMPERATURE DATA] [PRECIPITATION DATA] SYMBOLS USED IN COLUMN 16
AVERAGE MONTHLY: 78.0 TOTAL FOR MONTH: 3.05 1 = FOG OR MIST
DPTR FM NORMAL: 2.8 DPTR FM NORMAL: -1.21 2 = FOG REDUCING VISIBILITY
HIGHEST: 93 ON 8, 6 GRTST 24HR 1.00 ON 21-22 TO 1/4 MILE OR LESS
LOWEST: 62 ON 13 3 = THUNDER
SNOW, ICE PELLETS, HAIL 4 = ICE PELLETS
TOTAL MONTH: 0.0 INCH 5 = HAIL
GRTST 24HR 0.0 6 = FREEZING RAIN OR DRIZZLE
GRTST DEPTH: 0 7 = DUSTSTORM OR SANDSTORM:
VSBY 1/2 MILE OR LESS
8 = SMOKE OR HAZE
[NO. OF DAYS WITH] [WEATHER - DAYS WITH] 9 = BLOWING SNOW
X = TORNADO
MAX 32 OR BELOW: 0 0.01 INCH OR MORE: 12
MAX 90 OR ABOVE: 11 0.10 INCH OR MORE: 7
MIN 32 OR BELOW: 0 0.50 INCH OR MORE: 3
MIN 0 OR BELOW: 0 1.00 INCH OR MORE: 0
[HDD (BASE 65) ]
TOTAL THIS MO. 0 CLEAR (SCALE 0-3) 24
DPTR FM NORMAL -1 PTCLDY (SCALE 4-7) 7
TOTAL FM JUL 1 0 CLOUDY (SCALE 8-10) 0
DPTR FM NORMAL 0
[CDD (BASE 65) ]
TOTAL THIS MO. 411
DPTR FM NORMAL 93 [PRESSURE DATA]
TOTAL FM JAN 1 763 HIGHEST SLP M ON M
DPTR FM NORMAL 127 LOWEST SLP 29.73 ON 12
[REMARKS]
#FINAL-07-20#