000
CXUS53 KFGF 010915
CF6FAR
PRELIMINARY LOCAL CLIMATOLOGICAL DATA (WS FORM: F-6)
STATION: FARGO HECTOR INTL AP ND
MONTH: JANUARY
YEAR: 2024
LATITUDE: 46 54 N
LONGITUDE: 96 48 W
TEMPERATURE IN F: :PCPN: SNOW: WIND :SUNSHINE: SKY :PK WND
================================================================================
1 2 3 4 5 6A 6B 7 8 9 10 11 12 13 14 15 16 17 18
12Z AVG MX 2MIN
DY MAX MIN AVG DEP HDD CDD WTR SNW DPTH SPD SPD DIR MIN PSBL S-S WX SPD DR
================================================================================
1 35 19 27 16 38 0 0.00 0.0 T 13.8 23 190 M M 5 18 30 190
2 37 24 31 21 34 0 0.00 0.0 0 9.7 15 330 M M 6 20 320
3 30 18 24 14 41 0 T T 0 13.1 22 360 M M 10 27 350
4 27 17 22 12 43 0 T T T 8.9 17 170 M M 10 23 180
5 34 27 31 21 34 0 0.06 0.3 T 9.1 13 150 M M 10 1 20 160
6 34 7 21 11 44 0 0.02 0.2 T 12.9 23 340 M M 7 16 29 340
7 10 5 8 -2 57 0 0.00 0.0 1 9.3 14 360 M M 6 8 17 360
8 17 6 12 3 53 0 T T 1 7.1 15 330 M M 6 8 17 330
9 15 4 10 1 55 0 0.00 0.0 1 3.5 8 130 M M 1 8 10 130
10 24 8 16 7 49 0 0.01 0.2 1 12.2 23 290 M M 9 18 28 280
11 9 -2 4 -5 61 0 T T 1 13.8 23 280 M M 7 8 28 300
12 3 -4 0 -9 65 0 T T 1 17.7 29 340 M M 8 8 35 340
13 1 -7 -3 -12 68 0 0.05 0.5 1 21.3 28 300 M M 10 8 37 300
14 -4 -14 -9 -18 74 0 0.00 0.0 1 13.2 20 300 M M 3 8 26 290
15 1 -12 -5 -14 70 0 T T 1 16.3 29 290 M M 4 8 36 290
16 10 -2 4 -5 61 0 0.00 0.0 1 17.1 26 270 M M 1 33 260
17 9 -3 3 -6 62 0 0.00 0.0 1 8.7 15 320 M M 5 8 20 300
18 6 -3 2 -7 63 0 T T 1 10.6 17 340 M M 4 22 340
19 5 -7 -1 -10 66 0 0.01 0.2 1 8.6 20 340 M M 3 26 340
20 10 -7 2 -7 63 0 0.00 0.0 1 12.7 30 160 M M 4 47 140
21 25 8 17 8 48 0 0.00 0.0 1 16.1 28 160 M M 5 39 170
22 26 20 23 14 42 0 T T 1 8.6 16 10 M M 10 8 20 10
23 33 20 27 18 38 0 T T 1 9.4 24 170 M M 10 18 32 170
24 34 31 33 24 32 0 T 0.0 1 11.6 24 180 M M 10 1 30 170
25 33 31 32 23 33 0 0.00 0.0 1 4.1 8 210 M M 10 1 M M
26 32 29 31 22 34 0 T 0.0 1 9.2 16 180 M M 10 16 19 170
27 39 19 29 20 36 0 0.00 0.0 1 4.6 10 180 M M 2 18 12 180
28 44 24 34 25 31 0 0.00 0.0 T 9.0 13 210 M M 0 M M
29 46 30 38 29 27 0 0.00 0.0 T 9.7 17 320 M M 1 22 330
30 41 32 37 28 28 0 0.00 0.0 0 9.6 18 170 M M 7 18 24 170
31 52 30 41 31 24 0 0.00 0.0 0 4.2 14 180 M M 1 12 18 180
================================================================================
SM 718 348 1474 0 0.15 1.4 335.7 M 185
================================================================================
AV 23.2 11.2 10.8 FASTST M M 6 MAX(MPH)
MISC ----> 30 160 47 140
================================================================================
NOTES:
# LAST OF SEVERAL OCCURRENCES
COLUMN 17 PEAK WIND IN M.P.H.
PRELIMINARY LOCAL CLIMATOLOGICAL DATA (WS FORM: F-6) , PAGE 2
STATION: FARGO HECTOR INTL AP ND
MONTH: JANUARY
YEAR: 2024
LATITUDE: 46 54 N
LONGITUDE: 96 48 W
[TEMPERATURE DATA] [PRECIPITATION DATA] SYMBOLS USED IN COLUMN 16
AVERAGE MONTHLY: 17.2 TOTAL FOR MONTH: 0.15 1 = FOG OR MIST
DPTR FM NORMAL: 8.0 DPTR FM NORMAL: -0.56 2 = FOG REDUCING VISIBILITY
HIGHEST: 52 ON 31 GRTST 24HR 0.21 ON 5- 6 TO 1/4 MILE OR LESS
LOWEST: -14 ON 14 3 = THUNDER
SNOW, ICE PELLETS, HAIL 4 = ICE PELLETS
TOTAL MONTH: 1.4 INCHES 5 = HAIL
GRTST 24HR 0.5 ON 13-13 6 = FREEZING RAIN OR DRIZZLE
GRTST DEPTH: 1 ON 27,26 7 = DUSTSTORM OR SANDSTORM:
VSBY 1/2 MILE OR LESS
8 = SMOKE OR HAZE
[NO. OF DAYS WITH] [WEATHER - DAYS WITH] 9 = BLOWING SNOW
X = TORNADO
MAX 32 OR BELOW: 19 0.01 INCH OR MORE: 5
MAX 90 OR ABOVE: 0 0.10 INCH OR MORE: 0
MIN 32 OR BELOW: 31 0.50 INCH OR MORE: 0
MIN 0 OR BELOW: 10 1.00 INCH OR MORE: 0
[HDD (BASE 65) ]
TOTAL THIS MO. 1474 CLEAR (SCALE 0-3) 8
DPTR FM NORMAL -256 PTCLDY (SCALE 4-7) 13
TOTAL FM JUL 1 4009 CLOUDY (SCALE 8-10) 10
DPTR FM NORMAL -1166
[CDD (BASE 65) ]
TOTAL THIS MO. 0
DPTR FM NORMAL 0 [PRESSURE DATA]
TOTAL FM JAN 1 0 HIGHEST SLP 30.70 ON 19
DPTR FM NORMAL 0 LOWEST SLP 29.41 ON 10
[REMARKS]
#FINAL-01-24#