000
CXUS53 KFGF 010915
CF6FAR
PRELIMINARY LOCAL CLIMATOLOGICAL DATA (WS FORM: F-6)
STATION: FARGO HECTOR INTL AP ND
MONTH: DECEMBER
YEAR: 2023
LATITUDE: 46 54 N
LONGITUDE: 96 48 W
TEMPERATURE IN F: :PCPN: SNOW: WIND :SUNSHINE: SKY :PK WND
================================================================================
1 2 3 4 5 6A 6B 7 8 9 10 11 12 13 14 15 16 17 18
12Z AVG MX 2MIN
DY MAX MIN AVG DEP HDD CDD WTR SNW DPTH SPD SPD DIR MIN PSBL S-S WX SPD DR
================================================================================
1 38 16 27 5 38 0 0.00 0.0 0 6.3 12 170 M M 3 17 160
2 41 26 34 13 31 0 0.00 0.0 0 13.5 22 170 M M 4 30 170
3 37 25 31 10 34 0 0.00 0.0 0 11.1 18 180 M M 5 12 26 150
4 36 21 29 9 36 0 0.00 0.0 0 7.2 15 350 M M 7 18 20 10
5 30 25 28 8 37 0 0.00 0.0 0 6.9 13 360 M M 7 18 M M
6 53 29 41 21 24 0 0.00 0.0 0 9.7 20 170 M M 2 29 160
7 62 27 45 26 20 0 0.00 0.0 0 11.9 25 150 M M 0 42 150
8 44 35 40 21 25 0 T T 0 14.0 24 260 M M 8 1 32 260
9 35 25 30 12 35 0 0.09 1.1 1 27.4 46 350 M M 10 128 61 350
10 26 20 23 5 42 0 T T 1 6.3 14 290 M M 10 18 18 140
11 32 22 27 10 38 0 0.00 0.0 1 14.9 24 290 M M 7 1 32 280
12 30 10 20 3 45 0 0.00 0.0 1 11.2 20 290 M M 3 24 290
13 38 16 27 10 38 0 0.00 0.0 1 9.5 15 190 M M 0 20 180
14 49 30 40 24 25 0 0.00 0.0 T 13.3 20 190 M M 0 27 190
15 42 36 39 23 26 0 0.03 0.2 T 8.1 16 30 M M 10 1 22 40
16 35 30 33 18 32 0 0.05 0.5 1 9.2 22 190 M M 10 12 27 210
17 39 22 31 16 34 0 T T 1 13.8 36 330 M M 3 49 330
18 24 8 16 1 49 0 0.00 0.0 T 10.4 29 340 M M 1 36 350
19 33 21 27 13 38 0 0.00 0.0 T 7.5 18 160 M M 1 25 160
20 41 29 35 21 30 0 0.00 0.0 0 10.3 21 140 M M 4 30 130
21 41 34 38 24 27 0 0.00 0.0 0 12.9 22 170 M M 1 30 170
22 39 34 37 24 28 0 0.00 0.0 0 8.5 14 160 M M 9 128 20 160
23 45 36 41 28 24 0 0.44 0.0 0 11.8 22 150 M M 8 18 30 150
24 46 29 38 25 27 0 0.51 0.6 0 18.8 32 350 M M 10 1 43 350
25 35 24 30 18 35 0 0.78 0.0 1 22.5 30 10 M M 10 16 39 20
26 36 35 36 24 29 0 1.03 0.0 T 13.8 22 30 M M 10 1 32 20
27 35 33 34 22 31 0 0.07 0.4 T 8.8 15 340 M M 10 12 M M
28 35 22 29 17 36 0 0.00 0.0 T 3.8 9 330 M M 8 128 M M
29 40 20 30 19 35 0 0.00 0.0 0 7.2 15 310 M M 0 18 19 310
30 30 24 27 16 38 0 T T 0 19.0 30 330 M M 9 168 37 340
31 24 19 22 11 43 0 T T T 9.9 21 350 M M 10 1 26 350
================================================================================
SM 1171 783 1030 0 3.00 2.8 359.5 M 180
================================================================================
AV 37.8 25.3 11.6 FASTST M M 6 MAX(MPH)
MISC ----> 46 350 61 350
================================================================================
NOTES:
# LAST OF SEVERAL OCCURRENCES
COLUMN 17 PEAK WIND IN M.P.H.
PRELIMINARY LOCAL CLIMATOLOGICAL DATA (WS FORM: F-6) , PAGE 2
STATION: FARGO HECTOR INTL AP ND
MONTH: DECEMBER
YEAR: 2023
LATITUDE: 46 54 N
LONGITUDE: 96 48 W
[TEMPERATURE DATA] [PRECIPITATION DATA] SYMBOLS USED IN COLUMN 16
AVERAGE MONTHLY: 31.5 TOTAL FOR MONTH: 3.00 1 = FOG OR MIST
DPTR FM NORMAL: 15.8 DPTR FM NORMAL: 2.11 2 = FOG REDUCING VISIBILITY
HIGHEST: 62 ON 7 GRTST 24HR 1.22 ON 25-26 TO 1/4 MILE OR LESS
LOWEST: 8 ON 18 3 = THUNDER
SNOW, ICE PELLETS, HAIL 4 = ICE PELLETS
TOTAL MONTH: 2.8 INCHES 5 = HAIL
GRTST 24HR 1.1 ON 9- 9 6 = FREEZING RAIN OR DRIZZLE
GRTST DEPTH: 1 ON 25,17 7 = DUSTSTORM OR SANDSTORM:
VSBY 1/2 MILE OR LESS
8 = SMOKE OR HAZE
[NO. OF DAYS WITH] [WEATHER - DAYS WITH] 9 = BLOWING SNOW
X = TORNADO
MAX 32 OR BELOW: 7 0.01 INCH OR MORE: 8
MAX 90 OR ABOVE: 0 0.10 INCH OR MORE: 4
MIN 32 OR BELOW: 24 0.50 INCH OR MORE: 3
MIN 0 OR BELOW: 0 1.00 INCH OR MORE: 1
[HDD (BASE 65) ]
TOTAL THIS MO. 1030 CLEAR (SCALE 0-3) 10
DPTR FM NORMAL -497 PTCLDY (SCALE 4-7) 9
TOTAL FM JUL 1 2535 CLOUDY (SCALE 8-10) 12
DPTR FM NORMAL -913
[CDD (BASE 65) ]
TOTAL THIS MO. 0
DPTR FM NORMAL 0 [PRESSURE DATA]
TOTAL FM JAN 1 997 HIGHEST SLP 30.52 ON 13
DPTR FM NORMAL 455 LOWEST SLP 29.20 ON 8
[REMARKS]
#FINAL-12-23#