000
CXUS53 KLMK 010800
CF6FFT
PRELIMINARY LOCAL CLIMATOLOGICAL DATA (WS FORM: F-6)
STATION: FRANKFORT KY
MONTH: JUNE
YEAR: 2020
LATITUDE: 38 10 N
LONGITUDE: 84 54 W
TEMPERATURE IN F: :PCPN: SNOW: WIND :SUNSHINE: SKY :PK WND
================================================================================
1 2 3 4 5 6A 6B 7 8 9 10 11 12 13 14 15 16 17 18
12Z AVG MX 2MIN
DY MAX MIN AVG DEP HDD CDD WTR SNW DPTH SPD SPD DIR MIN PSBL S-S WX SPD DR
================================================================================
1 79 44 62 -7 3 0 0.00 M M 2.6 10 110 M M 0 17 90
2 88 57 73 4 0 8 0.00 M M 7.6 17 230 M M 0 24 230
3 88 64 76 7 0 11 0.00 M M 7.5 20 220 M M 0 27 230
4 86 69 78 8 0 13 0.68 M M 7.6 29 190 M M 3 13 39 180
5 88 69 79 9 0 14 T M M 2.3 10 300 M M 6 1 15 310
6 92 66 79 9 0 14 0.00 M M 2.7 12 230 M M 2 1 16 230
7 86 66 76 6 0 11 0.00 M M 6.2 14 100 M M 0 23 50
8 89 60 75 4 0 10 0.00 M M 7.0 14 80 M M 0 19 70
9 87 71 79 8 0 14 0.01 M M 10.2 24 190 M M 3 36 220
10 92 71 82 11 0 17 0.55 M M 12.9 25 180 M M 4 3 40 240
11 82 59 71 -1 0 6 0.00 M M 5.0 15 290 M M 2 24 300
12 87 55 71 -1 0 6 0.00 M M 3.5 15 330 M M 1 23 330
13 85 53 69 -3 0 4 0.00 M M 5.0 14 50 M M 1 21 60
14 78 56 67 -5 0 2 T M M 5.4 13 50 M M 3 19 40
15 79 52 66 -7 0 1 0.00 M M 5.4 16 80 M M 2 21 90
16 81 59 70 -3 0 5 0.00 M M 6.7 17 90 M M 1 22 100
17 83 57 70 -3 0 5 0.00 M M 4.4 15 100 M M 2 23 30
18 84 58 71 -2 0 6 0.35 M M 2.6 18 80 M M 4 13 27 60
19 87 63 75 1 0 10 0.02 M M 3.5 16 220 M M 4 13 21 220
20 90 63 77 3 0 12 0.00 M M 3.6 10 220 M M 1 15 230
21 89 66 78 4 0 13 1.08 M M 3.2 28 220 M M 4 138 38 220
22 87 68 78 4 0 13 0.01 M M 7.1 16 180 M M 6 138 24 200
23 81 63 72 -2 0 7 0.45 M M 8.4 22 230 M M 6 138 35 230
24 83 61 72 -3 0 7 0.00 M M 4.4 10 280 M M 3 17 320
25 85 57 71 -4 0 6 0.00 M M 3.8 13 220 M M 1 18 220
26 88 61 75 0 0 10 0.00 M M 7.8 18 200 M M 3 25 200
27 82 68 75 0 0 10 0.09 M M 9.9 20 230 M M 6 138 27 240
28 81 68 75 0 0 10 0.13 M M 6.1 13 220 M M 7 1 18 220
29 89 71 80 4 0 15 0.50 M M 4.8 17 230 M M 7 13 27 240
30 86 68 77 1 0 12 0.01 M M 3.7 12 320 M M 3 19 300
================================================================================
SM 2562 1863 3 272 3.88 M 170.9 M 85
================================================================================
AV 85.4 62.1 5.7 FASTST M M 3 MAX(MPH)
MISC ----> # 29 190 # 40 240
================================================================================
NOTES:
# LAST OF SEVERAL OCCURRENCES
COLUMN 17 PEAK WIND IN M.P.H.
PRELIMINARY LOCAL CLIMATOLOGICAL DATA (WS FORM: F-6) , PAGE 2
STATION: FRANKFORT KY
MONTH: JUNE
YEAR: 2020
LATITUDE: 38 10 N
LONGITUDE: 84 54 W
[TEMPERATURE DATA] [PRECIPITATION DATA] SYMBOLS USED IN COLUMN 16
AVERAGE MONTHLY: 73.8 TOTAL FOR MONTH: 3.88 1 = FOG OR MIST
DPTR FM NORMAL: 1.2 DPTR FM NORMAL: -0.21 2 = FOG REDUCING VISIBILITY
HIGHEST: 92 ON 10, 6 GRTST 24HR 1.08 ON 21-21 TO 1/4 MILE OR LESS
LOWEST: 44 ON 1 3 = THUNDER
SNOW, ICE PELLETS, HAIL 4 = ICE PELLETS
TOTAL MONTH: M 5 = HAIL
GRTST 24HR M ON M 6 = FREEZING RAIN OR DRIZZLE
GRTST DEPTH: M ON M 7 = DUSTSTORM OR SANDSTORM:
VSBY 1/2 MILE OR LESS
8 = SMOKE OR HAZE
[NO. OF DAYS WITH] [WEATHER - DAYS WITH] 9 = BLOWING SNOW
X = TORNADO
MAX 32 OR BELOW: 0 0.01 INCH OR MORE: 12
MAX 90 OR ABOVE: 3 0.10 INCH OR MORE: 7
MIN 32 OR BELOW: 0 0.50 INCH OR MORE: 4
MIN 0 OR BELOW: 0 1.00 INCH OR MORE: 1
[HDD (BASE 65) ]
TOTAL THIS MO. 3 CLEAR (SCALE 0-3) 17
DPTR FM NORMAL -7 PTCLDY (SCALE 4-7) 13
TOTAL FM JUL 1 4156 CLOUDY (SCALE 8-10) 0
DPTR FM NORMAL -544
[CDD (BASE 65) ]
TOTAL THIS MO. 272
DPTR FM NORMAL 36 [PRESSURE DATA]
TOTAL FM JAN 1 401 HIGHEST SLP 30.32 ON 1
DPTR FM NORMAL 66 LOWEST SLP 29.64 ON 10
[REMARKS]
#FINAL-06-20#