000
CDUS43 KLMK 212034
CLIFFT


CLIMATE REPORT
NATIONAL WEATHER SERVICE LOUISVILLE KY
433 PM EDT SAT APR 21 2018


...................................

...THE FRANKFORT KY CLIMATE SUMMARY FOR APRIL 21 2018...
VALID TODAY AS OF 0400 PM LOCAL TIME.

CLIMATE NORMAL PERIOD 1981 TO 2010
CLIMATE RECORD PERIOD 1895 TO 2018


WEATHER ITEM   OBSERVED TIME   RECORD YEAR NORMAL DEPARTURE LAST
                VALUE   (LST)  VALUE       VALUE  FROM      YEAR
                                                  NORMAL
..................................................................
TEMPERATURE (F)
 TODAY
  MAXIMUM         68    309 PM  89    1976  69     -1       70
  MINIMUM         39    616 AM  28    1988  45     -6       53
  AVERAGE         54                        57     -3       62

PRECIPITATION (IN)
  TODAY            0.00          1.90 1920   0.13  -0.13     0.18
  MONTH TO DATE    2.95                      2.42   0.53     2.38
  SINCE MAR 1      7.68                      6.80   0.88     7.47
  SINCE JAN 1     18.45                     13.35   5.10    13.57

SNOWFALL (IN)
  TODAY           MM            MM      MM  MM     MM       MM
  MONTH TO DATE   MM                        MM     MM       MM
  SINCE MAR 1     MM                        MM     MM       MM
  SINCE JUL 1     MM                        MM     MM       MM
  SNOW DEPTH      MM

DEGREE DAYS
 HEATING
  TODAY           11                         9      2        3
  MONTH TO DATE  347                       249     98      100
  SINCE MAR 1   1025                       874    151      633
  SINCE JUL 1   4403                      4513   -110     3403

 COOLING
  TODAY            0                         1     -1        0
  MONTH TO DATE   13                        13      0       43
  SINCE MAR 1     13                        15     -2       49
  SINCE JAN 1     20                        15      5       52
..................................................................


WIND (MPH)
  HIGHEST WIND SPEED    16   HIGHEST WIND DIRECTION     E (100)
  HIGHEST GUST SPEED    20   HIGHEST GUST DIRECTION     E (90)
  AVERAGE WIND SPEED     7.6


SKY COVER
  POSSIBLE SUNSHINE  MM
  AVERAGE SKY COVER 0.0


WEATHER CONDITIONS
 THE FOLLOWING WEATHER WAS RECORDED TODAY.
  NO SIGNIFICANT WEATHER WAS OBSERVED.


RELATIVE HUMIDITY (PERCENT)
 HIGHEST    54           600 AM
 LOWEST     24           300 PM
 AVERAGE    39

..........................................................


THE FRANKFORT KY CLIMATE NORMALS FOR TOMORROW
                         NORMAL    RECORD    YEAR
 MAXIMUM TEMPERATURE (F)   69        93      1914
 MINIMUM TEMPERATURE (F)   45        29      1986


SUNRISE AND SUNSET
APRIL 21 2018.........SUNRISE   656 AM EDT   SUNSET   821 PM EDT
APRIL 22 2018.........SUNRISE   654 AM EDT   SUNSET   822 PM EDT


-  INDICATES NEGATIVE NUMBERS.
R  INDICATES RECORD WAS SET OR TIED.
MM INDICATES DATA IS MISSING.
T  INDICATES TRACE AMOUNT.




$$
