709
CDUS43 KLMK 180629
CLIFFT


CLIMATE REPORT
NATIONAL WEATHER SERVICE LOUISVILLE KY
228 AM EDT FRI MAY 18 2018


...................................

...THE FRANKFORT KY CLIMATE SUMMARY FOR MAY 17 2018...

CLIMATE NORMAL PERIOD 1981 TO 2010
CLIMATE RECORD PERIOD 1895 TO 2018


WEATHER ITEM   OBSERVED TIME   RECORD YEAR NORMAL DEPARTURE LAST
                VALUE   (LST)  VALUE       VALUE  FROM      YEAR
                                                  NORMAL
..................................................................
TEMPERATURE (F)
 YESTERDAY
  MAXIMUM         81    218 PM  91    1931  76      5       85
  MINIMUM         63    604 AM  33    1997  53     10       65
  AVERAGE         72                        64      8       75

PRECIPITATION (IN)
  YESTERDAY        0.00          1.95 1990   0.15  -0.15     0.00
  MONTH TO DATE    2.91                      2.74   0.17     3.10
  SINCE MAR 1     11.87                     10.81   1.06    11.53
  SINCE JAN 1     22.64                     17.36   5.28    17.63

SNOWFALL (IN)
  YESTERDAY       MM            MM      MM  MM     MM       MM
  MONTH TO DATE   MM                        MM     MM       MM
  SINCE MAR 1     MM                        MM     MM       MM
  SINCE JUL 1     MM                        MM     MM       MM
  SNOW DEPTH      MM

DEGREE DAYS
 HEATING
  YESTERDAY        0                         4     -4        0
  MONTH TO DATE    9                        80    -71       84
  SINCE MAR 1   1115                      1019     96      753
  SINCE JUL 1   4493                      4658   -165     3523

 COOLING
  YESTERDAY        7                         3      4       10
  MONTH TO DATE  115                        28     87       39
  SINCE MAR 1    128                        48     80      112
  SINCE JAN 1    135                        48     87      115
..................................................................


WIND (MPH)
  HIGHEST WIND SPEED    15   HIGHEST WIND DIRECTION     E (70)
  HIGHEST GUST SPEED    22   HIGHEST GUST DIRECTION     E (70)
  AVERAGE WIND SPEED     5.9


SKY COVER
  POSSIBLE SUNSHINE  MM
  AVERAGE SKY COVER 0.6


WEATHER CONDITIONS
 THE FOLLOWING WEATHER WAS RECORDED YESTERDAY.
  THUNDERSTORM
  FOG
  FOG W/VISIBILITY <= 1/4 MILE
  HAZE


RELATIVE HUMIDITY (PERCENT)
 HIGHEST    93           300 AM
 LOWEST     62           100 PM
 AVERAGE    78

..........................................................


THE FRANKFORT KY CLIMATE NORMALS FOR TODAY
                         NORMAL    RECORD    YEAR
 MAXIMUM TEMPERATURE (F)   76        92      1962
 MINIMUM TEMPERATURE (F)   53        35      1973


SUNRISE AND SUNSET
MAY 18 2018...........SUNRISE   626 AM EDT   SUNSET   846 PM EDT
MAY 19 2018...........SUNRISE   626 AM EDT   SUNSET   847 PM EDT


-  INDICATES NEGATIVE NUMBERS.
R  INDICATES RECORD WAS SET OR TIED.
MM INDICATES DATA IS MISSING.
T  INDICATES TRACE AMOUNT.




$$
