000
CDUS43 KLMK 200628
CLIFFT


CLIMATE REPORT
NATIONAL WEATHER SERVICE LOUISVILLE KY
227 AM EDT FRI APR 20 2018


...................................

...THE FRANKFORT KY CLIMATE SUMMARY FOR APRIL 19 2018...

CLIMATE NORMAL PERIOD 1981 TO 2010
CLIMATE RECORD PERIOD 1895 TO 2018


WEATHER ITEM   OBSERVED TIME   RECORD YEAR NORMAL DEPARTURE LAST
                VALUE   (LST)  VALUE       VALUE  FROM      YEAR
                                                  NORMAL
..................................................................
TEMPERATURE (F)
 YESTERDAY
  MAXIMUM         53    504 PM  92    1914  68    -15       82
  MINIMUM         36   1159 PM  24    1983  45     -9       60
  AVERAGE         45                        56    -11       71

PRECIPITATION (IN)
  YESTERDAY        0.00          1.43 1969   0.13  -0.13     0.00
  MONTH TO DATE    2.95                      2.16   0.79     2.10
  SINCE MAR 1      7.68                      6.54   1.14     7.19
  SINCE JAN 1     18.45                     13.09   5.36    13.29

SNOWFALL (IN)
  YESTERDAY       MM            MM      MM  MM     MM       MM
  MONTH TO DATE   MM                        MM     MM       MM
  SINCE MAR 1     MM                        MM     MM       MM
  SINCE JUL 1     MM                        MM     MM       MM
  SNOW DEPTH      MM

DEGREE DAYS
 HEATING
  YESTERDAY       20                         9     11        0
  MONTH TO DATE  319                       231     88       97
  SINCE MAR 1    997                       856    141      630
  SINCE JUL 1   4375                      4495   -120     3400

 COOLING
  YESTERDAY        0                         1     -1        6
  MONTH TO DATE   13                        11      2       33
  SINCE MAR 1     13                        13      0       39
  SINCE JAN 1     20                        13      7       42
..................................................................


WIND (MPH)
  HIGHEST WIND SPEED    20   HIGHEST WIND DIRECTION     W (270)
  HIGHEST GUST SPEED    33   HIGHEST GUST DIRECTION    NW (300)
  AVERAGE WIND SPEED     8.6


SKY COVER
  POSSIBLE SUNSHINE  MM
  AVERAGE SKY COVER 0.7


WEATHER CONDITIONS
 THE FOLLOWING WEATHER WAS RECORDED YESTERDAY.
  NO SIGNIFICANT WEATHER WAS OBSERVED.


RELATIVE HUMIDITY (PERCENT)
 HIGHEST    76          1100 PM
 LOWEST     38           700 PM
 AVERAGE    57

..........................................................


THE FRANKFORT KY CLIMATE NORMALS FOR TODAY
                         NORMAL    RECORD    YEAR
 MAXIMUM TEMPERATURE (F)   69        89      1915
 MINIMUM TEMPERATURE (F)   45        26      1983
                                             1926


SUNRISE AND SUNSET
APRIL 20 2018.........SUNRISE   657 AM EDT   SUNSET   821 PM EDT
APRIL 21 2018.........SUNRISE   656 AM EDT   SUNSET   821 PM EDT


-  INDICATES NEGATIVE NUMBERS.
R  INDICATES RECORD WAS SET OR TIED.
MM INDICATES DATA IS MISSING.
T  INDICATES TRACE AMOUNT.

$$

SCHOETTMER
