000
CDUS43 KLMK 160627
CLIFFT


CLIMATE REPORT
NATIONAL WEATHER SERVICE LOUISVILLE KY
226 AM EDT MON APR 16 2018


...................................

...THE FRANKFORT KY CLIMATE SUMMARY FOR APRIL 15 2018...

CLIMATE NORMAL PERIOD 1981 TO 2010
CLIMATE RECORD PERIOD 1895 TO 2018


WEATHER ITEM   OBSERVED TIME   RECORD YEAR NORMAL DEPARTURE LAST
                VALUE   (LST)  VALUE       VALUE  FROM      YEAR
                                                  NORMAL
..................................................................
TEMPERATURE (F)
 YESTERDAY
  MAXIMUM         63    739 AM  87    1936  67     -4       83
  MINIMUM         43   1159 PM  25    1907  43      0       62
  AVERAGE         53                        55     -2       73

PRECIPITATION (IN)
  YESTERDAY        0.81          1.18 1969   0.11   0.70     0.00
  MONTH TO DATE    2.48                      1.68   0.80     0.92
  SINCE MAR 1      7.21                      6.06   1.15     6.01
  SINCE JAN 1     17.98                     12.61   5.37    12.11

SNOWFALL (IN)
  YESTERDAY       MM            MM      MM  MM     MM       MM
  MONTH TO DATE   MM                        MM     MM       MM
  SINCE MAR 1     MM                        MM     MM       MM
  SINCE JUL 1     MM                        MM     MM       MM
  SNOW DEPTH      MM

DEGREE DAYS
 HEATING
  YESTERDAY       12                        11      1        0
  MONTH TO DATE  245                       192     53       97
  SINCE MAR 1    923                       817    106      630
  SINCE JUL 1   4301                      4456   -155     3400

 COOLING
  YESTERDAY        0                         1     -1        8
  MONTH TO DATE   13                         7      6       16
  SINCE MAR 1     13                         9      4       22
  SINCE JAN 1     20                         9     11       25
..................................................................


WIND (MPH)
  HIGHEST WIND SPEED    20   HIGHEST WIND DIRECTION    SW (230)
  HIGHEST GUST SPEED    29   HIGHEST GUST DIRECTION     W (280)
  AVERAGE WIND SPEED     8.8


SKY COVER
  POSSIBLE SUNSHINE  MM
  AVERAGE SKY COVER 1.0


WEATHER CONDITIONS
 THE FOLLOWING WEATHER WAS RECORDED YESTERDAY.
  HEAVY RAIN
  RAIN
  LIGHT RAIN
  FOG
  HAZE


RELATIVE HUMIDITY (PERCENT)
 HIGHEST    90          1200 AM
 LOWEST     71           500 PM
 AVERAGE    81

..........................................................


THE FRANKFORT KY CLIMATE NORMALS FOR TODAY
                         NORMAL    RECORD    YEAR
 MAXIMUM TEMPERATURE (F)   67        87      1896
 MINIMUM TEMPERATURE (F)   44        24      2014


SUNRISE AND SUNSET
APRIL 16 2018.........SUNRISE   703 AM EDT   SUNSET   817 PM EDT
APRIL 17 2018.........SUNRISE   701 AM EDT   SUNSET   818 PM EDT


-  INDICATES NEGATIVE NUMBERS.
R  INDICATES RECORD WAS SET OR TIED.
MM INDICATES DATA IS MISSING.
T  INDICATES TRACE AMOUNT.




$$
