000
CDUS43 KLMK 120627
CLIFFT


CLIMATE REPORT
NATIONAL WEATHER SERVICE LOUISVILLE KY
227 AM EDT SAT MAY 12 2018


...................................

...THE FRANKFORT KY CLIMATE SUMMARY FOR MAY 11 2018...

CLIMATE NORMAL PERIOD 1981 TO 2010
CLIMATE RECORD PERIOD 1895 TO 2018


WEATHER ITEM   OBSERVED TIME   RECORD YEAR NORMAL DEPARTURE LAST
                VALUE   (LST)  VALUE       VALUE  FROM      YEAR
                                                  NORMAL
..................................................................
TEMPERATURE (F)
 YESTERDAY
  MAXIMUM         86    443 PM  93    1896  74     12       76
  MINIMUM         60    451 AM  32    1954  51      9       61
                                      1947
  AVERAGE         73                        62     11       69

PRECIPITATION (IN)
  YESTERDAY        0.00          1.49 2017   0.16  -0.16     1.49
  MONTH TO DATE    1.98                      1.79   0.19     2.83
  SINCE MAR 1     10.94                      9.86   1.08    11.26
  SINCE JAN 1     21.71                     16.41   5.30    17.36

SNOWFALL (IN)
  YESTERDAY       MM            MM      MM  MM     MM       MM
  MONTH TO DATE   MM                        MM     MM       MM
  SINCE MAR 1     MM                        MM     MM       MM
  SINCE JUL 1     MM                        MM     MM       MM
  SNOW DEPTH      MM

DEGREE DAYS
 HEATING
  YESTERDAY        0                         4     -4        0
  MONTH TO DATE    9                        56    -47       74
  SINCE MAR 1   1115                       995    120      743
  SINCE JUL 1   4493                      4634   -141     3513

 COOLING
  YESTERDAY        8                         2      6        4
  MONTH TO DATE   51                        14     37       13
  SINCE MAR 1     64                        34     30       86
  SINCE JAN 1     71                        34     37       89
..................................................................


WIND (MPH)
  HIGHEST WIND SPEED    21   HIGHEST WIND DIRECTION    SW (220)
  HIGHEST GUST SPEED    27   HIGHEST GUST DIRECTION     W (250)
  AVERAGE WIND SPEED     8.6


SKY COVER
  POSSIBLE SUNSHINE  MM
  AVERAGE SKY COVER 0.0


WEATHER CONDITIONS
 THE FOLLOWING WEATHER WAS RECORDED YESTERDAY.
  NO SIGNIFICANT WEATHER WAS OBSERVED.


RELATIVE HUMIDITY (PERCENT)
 HIGHEST    90           500 AM
 LOWEST     37           200 PM
 AVERAGE    64

..........................................................


THE FRANKFORT KY CLIMATE NORMALS FOR TODAY
                         NORMAL    RECORD    YEAR
 MAXIMUM TEMPERATURE (F)   74        92      1914
 MINIMUM TEMPERATURE (F)   51        34      1941


SUNRISE AND SUNSET
MAY 12 2018...........SUNRISE   631 AM EDT   SUNSET   841 PM EDT
MAY 13 2018...........SUNRISE   631 AM EDT   SUNSET   842 PM EDT


-  INDICATES NEGATIVE NUMBERS.
R  INDICATES RECORD WAS SET OR TIED.
MM INDICATES DATA IS MISSING.
T  INDICATES TRACE AMOUNT.




$$
