000
CDUS43 KLMK 100635
CLIFFT


CLIMATE REPORT
NATIONAL WEATHER SERVICE LOUISVILLE KY
233 AM EDT THU MAY 10 2018


...................................

...THE FRANKFORT KY CLIMATE SUMMARY FOR MAY 9 2018...

CLIMATE NORMAL PERIOD 1981 TO 2010
CLIMATE RECORD PERIOD 1895 TO 2018


WEATHER ITEM   OBSERVED TIME   RECORD YEAR NORMAL DEPARTURE LAST
                VALUE   (LST)  VALUE       VALUE  FROM      YEAR
                                                  NORMAL
..................................................................
TEMPERATURE (F)
 YESTERDAY
  MAXIMUM         84    227 PM  94    1936  74     10       81
  MINIMUM         51    522 AM  32    1947  50      1       54
  AVERAGE         68                        62      6       68

PRECIPITATION (IN)
  YESTERDAY        0.00          1.62 1961   0.16  -0.16     0.04
  MONTH TO DATE    1.94                      1.47   0.47     1.34
  SINCE MAR 1     10.90                      9.54   1.36     9.77
  SINCE JAN 1     21.67                     16.09   5.58    15.87

SNOWFALL (IN)
  YESTERDAY       MM            MM      MM  MM     MM       MM
  MONTH TO DATE   MM                        MM     MM       MM
  SINCE MAR 1     MM                        MM     MM       MM
  SINCE JUL 1     MM                        MM     MM       MM
  SNOW DEPTH      MM

DEGREE DAYS
 HEATING
  YESTERDAY        0                         5     -5        0
  MONTH TO DATE    9                        48    -39       74
  SINCE MAR 1   1115                       987    128      743
  SINCE JUL 1   4493                      4626   -133     3513

 COOLING
  YESTERDAY        3                         2      1        3
  MONTH TO DATE   32                        10     22        3
  SINCE MAR 1     45                        30     15       76
  SINCE JAN 1     52                        30     22       79
..................................................................


WIND (MPH)
  HIGHEST WIND SPEED    18   HIGHEST WIND DIRECTION     S (190)
  HIGHEST GUST SPEED    29   HIGHEST GUST DIRECTION    SW (210)
  AVERAGE WIND SPEED     9.6


SKY COVER
  POSSIBLE SUNSHINE  MM
  AVERAGE SKY COVER 0.1


WEATHER CONDITIONS
 THE FOLLOWING WEATHER WAS RECORDED YESTERDAY.
  NO SIGNIFICANT WEATHER WAS OBSERVED.


RELATIVE HUMIDITY (PERCENT)
 HIGHEST    89           600 AM
 LOWEST     37           100 PM
 AVERAGE    63

..........................................................


THE FRANKFORT KY CLIMATE NORMALS FOR TODAY
                         NORMAL    RECORD    YEAR
 MAXIMUM TEMPERATURE (F)   74        93      1936
 MINIMUM TEMPERATURE (F)   51        30      1966
                                             1947


SUNRISE AND SUNSET
MAY 10 2018...........SUNRISE   633 AM EDT   SUNSET   839 PM EDT
MAY 11 2018...........SUNRISE   632 AM EDT   SUNSET   840 PM EDT


-  INDICATES NEGATIVE NUMBERS.
R  INDICATES RECORD WAS SET OR TIED.
MM INDICATES DATA IS MISSING.
T  INDICATES TRACE AMOUNT.

$$

SCHOETTMER
