000
CDUS43 KLMK 140627
CLIFFT


CLIMATE REPORT
NATIONAL WEATHER SERVICE LOUISVILLE KY
226 AM EDT MON MAY 14 2018


...................................

...THE FRANKFORT KY CLIMATE SUMMARY FOR MAY 13 2018...

CLIMATE NORMAL PERIOD 1981 TO 2010
CLIMATE RECORD PERIOD 1895 TO 2018


WEATHER ITEM   OBSERVED TIME   RECORD YEAR NORMAL DEPARTURE LAST
                VALUE   (LST)  VALUE       VALUE  FROM      YEAR
                                                  NORMAL
..................................................................
TEMPERATURE (F)
 YESTERDAY
  MAXIMUM         87    457 PM  89    1896  75     12       75
  MINIMUM         64    542 AM  34    1941  52     12       48
                                      1938
  AVERAGE         76                        63     13       62

PRECIPITATION (IN)
  YESTERDAY        0.00          1.72 1929   0.16  -0.16     0.00
  MONTH TO DATE    1.98                      2.11  -0.13     3.10
  SINCE MAR 1     10.94                     10.18   0.76    11.53
  SINCE JAN 1     21.71                     16.73   4.98    17.63

SNOWFALL (IN)
  YESTERDAY       MM            MM      MM  MM     MM       MM
  MONTH TO DATE   MM                        MM     MM       MM
  SINCE MAR 1     MM                        MM     MM       MM
  SINCE JUL 1     MM                        MM     MM       MM
  SNOW DEPTH      MM

DEGREE DAYS
 HEATING
  YESTERDAY        0                         4     -4        3
  MONTH TO DATE    9                        64    -55       84
  SINCE MAR 1   1115                      1003    112      753
  SINCE JUL 1   4493                      4642   -149     3523

 COOLING
  YESTERDAY       11                         2      9        0
  MONTH TO DATE   73                        18     55       13
  SINCE MAR 1     86                        38     48       86
  SINCE JAN 1     93                        38     55       89
..................................................................


WIND (MPH)
  HIGHEST WIND SPEED    17   HIGHEST WIND DIRECTION    SW (230)
  HIGHEST GUST SPEED    24   HIGHEST GUST DIRECTION    SW (230)
  AVERAGE WIND SPEED     7.3


SKY COVER
  POSSIBLE SUNSHINE  MM
  AVERAGE SKY COVER 0.2


WEATHER CONDITIONS
 THE FOLLOWING WEATHER WAS RECORDED YESTERDAY.
  HAZE


RELATIVE HUMIDITY (PERCENT)
 HIGHEST    84           400 AM
 LOWEST     40           300 PM
 AVERAGE    62

..........................................................


THE FRANKFORT KY CLIMATE NORMALS FOR TODAY
                         NORMAL    RECORD    YEAR
 MAXIMUM TEMPERATURE (F)   75        91      1916
 MINIMUM TEMPERATURE (F)   52        33      1996


SUNRISE AND SUNSET
MAY 14 2018...........SUNRISE   630 AM EDT   SUNSET   843 PM EDT
MAY 15 2018...........SUNRISE   629 AM EDT   SUNSET   844 PM EDT


-  INDICATES NEGATIVE NUMBERS.
R  INDICATES RECORD WAS SET OR TIED.
MM INDICATES DATA IS MISSING.
T  INDICATES TRACE AMOUNT.




$$
