000
CDUS43 KLMK 082030
CLIFFT


CLIMATE REPORT
NATIONAL WEATHER SERVICE LOUISVILLE KY
429 PM EDT SUN APR 8 2018


...................................

...THE FRANKFORT KY CLIMATE SUMMARY FOR APRIL 8 2018...
VALID TODAY AS OF 0400 PM LOCAL TIME.

CLIMATE NORMAL PERIOD 1981 TO 2010
CLIMATE RECORD PERIOD 1895 TO 2018


WEATHER ITEM   OBSERVED TIME   RECORD YEAR NORMAL DEPARTURE LAST
                VALUE   (LST)  VALUE       VALUE  FROM      YEAR
                                                  NORMAL
..................................................................
TEMPERATURE (F)
 TODAY
  MAXIMUM         46    253 PM  85    2001  65    -19       66
  MINIMUM         23    618 AM  22    2007  41    -18       30
                                      1936
  AVERAGE         35                        53    -18       48

PRECIPITATION (IN)
  TODAY            0.00          2.44 1948   0.13  -0.13     0.00
  MONTH TO DATE    1.27                      0.90   0.37     0.72
  SINCE MAR 1      6.00                      5.28   0.72     5.81
  SINCE JAN 1     16.77                     11.83   4.94    11.91

SNOWFALL (IN)
  TODAY           MM            MM      MM  MM     MM       MM
  MONTH TO DATE   MM                        MM     MM       MM
  SINCE MAR 1     MM                        MM     MM       MM
  SINCE JUL 1     MM                        MM     MM       MM
  SNOW DEPTH      MM

DEGREE DAYS
 HEATING
  TODAY           30                        13     17       17
  MONTH TO DATE  168                       111     57       84
  SINCE MAR 1    846                       736    110      617
  SINCE JUL 1   4224                      4375   -151     3387

 COOLING
  TODAY            0                         0      0        0
  MONTH TO DATE    0                         0      0        1
  SINCE MAR 1      0                         2     -2        7
  SINCE JAN 1      7                         2      5       10
..................................................................


WIND (MPH)
  HIGHEST WIND SPEED     9   HIGHEST WIND DIRECTION     E (90)
  HIGHEST GUST SPEED    14   HIGHEST GUST DIRECTION     E (90)
  AVERAGE WIND SPEED     3.8


SKY COVER
  POSSIBLE SUNSHINE  MM
  AVERAGE SKY COVER 0.0


WEATHER CONDITIONS
 THE FOLLOWING WEATHER WAS RECORDED TODAY.
  NO SIGNIFICANT WEATHER WAS OBSERVED.


RELATIVE HUMIDITY (PERCENT)
 HIGHEST    81           100 AM
 LOWEST     28           300 PM
 AVERAGE    55

..........................................................


THE FRANKFORT KY CLIMATE NORMALS FOR TOMORROW
                         NORMAL    RECORD    YEAR
 MAXIMUM TEMPERATURE (F)   65        84      2001
                                             1919
                                             1915
 MINIMUM TEMPERATURE (F)   41        22      2007


SUNRISE AND SUNSET
APRIL  8 2018.........SUNRISE   714 AM EDT   SUNSET   809 PM EDT
APRIL  9 2018.........SUNRISE   713 AM EDT   SUNSET   810 PM EDT


-  INDICATES NEGATIVE NUMBERS.
R  INDICATES RECORD WAS SET OR TIED.
MM INDICATES DATA IS MISSING.
T  INDICATES TRACE AMOUNT.




$$
