000
CDUS43 KLMK 210628
CLIFFT


CLIMATE REPORT
NATIONAL WEATHER SERVICE LOUISVILLE KY
228 AM EDT MON MAY 21 2018


...................................

...THE FRANKFORT KY CLIMATE SUMMARY FOR MAY 20 2018...

CLIMATE NORMAL PERIOD 1981 TO 2010
CLIMATE RECORD PERIOD 1895 TO 2018


WEATHER ITEM   OBSERVED TIME   RECORD YEAR NORMAL DEPARTURE LAST
                VALUE   (LST)  VALUE       VALUE  FROM      YEAR
                                                  NORMAL
..................................................................
TEMPERATURE (F)
 YESTERDAY
  MAXIMUM         88    432 PM  92    1964  77     11       87
                                      1962
                                      1941
  MINIMUM         64    224 AM  38    1984  54     10       64
  AVERAGE         76                        65     11       76

PRECIPITATION (IN)
  YESTERDAY        0.00          1.38 1942   0.15  -0.15     0.96
  MONTH TO DATE    4.23                      3.19   1.04     4.08
  SINCE MAR 1     13.19                     11.26   1.93    12.51
  SINCE JAN 1     23.96                     17.81   6.15    18.61

SNOWFALL (IN)
  YESTERDAY       MM            MM      MM  MM     MM       MM
  MONTH TO DATE   MM                        MM     MM       MM
  SINCE MAR 1     MM                        MM     MM       MM
  SINCE JUL 1     MM                        MM     MM       MM
  SNOW DEPTH      MM

DEGREE DAYS
 HEATING
  YESTERDAY        0                         3     -3        0
  MONTH TO DATE    9                        89    -80       84
  SINCE MAR 1   1115                      1028     87      753
  SINCE JUL 1   4493                      4667   -174     3523

 COOLING
  YESTERDAY       11                         3      8       11
  MONTH TO DATE  142                        37    105       72
  SINCE MAR 1    155                        57     98      145
  SINCE JAN 1    162                        57    105      148
..................................................................


WIND (MPH)
  HIGHEST WIND SPEED    13   HIGHEST WIND DIRECTION    NW (310)
  HIGHEST GUST SPEED    18   HIGHEST GUST DIRECTION     W (290)
  AVERAGE WIND SPEED     4.2


SKY COVER
  POSSIBLE SUNSHINE  MM
  AVERAGE SKY COVER 0.0


WEATHER CONDITIONS
 THE FOLLOWING WEATHER WAS RECORDED YESTERDAY.
  FOG
  HAZE


RELATIVE HUMIDITY (PERCENT)
 HIGHEST    93           100 AM
 LOWEST     40           500 PM
 AVERAGE    67

..........................................................


THE FRANKFORT KY CLIMATE NORMALS FOR TODAY
                         NORMAL    RECORD    YEAR
 MAXIMUM TEMPERATURE (F)   77        96      1941
 MINIMUM TEMPERATURE (F)   54        35      2002


SUNRISE AND SUNSET
MAY 21 2018...........SUNRISE   624 AM EDT   SUNSET   849 PM EDT
MAY 22 2018...........SUNRISE   623 AM EDT   SUNSET   850 PM EDT


-  INDICATES NEGATIVE NUMBERS.
R  INDICATES RECORD WAS SET OR TIED.
MM INDICATES DATA IS MISSING.
T  INDICATES TRACE AMOUNT.




$$
