000
CDUS43 KLMK 080633
CLIFFT


CLIMATE REPORT
NATIONAL WEATHER SERVICE LOUISVILLE KY
233 AM EDT SUN APR 8 2018


...................................

...THE FRANKFORT KY CLIMATE SUMMARY FOR APRIL 7 2018...

CLIMATE NORMAL PERIOD 1981 TO 2010
CLIMATE RECORD PERIOD 1895 TO 2018


WEATHER ITEM   OBSERVED TIME   RECORD YEAR NORMAL DEPARTURE LAST
                VALUE   (LST)  VALUE       VALUE  FROM      YEAR
                                                  NORMAL
..................................................................
TEMPERATURE (F)
 YESTERDAY
  MAXIMUM         43    601 PM  85    1929  64    -21       57
  MINIMUM         28   1159 PM  22    2007  41    -13       36
  AVERAGE         36                        52    -16       47

PRECIPITATION (IN)
  YESTERDAY        0.05          1.96 2015   0.12  -0.07     0.00
  MONTH TO DATE    1.27                      0.77   0.50     0.72
  SINCE MAR 1      6.00                      5.15   0.85     5.81
  SINCE JAN 1     16.77                     11.70   5.07    11.91

SNOWFALL (IN)
  YESTERDAY       MM            MM      MM  MM     MM       MM
  MONTH TO DATE   MM                        MM     MM       MM
  SINCE MAR 1     MM                        MM     MM       MM
  SINCE JUL 1     MM                        MM     MM       MM
  SNOW DEPTH      MM

DEGREE DAYS
 HEATING
  YESTERDAY       29                        13     16       18
  MONTH TO DATE  138                        98     40       67
  SINCE MAR 1    816                       723     93      600
  SINCE JUL 1   4194                      4362   -168     3370

 COOLING
  YESTERDAY        0                         0      0        0
  MONTH TO DATE    0                         0      0        1
  SINCE MAR 1      0                         2     -2        7
  SINCE JAN 1      7                         2      5       10
..................................................................


WIND (MPH)
  HIGHEST WIND SPEED    15   HIGHEST WIND DIRECTION     N (20)
  HIGHEST GUST SPEED    24   HIGHEST GUST DIRECTION     N (10)
  AVERAGE WIND SPEED     6.7


SKY COVER
  POSSIBLE SUNSHINE  MM
  AVERAGE SKY COVER 0.6


WEATHER CONDITIONS
 THE FOLLOWING WEATHER WAS RECORDED YESTERDAY.
  LIGHT SNOW
  FOG
  HAZE


RELATIVE HUMIDITY (PERCENT)
 HIGHEST    85           700 AM
 LOWEST     34           700 PM
 AVERAGE    60

..........................................................


THE FRANKFORT KY CLIMATE NORMALS FOR TODAY
                         NORMAL    RECORD    YEAR
 MAXIMUM TEMPERATURE (F)   65        85      2001
 MINIMUM TEMPERATURE (F)   41        22      2007
                                             1936


SUNRISE AND SUNSET
APRIL  8 2018.........SUNRISE   714 AM EDT   SUNSET   809 PM EDT
APRIL  9 2018.........SUNRISE   713 AM EDT   SUNSET   810 PM EDT


-  INDICATES NEGATIVE NUMBERS.
R  INDICATES RECORD WAS SET OR TIED.
MM INDICATES DATA IS MISSING.
T  INDICATES TRACE AMOUNT.




$$
