000
CDUS43 KLMK 060627
CLIFFT


CLIMATE REPORT
NATIONAL WEATHER SERVICE LOUISVILLE KY
227 AM EDT FRI APR 6 2018


...................................

...THE FRANKFORT KY CLIMATE SUMMARY FOR APRIL 5 2018...

CLIMATE NORMAL PERIOD 1981 TO 2010
CLIMATE RECORD PERIOD 1895 TO 2018


WEATHER ITEM   OBSERVED TIME   RECORD YEAR NORMAL DEPARTURE LAST
                VALUE   (LST)  VALUE       VALUE  FROM      YEAR
                                                  NORMAL
..................................................................
TEMPERATURE (F)
 YESTERDAY
  MAXIMUM         53    555 PM  88    1934  64    -11       82
  MINIMUM         24    628 AM  23    1944  40    -16       50
  AVERAGE         39                        52    -13       66

PRECIPITATION (IN)
  YESTERDAY        0.00          1.60 1981   0.11  -0.11     0.37
  MONTH TO DATE    1.18                      0.55   0.63     0.55
  SINCE MAR 1      5.91                      4.93   0.98     5.64
  SINCE JAN 1     16.68                     11.48   5.20    11.74

SNOWFALL (IN)
  YESTERDAY       MM            MM      MM  MM     MM       MM
  MONTH TO DATE   MM                        MM     MM       MM
  SINCE MAR 1     MM                        MM     MM       MM
  SINCE JUL 1     MM                        MM     MM       MM
  SNOW DEPTH      MM

DEGREE DAYS
 HEATING
  YESTERDAY       26                        14     12        0
  MONTH TO DATE   94                        72     22       33
  SINCE MAR 1    772                       697     75      566
  SINCE JUL 1   4150                      4336   -186     3336

 COOLING
  YESTERDAY        0                         0      0        1
  MONTH TO DATE    0                         0      0        1
  SINCE MAR 1      0                         2     -2        7
  SINCE JAN 1      7                         2      5       10
..................................................................


WIND (MPH)
  HIGHEST WIND SPEED    13   HIGHEST WIND DIRECTION     S (160)
  HIGHEST GUST SPEED    18   HIGHEST GUST DIRECTION    SE (150)
  AVERAGE WIND SPEED     3.0


SKY COVER
  POSSIBLE SUNSHINE  MM
  AVERAGE SKY COVER 0.0


WEATHER CONDITIONS
 THE FOLLOWING WEATHER WAS RECORDED YESTERDAY.
  NO SIGNIFICANT WEATHER WAS OBSERVED.


RELATIVE HUMIDITY (PERCENT)
 HIGHEST    81           300 AM
 LOWEST     30           400 PM
 AVERAGE    56

..........................................................


THE FRANKFORT KY CLIMATE NORMALS FOR TODAY
                         NORMAL    RECORD    YEAR
 MAXIMUM TEMPERATURE (F)   64        85      1988
                                             1929
 MINIMUM TEMPERATURE (F)   40        23      1995
                                             1898


SUNRISE AND SUNSET
APRIL  6 2018.........SUNRISE   717 AM EDT   SUNSET   807 PM EDT
APRIL  7 2018.........SUNRISE   716 AM EDT   SUNSET   808 PM EDT


-  INDICATES NEGATIVE NUMBERS.
R  INDICATES RECORD WAS SET OR TIED.
MM INDICATES DATA IS MISSING.
T  INDICATES TRACE AMOUNT.




$$
