260
CDUS43 KLMK 162031
CLIFFT


CLIMATE REPORT
NATIONAL WEATHER SERVICE LOUISVILLE KY
431 PM EDT MON APR 16 2018


...................................

...THE FRANKFORT KY CLIMATE SUMMARY FOR APRIL 16 2018...
VALID TODAY AS OF 0400 PM LOCAL TIME.

CLIMATE NORMAL PERIOD 1981 TO 2010
CLIMATE RECORD PERIOD 1895 TO 2018


WEATHER ITEM   OBSERVED TIME   RECORD YEAR NORMAL DEPARTURE LAST
                VALUE   (LST)  VALUE       VALUE  FROM      YEAR
                                                  NORMAL
..................................................................
TEMPERATURE (F)
 TODAY
  MAXIMUM         43   1232 AM  87    1896  67    -24       78
  MINIMUM         31    222 PM  24    2014  44    -13       61
  AVERAGE         37                        55    -18       70

PRECIPITATION (IN)
  TODAY            0.09          2.65 1947   0.11  -0.02     1.17
  MONTH TO DATE    2.57                      1.79   0.78     2.09
  SINCE MAR 1      7.30                      6.17   1.13     7.18
  SINCE JAN 1     18.07                     12.72   5.35    13.28

SNOWFALL (IN)
  TODAY           MM            MM      MM  MM     MM       MM
  MONTH TO DATE   MM                        MM     MM       MM
  SINCE MAR 1     MM                        MM     MM       MM
  SINCE JUL 1     MM                        MM     MM       MM
  SNOW DEPTH      MM

DEGREE DAYS
 HEATING
  TODAY           28                        10     18        0
  MONTH TO DATE  273                       202     71       97
  SINCE MAR 1    951                       827    124      630
  SINCE JUL 1   4329                      4466   -137     3400

 COOLING
  TODAY            0                         1     -1        5
  MONTH TO DATE   13                         8      5       21
  SINCE MAR 1     13                        10      3       27
  SINCE JAN 1     20                        10     10       30
..................................................................


WIND (MPH)
  HIGHEST WIND SPEED    25   HIGHEST WIND DIRECTION     W (270)
  HIGHEST GUST SPEED    35   HIGHEST GUST DIRECTION     W (260)
  AVERAGE WIND SPEED    10.7


SKY COVER
  POSSIBLE SUNSHINE  MM
  AVERAGE SKY COVER 1.0


WEATHER CONDITIONS
 THE FOLLOWING WEATHER WAS RECORDED TODAY.
  RAIN
  LIGHT RAIN
  LIGHT SNOW
  FOG
  HAZE


RELATIVE HUMIDITY (PERCENT)
 HIGHEST    82           400 AM
 LOWEST     59           300 PM
 AVERAGE    71

..........................................................


THE FRANKFORT KY CLIMATE NORMALS FOR TOMORROW
                         NORMAL    RECORD    YEAR
 MAXIMUM TEMPERATURE (F)   68        88      1896
 MINIMUM TEMPERATURE (F)   44        27      1962
                                             1904


SUNRISE AND SUNSET
APRIL 16 2018.........SUNRISE   703 AM EDT   SUNSET   817 PM EDT
APRIL 17 2018.........SUNRISE   701 AM EDT   SUNSET   818 PM EDT


-  INDICATES NEGATIVE NUMBERS.
R  INDICATES RECORD WAS SET OR TIED.
MM INDICATES DATA IS MISSING.
T  INDICATES TRACE AMOUNT.




$$
