000
CDUS43 KLMK 012026
CLIFFT


CLIMATE REPORT
NATIONAL WEATHER SERVICE LOUISVILLE KY
426 PM EDT SUN APR 1 2018


...................................

...THE FRANKFORT KY CLIMATE SUMMARY FOR APRIL 1 2018...
VALID TODAY AS OF 0400 PM LOCAL TIME.

CLIMATE NORMAL PERIOD 1981 TO 2010
CLIMATE RECORD PERIOD 1895 TO 2018


WEATHER ITEM   OBSERVED TIME   RECORD YEAR NORMAL DEPARTURE LAST
                VALUE   (LST)  VALUE       VALUE  FROM      YEAR
                                                  NORMAL
..................................................................
TEMPERATURE (F)
 TODAY
  MAXIMUM         51    236 PM  83    1986  62    -11       49
                                      1981
  MINIMUM         43    924 AM  16    1969  39      4       42
  AVERAGE         47                        50     -3       46

PRECIPITATION (IN)
  TODAY            0.11          2.23 1908   0.12  -0.01     0.00
  MONTH TO DATE    0.11                      0.12  -0.01     0.00
  SINCE MAR 1      4.84                      4.50   0.34     5.09
  SINCE JAN 1     15.61                     11.05   4.56    11.19

SNOWFALL (IN)
  TODAY           MM            MM      MM  MM     MM       MM
  MONTH TO DATE   MM                        MM     MM       MM
  SINCE MAR 1     MM                        MM     MM       MM
  SINCE JUL 1     MM                        MM     MM       MM
  SNOW DEPTH      MM

DEGREE DAYS
 HEATING
  TODAY           18                        15      3       19
  MONTH TO DATE   18                        15      3       19
  SINCE MAR 1    696                       640     56      552
  SINCE JUL 1   4074                      4279   -205     3322

 COOLING
  TODAY            0                         0      0        0
  MONTH TO DATE    0                         0      0        0
  SINCE MAR 1      0                         2     -2        6
  SINCE JAN 1      7                         2      5        9
..................................................................


WIND (MPH)
  HIGHEST WIND SPEED    14   HIGHEST WIND DIRECTION     N (350)
  HIGHEST GUST SPEED    21   HIGHEST GUST DIRECTION     N (340)
  AVERAGE WIND SPEED     6.7


SKY COVER
  POSSIBLE SUNSHINE  MM
  AVERAGE SKY COVER 1.0


WEATHER CONDITIONS
 THE FOLLOWING WEATHER WAS RECORDED TODAY.
  LIGHT RAIN
  FOG
  HAZE


RELATIVE HUMIDITY (PERCENT)
 HIGHEST    86           100 AM
 LOWEST     61           100 PM
 AVERAGE    74

..........................................................


THE FRANKFORT KY CLIMATE NORMALS FOR TOMORROW
                         NORMAL    RECORD    YEAR
 MAXIMUM TEMPERATURE (F)   63        86      1946
 MINIMUM TEMPERATURE (F)   39        21      1915


SUNRISE AND SUNSET
APRIL  1 2018.........SUNRISE   725 AM EDT   SUNSET   803 PM EDT
APRIL  2 2018.........SUNRISE   723 AM EDT   SUNSET   804 PM EDT


-  INDICATES NEGATIVE NUMBERS.
R  INDICATES RECORD WAS SET OR TIED.
MM INDICATES DATA IS MISSING.
T  INDICATES TRACE AMOUNT.




$$
