000
CDUS43 KLMK 102027
CLIFFT


CLIMATE REPORT
NATIONAL WEATHER SERVICE LOUISVILLE KY
426 PM EDT TUE APR 10 2018


...................................

...THE FRANKFORT KY CLIMATE SUMMARY FOR APRIL 10 2018...
VALID TODAY AS OF 0400 PM LOCAL TIME.

CLIMATE NORMAL PERIOD 1981 TO 2010
CLIMATE RECORD PERIOD 1895 TO 2018


WEATHER ITEM   OBSERVED TIME   RECORD YEAR NORMAL DEPARTURE LAST
                VALUE   (LST)  VALUE       VALUE  FROM      YEAR
                                                  NORMAL
..................................................................
TEMPERATURE (F)
 TODAY
  MAXIMUM         48    259 PM  84    2011  65    -17       81
                                      2001
                                      1919
  MINIMUM         34    635 AM  23    1997  42     -8       62
                                      1960
  AVERAGE         41                        54    -13       72

PRECIPITATION (IN)
  TODAY            0.00          1.85 1943   0.12  -0.12     0.00
  MONTH TO DATE    1.33                      1.14   0.19     0.72
  SINCE MAR 1      6.06                      5.52   0.54     5.81
  SINCE JAN 1     16.83                     12.07   4.76    11.91

SNOWFALL (IN)
  TODAY           MM            MM      MM  MM     MM       MM
  MONTH TO DATE   MM                        MM     MM       MM
  SINCE MAR 1     MM                        MM     MM       MM
  SINCE JUL 1     MM                        MM     MM       MM
  SNOW DEPTH      MM

DEGREE DAYS
 HEATING
  TODAY           24                        12     12        0
  MONTH TO DATE  215                       135     80       89
  SINCE MAR 1    893                       760    133      622
  SINCE JUL 1   4271                      4399   -128     3392

 COOLING
  TODAY            0                         1     -1        7
  MONTH TO DATE    0                         2     -2        8
  SINCE MAR 1      0                         4     -4       14
  SINCE JAN 1      7                         4      3       17
..................................................................


WIND (MPH)
  HIGHEST WIND SPEED     8   HIGHEST WIND DIRECTION     N (350)
  HIGHEST GUST SPEED    11   HIGHEST GUST DIRECTION     N (360)
  AVERAGE WIND SPEED     2.3


SKY COVER
  POSSIBLE SUNSHINE  MM
  AVERAGE SKY COVER 0.9


WEATHER CONDITIONS
 THE FOLLOWING WEATHER WAS RECORDED TODAY.
  NO SIGNIFICANT WEATHER WAS OBSERVED.


RELATIVE HUMIDITY (PERCENT)
 HIGHEST    82           600 AM
 LOWEST     42           300 PM
 AVERAGE    62

..........................................................


THE FRANKFORT KY CLIMATE NORMALS FOR TOMORROW
                         NORMAL    RECORD    YEAR
 MAXIMUM TEMPERATURE (F)   66        88      1930
 MINIMUM TEMPERATURE (F)   42        24      1996
                                             1989
                                             1960


SUNRISE AND SUNSET
APRIL 10 2018.........SUNRISE   711 AM EDT   SUNSET   811 PM EDT
APRIL 11 2018.........SUNRISE   710 AM EDT   SUNSET   812 PM EDT


-  INDICATES NEGATIVE NUMBERS.
R  INDICATES RECORD WAS SET OR TIED.
MM INDICATES DATA IS MISSING.
T  INDICATES TRACE AMOUNT.




$$
