000
CDUS43 KLMK 070629
CLIFFT


CLIMATE REPORT
NATIONAL WEATHER SERVICE LOUISVILLE KY
229 AM EDT MON MAY 7 2018


...................................

...THE FRANKFORT KY CLIMATE SUMMARY FOR MAY 6 2018...

CLIMATE NORMAL PERIOD 1981 TO 2010
CLIMATE RECORD PERIOD 1895 TO 2018


WEATHER ITEM   OBSERVED TIME   RECORD YEAR NORMAL DEPARTURE LAST
                VALUE   (LST)  VALUE       VALUE  FROM      YEAR
                                                  NORMAL
..................................................................
TEMPERATURE (F)
 YESTERDAY
  MAXIMUM         80    328 PM  92    1949  73      7       62
  MINIMUM         58   1159 PM  33    1957  50      8       43
                                      1954
  AVERAGE         69                        61      8       53

PRECIPITATION (IN)
  YESTERDAY        0.38          1.90 1996   0.17   0.21     0.03
  MONTH TO DATE    1.94                      0.99   0.95     1.28
  SINCE MAR 1     10.90                      9.06   1.84     9.71
  SINCE JAN 1     21.67                     15.61   6.06    15.81

SNOWFALL (IN)
  YESTERDAY       MM            MM      MM  MM     MM       MM
  MONTH TO DATE   MM                        MM     MM       MM
  SINCE MAR 1     MM                        MM     MM       MM
  SINCE JUL 1     MM                        MM     MM       MM
  SNOW DEPTH      MM

DEGREE DAYS
 HEATING
  YESTERDAY        0                         5     -5       12
  MONTH TO DATE    5                        33    -28       49
  SINCE MAR 1   1111                       972    139      718
  SINCE JUL 1   4489                      4611   -122     3488

 COOLING
  YESTERDAY        4                         1      3        0
  MONTH TO DATE   29                         6     23        0
  SINCE MAR 1     42                        26     16       73
  SINCE JAN 1     49                        26     23       76
..................................................................


WIND (MPH)
  HIGHEST WIND SPEED    20   HIGHEST WIND DIRECTION     W (280)
  HIGHEST GUST SPEED    32   HIGHEST GUST DIRECTION     W (270)
  AVERAGE WIND SPEED     5.0


SKY COVER
  POSSIBLE SUNSHINE  MM
  AVERAGE SKY COVER 0.4


WEATHER CONDITIONS
 THE FOLLOWING WEATHER WAS RECORDED YESTERDAY.
  THUNDERSTORM
  HEAVY RAIN
  RAIN
  LIGHT RAIN
  FOG
  HAZE


RELATIVE HUMIDITY (PERCENT)
 HIGHEST    93           300 AM
 LOWEST     40           400 PM
 AVERAGE    67

..........................................................


THE FRANKFORT KY CLIMATE NORMALS FOR TODAY
                         NORMAL    RECORD    YEAR
 MAXIMUM TEMPERATURE (F)   73        91      1940
                                             1934
 MINIMUM TEMPERATURE (F)   50        32      1974


SUNRISE AND SUNSET
MAY  7 2018...........SUNRISE   636 AM EDT   SUNSET   836 PM EDT
MAY  8 2018...........SUNRISE   635 AM EDT   SUNSET   837 PM EDT


-  INDICATES NEGATIVE NUMBERS.
R  INDICATES RECORD WAS SET OR TIED.
MM INDICATES DATA IS MISSING.
T  INDICATES TRACE AMOUNT.




$$
