000
CDUS43 KLMK 232056
CLIFFT


CLIMATE REPORT
NATIONAL WEATHER SERVICE LOUISVILLE KY
446 PM EDT WED MAY 23 2018


...................................

...THE FRANKFORT KY CLIMATE SUMMARY FOR MAY 23 2018...
VALID TODAY AS OF 0400 PM LOCAL TIME.

CLIMATE NORMAL PERIOD 1981 TO 2010
CLIMATE RECORD PERIOD 1895 TO 2018


WEATHER ITEM   OBSERVED TIME   RECORD YEAR NORMAL DEPARTURE LAST
                VALUE   (LST)  VALUE       VALUE  FROM      YEAR
                                                  NORMAL
..................................................................
TEMPERATURE (F)
 TODAY
  MAXIMUM         83    259 PM  91    1964  77      6       76
                                      1939
  MINIMUM         66    644 AM  33    2002  54     12       53
  AVERAGE         75                        66      9       65

PRECIPITATION (IN)
  TODAY            0.00          2.00 1902   0.15  -0.15     0.00
  MONTH TO DATE    5.88                      3.66   2.22     4.86
  SINCE MAR 1     14.84                     11.73   3.11    13.29
  SINCE JAN 1     25.61                     18.28   7.33    19.39

SNOWFALL (IN)
  TODAY            0.0          MM      MM  MM     MM       MM
  MONTH TO DATE    0.0                      MM     MM       MM
  SINCE MAR 1      0.0                      MM     MM       MM
  SINCE JUL 1      0.0                      MM     MM       MM
  SNOW DEPTH       0

DEGREE DAYS
 HEATING
  TODAY            0                         3     -3        0
  MONTH TO DATE    9                        98    -89       88
  SINCE MAR 1   1115                      1037     78      757
  SINCE JUL 1   4493                      4676   -183     3527

 COOLING
  TODAY           10                         3      7        0
  MONTH TO DATE  173                        46    127       76
  SINCE MAR 1    186                        66    120      149
  SINCE JAN 1    193                        66    127      152
..................................................................


WIND (MPH)
  HIGHEST WIND SPEED    10   HIGHEST WIND DIRECTION     N (340)
  HIGHEST GUST SPEED    14   HIGHEST GUST DIRECTION     N (340)
  AVERAGE WIND SPEED     4.0


SKY COVER
  POSSIBLE SUNSHINE  MM
  AVERAGE SKY COVER 0.2


WEATHER CONDITIONS
 THE FOLLOWING WEATHER WAS RECORDED TODAY.
  FOG


RELATIVE HUMIDITY (PERCENT)
 HIGHEST    93           400 AM
 LOWEST     46           300 PM
 AVERAGE    70

..........................................................


THE FRANKFORT KY CLIMATE NORMALS FOR TOMORROW
                         NORMAL    RECORD    YEAR
 MAXIMUM TEMPERATURE (F)   78        92      1933
 MINIMUM TEMPERATURE (F)   55        36      1931


SUNRISE AND SUNSET
MAY 23 2018...........SUNRISE   623 AM EDT   SUNSET   850 PM EDT
MAY 24 2018...........SUNRISE   622 AM EDT   SUNSET   851 PM EDT


-  INDICATES NEGATIVE NUMBERS.
R  INDICATES RECORD WAS SET OR TIED.
MM INDICATES DATA IS MISSING.
T  INDICATES TRACE AMOUNT.




$$
