003
CDUS43 KLMK 130632
CLIFFT


CLIMATE REPORT
NATIONAL WEATHER SERVICE LOUISVILLE KY
232 AM EDT FRI APR 13 2018


...................................

...THE FRANKFORT KY CLIMATE SUMMARY FOR APRIL 12 2018...

CLIMATE NORMAL PERIOD 1981 TO 2010
CLIMATE RECORD PERIOD 1895 TO 2018


WEATHER ITEM   OBSERVED TIME   RECORD YEAR NORMAL DEPARTURE LAST
                VALUE   (LST)  VALUE       VALUE  FROM      YEAR
                                                  NORMAL
..................................................................
TEMPERATURE (F)
 YESTERDAY
  MAXIMUM         80    357 PM  89    1896  66     14       74
  MINIMUM         53    221 AM  26    1989  42     11       50
                                      1976
  AVERAGE         67                        54     13       62

PRECIPITATION (IN)
  YESTERDAY        0.00          2.23 2011   0.10  -0.10     0.00
  MONTH TO DATE    1.33                      1.35  -0.02     0.92
  SINCE MAR 1      6.06                      5.73   0.33     6.01
  SINCE JAN 1     16.83                     12.28   4.55    12.11

SNOWFALL (IN)
  YESTERDAY       MM            MM      MM  MM     MM       MM
  MONTH TO DATE   MM                        MM     MM       MM
  SINCE MAR 1     MM                        MM     MM       MM
  SINCE JUL 1     MM                        MM     MM       MM
  SNOW DEPTH      MM

DEGREE DAYS
 HEATING
  YESTERDAY        0                        12    -12        3
  MONTH TO DATE  233                       159     74       94
  SINCE MAR 1    911                       784    127      627
  SINCE JUL 1   4289                      4423   -134     3397

 COOLING
  YESTERDAY        2                         1      1        0
  MONTH TO DATE    2                         4     -2        8
  SINCE MAR 1      2                         6     -4       14
  SINCE JAN 1      9                         6      3       17
..................................................................


WIND (MPH)
  HIGHEST WIND SPEED    33   HIGHEST WIND DIRECTION    SW (220)
  HIGHEST GUST SPEED    46   HIGHEST GUST DIRECTION    SW (240)
  AVERAGE WIND SPEED    16.0


SKY COVER
  POSSIBLE SUNSHINE  MM
  AVERAGE SKY COVER 0.0


WEATHER CONDITIONS
 THE FOLLOWING WEATHER WAS RECORDED YESTERDAY.
  NO SIGNIFICANT WEATHER WAS OBSERVED.


RELATIVE HUMIDITY (PERCENT)
 HIGHEST    50           200 AM
 LOWEST     23           100 PM
 AVERAGE    37

..........................................................


THE FRANKFORT KY CLIMATE NORMALS FOR TODAY
                         NORMAL    RECORD    YEAR
 MAXIMUM TEMPERATURE (F)   66        86      1941
                                             1930
 MINIMUM TEMPERATURE (F)   43        23      1939


SUNRISE AND SUNSET
APRIL 13 2018.........SUNRISE   707 AM EDT   SUNSET   814 PM EDT
APRIL 14 2018.........SUNRISE   705 AM EDT   SUNSET   815 PM EDT


-  INDICATES NEGATIVE NUMBERS.
R  INDICATES RECORD WAS SET OR TIED.
MM INDICATES DATA IS MISSING.
T  INDICATES TRACE AMOUNT.




$$
