000
CDUS43 KLMK 310648
CLIFFT


CLIMATE REPORT
NATIONAL WEATHER SERVICE LOUISVILLE KY
248 AM EDT SAT MAR 31 2018


...................................

...THE FRANKFORT KY CLIMATE SUMMARY FOR MARCH 30 2018...

CLIMATE NORMAL PERIOD 1981 TO 2010
CLIMATE RECORD PERIOD 1895 TO 2018


WEATHER ITEM   OBSERVED TIME   RECORD YEAR NORMAL DEPARTURE LAST
                VALUE   (LST)  VALUE       VALUE  FROM      YEAR
                                                  NORMAL
..................................................................
TEMPERATURE (F)
 YESTERDAY
  MAXIMUM         53    603 PM  83    1910  61     -8       80
  MINIMUM         39   1159 PM  19    1966  38      1       52
                                      1964
  AVERAGE         46                        50     -4       66

PRECIPITATION (IN)
  YESTERDAY        0.15          2.08 1987   0.17  -0.02     0.20
  MONTH TO DATE    4.70                      4.21   0.49     4.85
  SINCE MAR 1      4.70                      4.21   0.49     4.85
  SINCE JAN 1     15.47                     10.76   4.71    10.95

SNOWFALL (IN)
  YESTERDAY       MM            MM      MM  MM     MM       MM
  MONTH TO DATE   MM                        MM     MM       MM
  SINCE MAR 1     MM                        MM     MM       MM
  SINCE JUL 1     MM                        MM     MM       MM
  SNOW DEPTH      MM

DEGREE DAYS
 HEATING
  YESTERDAY       19                        16      3        0
  MONTH TO DATE  661                       613     48      521
  SINCE MAR 1    661                       613     48      521
  SINCE JUL 1   4039                      4252   -213     3291

 COOLING
  YESTERDAY        0                         0      0        1
  MONTH TO DATE    0                         0      0        6
  SINCE MAR 1      0                         0      0        6
  SINCE JAN 1      7                         0      7        9
..................................................................


WIND (MPH)
  HIGHEST WIND SPEED    16   HIGHEST WIND DIRECTION     N (340)
  HIGHEST GUST SPEED    25   HIGHEST GUST DIRECTION     N (360)
  AVERAGE WIND SPEED     5.5


SKY COVER
  POSSIBLE SUNSHINE  MM
  AVERAGE SKY COVER 0.9


WEATHER CONDITIONS
 THE FOLLOWING WEATHER WAS RECORDED YESTERDAY.
  HEAVY RAIN
  RAIN
  LIGHT RAIN
  FOG


RELATIVE HUMIDITY (PERCENT)
 HIGHEST    86          1000 PM
 LOWEST     54           300 PM
 AVERAGE    70

..........................................................


THE FRANKFORT KY CLIMATE NORMALS FOR TODAY
                         NORMAL    RECORD    YEAR
 MAXIMUM TEMPERATURE (F)   62        82      1998
                                             1977
 MINIMUM TEMPERATURE (F)   38        16      1969


SUNRISE AND SUNSET
MARCH 31 2018.........SUNRISE   726 AM EDT   SUNSET   802 PM EDT
APRIL  1 2018.........SUNRISE   725 AM EDT   SUNSET   803 PM EDT


-  INDICATES NEGATIVE NUMBERS.
R  INDICATES RECORD WAS SET OR TIED.
MM INDICATES DATA IS MISSING.
T  INDICATES TRACE AMOUNT.




$$
