000
CXUS53 KFGF 010915
CF6FGF
PRELIMINARY LOCAL CLIMATOLOGICAL DATA (WS FORM: F-6)
STATION: GRAND FORKS UNIV. (NWS) ND
MONTH: JANUARY
YEAR: 2023
LATITUDE: 47 55 N
LONGITUDE: 97 6 W
TEMPERATURE IN F: :PCPN: SNOW: WIND :SUNSHINE: SKY :PK WND
================================================================================
1 2 3 4 5 6A 6B 7 8 9 10 11 12 13 14 15 16 17 18
12Z AVG MX 2MIN
DY MAX MIN AVG DEP HDD CDD WTR SNW DPTH SPD SPD DIR MIN PSBL S-S WX SPD DR
================================================================================
1 22 13 18 10 47 0 0.00 0.0 13 M M M M M M M M
2 15 3 9 1 56 0 0.00 0.0 13 M M M M M M M M
3 7 -2 3 -5 62 0 T T 13 M M M M M M M M
4 12 -1 6 -2 59 0 0.00 0.0 13 M M M M M M M M
5 12 3 8 0 57 0 T T 13 M M M M M M M M
6 11 -4 4 -4 61 0 T 0.3 13 M M M M M M 12 M M
7 12 -6 3 -4 62 0 T T 13 M M M M M M M M
8 20 2 11 4 54 0 0.00 0.0 13 M M M M M M M M
9 17 3 10 3 55 0 0.00 0.0 13 M M M M M M M M
10 22 5 14 7 51 0 0.00 0.0 13 M M M M M M M M
11 23 15 19 12 46 0 T 0.1 13 M M M M M M M M
12 16 7 12 5 53 0 T 0.4 13 M M M M M M 1 M M
13 11 1 6 -1 59 0 T 0.2 13 M M M M M M 1 M M
14 23 10 17 10 48 0 0.00 0.0 13 M M M M M M 18 M M
15 24 21 23 16 42 0 0.00 0.0 13 M M M M M M 12 M M
16 26 17 22 15 43 0 0.05 0.5 13 M M M M M M 16 M M
17 17 11 14 7 51 0 0.01 0.2 13 M M M M M M 16 M M
18 23 12 18 11 47 0 T T 13 M M M M M M 16 M M
19 22 16 19 12 46 0 T T 13 M M M M M M M M
20 24 17 21 14 44 0 T T 13 M M M M M M M M
21 22 7 15 8 50 0 0.00 0.0 12 M M M M M M M M
22 12 0 6 -1 59 0 0.00 0.0 12 M M M M M M M M
23 27 15 21 14 44 0 0.02 0.2 12 M M M M M M 6 M M
24 27 8 18 11 47 0 0.01 0.1 12 M M M M M M M M
25 12 -2 5 -2 60 0 0.00 0.0 12 M M M M M M M M
26 34 8 21 14 44 0 0.11 1.9 12 M M M M M M M M
27 33 -9 12 5 53 0 T T 13 M M M M M M M M
28 -2 -17 -9 -16 74 0 0.00 0.0 13 M M M M M M M M
29 -3 -19 -11 -19 76 0 0.00 0.0 13 M M M M M M M M
30 -2 -22 -12 -20 77 0 0.00 0.0 13 M M M M M M M M
31 0 -14 -7 -15 72 0 0.00 0.0 13 M M M M M M M M
================================================================================
SM 519 98 1699 0 0.20 3.9 M M M
================================================================================
AV 16.7 3.2 M FASTST M M M MAX(MPH)
MISC ----> M M M M
================================================================================
NOTES:
# LAST OF SEVERAL OCCURRENCES
COLUMN 17 PEAK WIND IN M.P.H.
PRELIMINARY LOCAL CLIMATOLOGICAL DATA (WS FORM: F-6) , PAGE 2
STATION: GRAND FORKS UNIV. (NWS) ND
MONTH: JANUARY
YEAR: 2023
LATITUDE: 47 55 N
LONGITUDE: 97 6 W
[TEMPERATURE DATA] [PRECIPITATION DATA] SYMBOLS USED IN COLUMN 16
AVERAGE MONTHLY: 10.0 TOTAL FOR MONTH: 0.20 1 = FOG OR MIST
DPTR FM NORMAL: 2.9 DPTR FM NORMAL: -0.32 2 = FOG REDUCING VISIBILITY
HIGHEST: 34 ON 26 GRTST 24HR 0.11 ON 26-26 TO 1/4 MILE OR LESS
LOWEST: -22 ON 30 3 = THUNDER
SNOW, ICE PELLETS, HAIL 4 = ICE PELLETS
TOTAL MONTH: 3.9 INCHES 5 = HAIL
GRTST 24HR 1.9 ON 26-26 6 = FREEZING RAIN OR DRIZZLE
GRTST DEPTH: 13 ON 31,30 7 = DUSTSTORM OR SANDSTORM:
VSBY 1/2 MILE OR LESS
8 = SMOKE OR HAZE
[NO. OF DAYS WITH] [WEATHER - DAYS WITH] 9 = BLOWING SNOW
X = TORNADO
MAX 32 OR BELOW: 29 0.01 INCH OR MORE: 5
MAX 90 OR ABOVE: 0 0.10 INCH OR MORE: 1
MIN 32 OR BELOW: 31 0.50 INCH OR MORE: 0
MIN 0 OR BELOW: 11 1.00 INCH OR MORE: 0
[HDD (BASE 65) ]
TOTAL THIS MO. 1699 CLEAR (SCALE 0-3) 0
DPTR FM NORMAL -94 PTCLDY (SCALE 4-7) 0
TOTAL FM JUL 1 5312 CLOUDY (SCALE 8-10) 31
DPTR FM NORMAL -150
[CDD (BASE 65) ]
TOTAL THIS MO. 0
DPTR FM NORMAL 0 [PRESSURE DATA]
TOTAL FM JAN 1 0 HIGHEST SLP M ON M
DPTR FM NORMAL 0 LOWEST SLP M ON M
[REMARKS]
#FINAL-01-23#