000
CXUS53 KARX 011000
CF6FKA
PRELIMINARY LOCAL CLIMATOLOGICAL DATA (WS FORM: F-6)
STATION: PRESTON MN
MONTH: FEBRUARY
YEAR: 2024
LATITUDE: 43 40 N
LONGITUDE: 92 11 W
TEMPERATURE IN F: :PCPN: SNOW: WIND :SUNSHINE: SKY :PK WND
================================================================================
1 2 3 4 5 6A 6B 7 8 9 10 11 12 13 14 15 16 17 18
12Z AVG MX 2MIN
DY MAX MIN AVG DEP HDD CDD WTR SNW DPTH SPD SPD DIR MIN PSBL S-S WX SPD DR
================================================================================
1 48 32 40 M 25 0 0.00 0.0 0 6.2 12 30 M M 1 12 17 20
2 34 28 31 M 34 0 0.00 0.0 0 11.1 16 140 M M 8 24 100
3 41 30 36 M 29 0 0.00 0.0 0 10.0 15 120 M M 6 21 140
4 46 27 37 M 28 0 0.00 0.0 0 5.3 9 20 M M 0 1 M M
5 50 28 39 M 26 0 0.00 0.0 0 3.9 7 190 M M 0 M M
6 52 32 42 M 23 0 0.00 0.0 0 9.7 15 190 M M 0 23 190
7 46 36 41 M 24 0 0.00 0.0 0 15.1 20 160 M M 0 29 160
8 57 37 47 M 18 0 0.01 0.0 0 18.8 25 180 M M 6 37 190
9 36 28 32 M 33 0 0.00 0.0 0 18.4 23 290 M M 10 31 270
10 34 27 31 M 34 0 0.00 0.0 0 15.4 23 300 M M 10 30 300
11 37 23 30 M 35 0 0.00 0.0 0 7.8 16 310 M M 4 23 310
12 43 23 33 M 32 0 0.00 0.0 0 11.1 18 310 M M 1 25 310
13 37 23 30 M 35 0 0.00 0.0 0 3.0 8 270 M M 8 12 290
14 45 27 36 M 29 0 T 0.0 0 8.1 15 170 M M 9 25 220
15 34 19 27 M 38 0 M M M 14.0 20 340 M M 4 1 32 340
16 21 7 14 M 51 0 0.00 0.0 M 15.2 24 310 M M 5 29 320
17 32 5 19 M 46 0 0.00 0.0 M 17.7 27 230 M M 1 37 230
18 37 21 29 M 36 0 M M M 11.8 20 270 M M 0 26 270
19 46 18 32 M 33 0 0.00 0.0 0 7.9 14 140 M M 0 17 160
20 52 30 41 M 24 0 0.00 0.0 0 8.5 13 250 M M 1 21 260
21 52 28 40 M 25 0 0.00 0.0 0 4.1 10 170 M M 1 M M
22 57 30 44 M 21 0 0.00 0.0 0 10.6 22 300 M M 0 28 300
23 41 19 30 M 35 0 M M M 11.2 16 350 M M 5 1 24 350
24 41 10 26 M 39 0 0.00 0.0 M 10.7 18 190 M M 0 29 190
25 54 34 44 M 21 0 0.00 0.0 0 11.1 16 220 M M 3 25 220
26 70 28 49 M 16 0 0.00 M M 11.7 24 180 M M 1 35 180
27 57 16 37 M 28 0 M M M 15.1 27 330 M M 3 1 43 330
28 18 5 12 M 53 0 M M M 17.1 31 330 M M 4 8 38 330
29 52 7 30 M 35 0 M M M 14.1 22 190 M M 0 38 200
================================================================================
SM 1270 678 906 0 0.01 0.0 324.8 M 91
================================================================================
AV 43.8 23.4 11.2 FASTST M M 3 MAX(MPH)
MISC ----> 31 330 43 330
================================================================================
NOTES:
# LAST OF SEVERAL OCCURRENCES
COLUMN 17 PEAK WIND IN M.P.H.
PRELIMINARY LOCAL CLIMATOLOGICAL DATA (WS FORM: F-6) , PAGE 2
STATION: PRESTON MN
MONTH: FEBRUARY
YEAR: 2024
LATITUDE: 43 40 N
LONGITUDE: 92 11 W
[TEMPERATURE DATA] [PRECIPITATION DATA] SYMBOLS USED IN COLUMN 16
AVERAGE MONTHLY: 33.6 TOTAL FOR MONTH: 0.01 1 = FOG OR MIST
DPTR FM NORMAL: 0.0 DPTR FM NORMAL: M 2 = FOG REDUCING VISIBILITY
HIGHEST: 70 ON 26 GRTST 24HR 0.01 ON 8- 8 TO 1/4 MILE OR LESS
LOWEST: 5 ON 28,17 3 = THUNDER
SNOW, ICE PELLETS, HAIL 4 = ICE PELLETS
TOTAL MONTH: 0.0 INCH 5 = HAIL
GRTST 24HR 0.0 6 = FREEZING RAIN OR DRIZZLE
GRTST DEPTH: 0 7 = DUSTSTORM OR SANDSTORM:
VSBY 1/2 MILE OR LESS
8 = SMOKE OR HAZE
[NO. OF DAYS WITH] [WEATHER - DAYS WITH] 9 = BLOWING SNOW
X = TORNADO
MAX 32 OR BELOW: 3 0.01 INCH OR MORE: 1
MAX 90 OR ABOVE: 0 0.10 INCH OR MORE: 0
MIN 32 OR BELOW: 26 0.50 INCH OR MORE: 0
MIN 0 OR BELOW: 0 1.00 INCH OR MORE: 0
[HDD (BASE 65) ]
TOTAL THIS MO. 906 CLEAR (SCALE 0-3) 16
DPTR FM NORMAL M PTCLDY (SCALE 4-7) 10
TOTAL FM JUL 1 4595 CLOUDY (SCALE 8-10) 3
DPTR FM NORMAL M
[CDD (BASE 65) ]
TOTAL THIS MO. 0
DPTR FM NORMAL M [PRESSURE DATA]
TOTAL FM JAN 1 0 HIGHEST SLP M ON M
DPTR FM NORMAL M LOWEST SLP M ON M
[REMARKS]
#FINAL-02-24#