000
CXUS56 KFGZ 012359
CF6FLG
PRELIMINARY LOCAL CLIMATOLOGICAL DATA (WS FORM: F-6)
STATION: FLAGSTAFF AZ AIRPORT
MONTH: DECEMBER
YEAR: 2020
LATITUDE: 35 7 N
LONGITUDE: 111 40 W
TEMPERATURE IN F: :PCPN: SNOW: WIND :SUNSHINE: SKY :PK WND
================================================================================
1 2 3 4 5 6A 6B 7 8 9 10 11 12 13 14 15 16 17 18
12Z AVG MX 2MIN
DY MAX MIN AVG DEP HDD CDD WTR SNW DPTH SPD SPD DIR MIN PSBL S-S WX SPD DR
================================================================================
1 51 19 35 3 30 0 0.00 0.0 0 5.9 16 60 M M 0 21 50
2 35 23 29 -2 36 0 T T 0 17.5 29 30 M M 1 42 30
3 38 21 30 -1 35 0 0.00 0.0 0 12.7 25 40 M M 0 33 20
4 48 12 30 -1 35 0 0.00 0.0 0 5.8 24 60 M M 0 31 60
5 52 11 32 1 33 0 0.00 0.0 0 2.3 13 80 M M 0 17 60
6 56 12 34 4 31 0 0.00 0.0 0 1.6 14 60 M M 0 16 70
7 50 12 31 1 34 0 0.00 0.0 0 7.6 20 70 M M 0 30 70
8 52 21 37 7 28 0 0.00 0.0 0 7.2 15 60 M M 0 20 40
9 56 15 36 6 29 0 0.00 0.0 0 3.0 17 210 M M 1 20 210
10 41 29 35 5 30 0 0.14 T 0 4.6 21 230 M M 8 12 27 220
11 43 29 36 6 29 0 0.00 0.0 0 9.3 20 230 M M 4 25 230
12 35 17 26 -4 39 0 0.05 0.5 1 11.1 29 220 M M 6 18 40 220
13 35 17 26 -4 39 0 0.00 0.0 0 10.5 32 60 M M 0 43 60
14 37 16 27 -2 38 0 T T T 8.2 22 230 M M 4 8 27 230
15 37 5 21 -8 44 0 0.00 0.0 0 5.0 23 50 M M 0 31 60
16 47 9 28 -1 37 0 0.00 0.0 0 2.6 12 80 M M 0 16 60
17 41 13 27 -2 38 0 0.00 0.0 0 6.6 23 230 M M 1 27 210
18 40 14 27 -2 38 0 0.00 0.0 0 5.7 18 50 M M 1 23 60
19 55 8 32 3 33 0 0.00 0.0 0 1.2 13 60 M M 0 15 80
20 53 12 33 4 32 0 0.00 0.0 M 2.7 13 50 M M 0 16 80
21 53 16 35 6 30 0 0.00 0.0 0 4.4 17 70 M M 0 21 70
22 49 18 34 5 31 0 0.00 0.0 0 7.9 29 230 M M 0 35 240
23 31 16 24 -5 41 0 0.00 0.0 0 12.4 31 60 M M 0 40 60
24 36 6 21 -8 44 0 0.00 0.0 0 5.3 18 80 M M 0 26 90
25 49 15 32 3 33 0 0.00 0.0 0 2.6 14 40 M M 0 16 40
26 53 18 36 7 29 0 0.00 0.0 0 7.1 21 220 M M 0 27 240
27 47 21 34 5 31 0 0.00 0.0 0 3.6 16 220 M M 5 22 190
28 41 17 29 0 36 0 0.17 2.5 0 8.8 32 230 M M 6 12 42 230
29 34 15 25 -4 40 0 T T 2 5.2 20 50 M M 7 1 28 40
30 34 15 25 -4 40 0 0.00 0.0 1 12.0 32 60 M M 0 40 70
31 39 9 24 -5 41 0 0.00 0.0 1 4.0 16 50 M M 3 21 50
================================================================================
SM 1368 481 1084 0 0.36 3.0 204.4 M 47
================================================================================
AV 44.1 15.5 6.6 FASTST M M 2 MAX(MPH)
MISC ----> # 32 60 43 60
================================================================================
NOTES:
# LAST OF SEVERAL OCCURRENCES
COLUMN 17 PEAK WIND IN M.P.H.
PRELIMINARY LOCAL CLIMATOLOGICAL DATA (WS FORM: F-6) , PAGE 2
STATION: FLAGSTAFF AZ AIRPORT
MONTH: DECEMBER
YEAR: 2020
LATITUDE: 35 7 N
LONGITUDE: 111 40 W
[TEMPERATURE DATA] [PRECIPITATION DATA] SYMBOLS USED IN COLUMN 16
AVERAGE MONTHLY: 29.8 TOTAL FOR MONTH: 0.36 1 = FOG OR MIST
DPTR FM NORMAL: 0.2 DPTR FM NORMAL: -1.51 2 = FOG REDUCING VISIBILITY
HIGHEST: 56 ON 9, 6 GRTST 24HR 0.17 ON 28-28 TO 1/4 MILE OR LESS
LOWEST: 5 ON 15 3 = THUNDER
SNOW, ICE PELLETS, HAIL 4 = ICE PELLETS
TOTAL MONTH: 3.0 INCHES 5 = HAIL
GRTST 24HR 2.5 ON 28-28 6 = FREEZING RAIN OR DRIZZLE
GRTST DEPTH: 2 ON 29 7 = DUSTSTORM OR SANDSTORM:
VSBY 1/2 MILE OR LESS
8 = SMOKE OR HAZE
[NO. OF DAYS WITH] [WEATHER - DAYS WITH] 9 = BLOWING SNOW
X = TORNADO
MAX 32 OR BELOW: 1 0.01 INCH OR MORE: 3
MAX 90 OR ABOVE: 0 0.10 INCH OR MORE: 2
MIN 32 OR BELOW: 31 0.50 INCH OR MORE: 0
MIN 0 OR BELOW: 0 1.00 INCH OR MORE: 0
[HDD (BASE 65) ]
TOTAL THIS MO. 1084 CLEAR (SCALE 0-3) 23
DPTR FM NORMAL -12 PTCLDY (SCALE 4-7) 8
TOTAL FM JUL 1 2441 CLOUDY (SCALE 8-10) 0
DPTR FM NORMAL -388
[CDD (BASE 65) ]
TOTAL THIS MO. 0
DPTR FM NORMAL 0 [PRESSURE DATA]
TOTAL FM JAN 1 275 HIGHEST SLP 30.62 ON 24
DPTR FM NORMAL 158 LOWEST SLP 29.71 ON 28
[REMARKS]
#FINAL-12-20#