000
CXUS52 KMFL 011000
CF6FLL
PRELIMINARY LOCAL CLIMATOLOGICAL DATA (WS FORM: F-6)
STATION: FORT LAUDERDALE
MONTH: MAY
YEAR: 2020
LATITUDE: 26 4 N
LONGITUDE: 80 9 W
TEMPERATURE IN F: :PCPN: SNOW: WIND :SUNSHINE: SKY :PK WND
================================================================================
1 2 3 4 5 6A 6B 7 8 9 10 11 12 13 14 15 16 17 18
12Z AVG MX 2MIN
DY MAX MIN AVG DEP HDD CDD WTR SNW DPTH SPD SPD DIR MIN PSBL S-S WX SPD DR
================================================================================
1 81 62 72 -6 0 7 0.00 0.0 0 7.3 14 70 M M 2 19 20
2 83 66 75 -3 0 10 0.00 0.0 0 8.2 17 100 M M 5 23 80
3 82 68 75 -3 0 10 0.00 0.0 0 8.5 15 110 M M 4 19 100
4 84 67 76 -2 0 11 0.00 0.0 0 6.2 14 120 M M 1 23 120
5 87 71 79 0 0 14 0.00 0.0 0 7.3 18 140 M M 2 23 130
6 91 72 82 3 0 17 0.00 0.0 0 8.0 20 140 M M 5 23 240
7 86 69 78 -1 0 13 0.00 0.0 0 9.5 17 40 M M 5 23 50
8 82 67 75 -4 0 10 0.00 0.0 0 8.5 17 110 M M 4 23 100
9 86 69 78 -1 0 13 0.00 0.0 0 9.1 18 100 M M 4 23 100
10 79 70 75 -4 0 10 0.23 0.0 0 7.9 20 110 M M 10 22 100
11 85 69 77 -3 0 12 0.01 0.0 0 10.8 22 60 M M 7 28 50
12 85 75 80 0 0 15 0.00 0.0 0 13.4 22 60 M M 5 29 70
13 84 76 80 0 0 15 0.00 0.0 0 18.3 26 90 M M 6 33 90
14 81 75 78 -2 0 13 0.01 0.0 0 18.0 31 100 M M 9 1 36 100
15 81 72 77 -3 0 12 3.04 0.0 0 11.1 23 60 M M 9 1 31 60
16 91 72 82 2 0 17 1.32 0.0 0 9.0 22 350 M M 8 138 31 360
17 90 72 81 1 0 16 0.10 0.0 0 6.0 22 200 M M 6 13 26 200
18 87 70 79 -1 0 14 3.31 0.0 0 5.5 18 290 M M 7 123 28 280
19 89 74 82 1 0 17 0.29 0.0 0 9.7 25 240 M M 7 13 30 230
20 87 76 82 1 0 17 0.06 0.0 0 5.7 20 140 M M 6 13 24 130
21 88 74 81 0 0 16 0.15 0.0 0 6.8 18 120 M M 5 13 24 60
22 87 73 80 -1 0 15 0.20 0.0 0 12.2 22 100 M M 5 3 26 100
23 87 79 83 2 0 18 0.05 0.0 0 14.3 21 100 M M 8 25 100
24 81 73 77 -4 0 12 2.05 0.0 0 14.6 29 100 M M 10 123 35 100
25 79 73 76 -6 0 11 4.03 0.0 0 12.8 28 160 M M 9 13 36 160
26 89 73 81 -1 0 16 1.20 0.0 0 8.8 24 310 M M 7 13 33 320
27 89 75 82 0 0 17 0.02 0.0 0 6.9 25 240 M M 6 3 37 240
28 89 78 84 2 0 19 0.00 0.0 0 10.4 18 140 M M 5 23 140
29 88 79 84 2 0 19 T 0.0 0 12.7 18 130 M M 6 23 140
30 88 80 84 2 0 19 0.00 0.0 0 10.8 16 130 M M 5 23 110
31 88 77 83 1 0 18 0.00 0.0 0 6.8 15 140 M M 6 20 130
================================================================================
SM 2654 2246 0 443 16.07 0.0 305.1 M 184
================================================================================
AV 85.6 72.5 9.8 FASTST M M 6 MAX(MPH)
MISC ----> # 31 100 # 37 240
================================================================================
NOTES:
# LAST OF SEVERAL OCCURRENCES
COLUMN 17 PEAK WIND IN M.P.H.
PRELIMINARY LOCAL CLIMATOLOGICAL DATA (WS FORM: F-6) , PAGE 2
STATION: FORT LAUDERDALE
MONTH: MAY
YEAR: 2020
LATITUDE: 26 4 N
LONGITUDE: 80 9 W
[TEMPERATURE DATA] [PRECIPITATION DATA] SYMBOLS USED IN COLUMN 16
AVERAGE MONTHLY: 79.0 TOTAL FOR MONTH: 16.07 1 = FOG OR MIST
DPTR FM NORMAL: -1.2 DPTR FM NORMAL: 11.42 2 = FOG REDUCING VISIBILITY
HIGHEST: 91 ON 16, 6 GRTST 24HR 4.03 ON 25-25 TO 1/4 MILE OR LESS
LOWEST: 62 ON 1 3 = THUNDER
SNOW, ICE PELLETS, HAIL 4 = ICE PELLETS
TOTAL MONTH: 0.0 INCH 5 = HAIL
GRTST 24HR 0.0 6 = FREEZING RAIN OR DRIZZLE
GRTST DEPTH: 0 7 = DUSTSTORM OR SANDSTORM:
VSBY 1/2 MILE OR LESS
8 = SMOKE OR HAZE
[NO. OF DAYS WITH] [WEATHER - DAYS WITH] 9 = BLOWING SNOW
X = TORNADO
MAX 32 OR BELOW: 0 0.01 INCH OR MORE: 16
MAX 90 OR ABOVE: 3 0.10 INCH OR MORE: 11
MIN 32 OR BELOW: 0 0.50 INCH OR MORE: 6
MIN 0 OR BELOW: 0 1.00 INCH OR MORE: 6
[HDD (BASE 65) ]
TOTAL THIS MO. 0 CLEAR (SCALE 0-3) 3
DPTR FM NORMAL 0 PTCLDY (SCALE 4-7) 23
TOTAL FM JUL 1 70 CLOUDY (SCALE 8-10) 5
DPTR FM NORMAL -42
[CDD (BASE 65) ]
TOTAL THIS MO. 443
DPTR FM NORMAL -28 [PRESSURE DATA]
TOTAL FM JAN 1 1671 HIGHEST SLP 30.15 ON 13
DPTR FM NORMAL 253 LOWEST SLP 29.78 ON 16
[REMARKS]
#FINAL-05-20#