000
CXUS52 KILM 022138
CLMFLO
CLIMATE REPORT
NATIONAL WEATHER SERVICE WILMINGTON NC
538 PM EDT THU NOV 02 2023
...................................
...THE FLORENCE SOUTH CAROLINA CLIMATE SUMMARY FOR THE MONTH OF OCTOBER 2023...
CLIMATE NORMAL PERIOD 1991 TO 2020
CLIMATE RECORD PERIOD 1948 TO 2023
WEATHER OBSERVED NORMAL DEPART LAST YEAR`S
VALUE DATE(S) VALUE FROM VALUE DATE(S)
NORMAL
................................................................
TEMPERATURE (F)
RECORD
HIGH 102 10/06/1954
LOW 27 10/27/1962
HIGHEST 86 10/30 MM MM 84 10/07
10/16
LOWEST 37 10/24 MM MM 32 10/19
AVG. MAXIMUM 76.9 76.7 0.2 74.2
AVG. MINIMUM 52.5 54.3 -1.8 49.6
MEAN 64.7 65.5 -0.8 61.9
DAYS MAX >= 90 0 0.4 -0.4 0
DAYS MAX <= 32 0 0.0 0.0 0
DAYS MIN <= 32 0 0.3 -0.3 1
DAYS MIN <= 0 0 0.0 0.0 0
PRECIPITATION (INCHES)
RECORD
MAXIMUM 14.71 2015
MINIMUM 0.00 2000
TOTALS 0.98 3.42 -2.44 0.48
DAILY AVG. 0.03 0.11 -0.08
DAYS >= .01 4 6.7 -2.7
DAYS >= .10 2 4.4 -2.4
DAYS >= .50 1 2.0 -1.0
DAYS >= 1.00 0 1.0 -1.0
GREATEST
24 HR. TOTAL 0.81 10/11 TO 10/12
DEGREE DAYS
HEATING TOTAL 80 88 -8 121
SINCE 7/1 81 95 -14
COOLING TOTAL 77 104 -27 32
SINCE 1/1 2087 2234 -147
FREEZE DATES
RECORD
EARLIEST 10/14/1988
LATEST 04/20/1983
EARLIEST MM
LATEST 03/21
................................................................
WIND (MPH)
AVERAGE WIND SPEED 5.8
RESULTANT WIND SPEED/DIRECTION 2/350
HIGHEST WIND SPEED/DIRECTION 38/300 DATE 10/20
HIGHEST GUST SPEED/DIRECTION 55/300 DATE 10/20
SKY COVER
AVERAGE SKY COVER 0.24
AVERAGE RH (PERCENT) 67
WEATHER CONDITIONS. NUMBER OF DAYS WITH
THUNDERSTORM 1 MIXED PRECIP MM
HEAVY RAIN 2 RAIN 2
LIGHT RAIN 9 FREEZING RAIN 0
LT FREEZING RAIN 0 HAIL MM
HEAVY SNOW 0 SNOW 0
LIGHT SNOW 0 SLEET MM
FOG 12 FOG W/VIS <= 1/4 MILE 5
HAZE 3
- INDICATES NEGATIVE NUMBERS.
R INDICATES RECORD WAS SET OR TIED.
MM INDICATES DATA IS MISSING.
T INDICATES TRACE AMOUNT.
$$