000
CXUS52 KILM 011401
CLMFLO
CLIMATE REPORT
NATIONAL WEATHER SERVICE WILMINGTON NC
1001 AM EDT SAT JUL 01 2023
...................................
...THE FLORENCE SOUTH CAROLINA CLIMATE SUMMARY FOR THE MONTH OF JUNE 2023...
CLIMATE NORMAL PERIOD 1991 TO 2020
CLIMATE RECORD PERIOD 1948 TO 2023
WEATHER OBSERVED NORMAL DEPART LAST YEAR`S
VALUE DATE(S) VALUE FROM VALUE DATE(S)
NORMAL
................................................................
TEMPERATURE (F)
RECORD
HIGH 108 06/27/1954
LOW 47 06/02/1966
HIGHEST 92 06/26 MM MM 102 06/13
LOWEST 54 06/10 MM MM 56 06/20
AVG. MAXIMUM 86.2 89.2 -3.0 94.0
AVG. MINIMUM 64.8 69.0 -4.2 70.3
MEAN 75.5 79.1 -3.6 82.2
DAYS MAX >= 90 9 15.3 -6.3 24
DAYS MAX <= 32 0 0.0 0.0 0
DAYS MIN <= 32 0 0.0 0.0 0
DAYS MIN <= 0 0 0.0 0.0 0
PRECIPITATION (INCHES)
RECORD
MAXIMUM 9.29 1961
MINIMUM 0.17 2008
TOTALS 3.26 4.61 -1.35 2.56
DAILY AVG. 0.11 0.15 -0.04
DAYS >= .01 11 10.2 0.8
DAYS >= .10 6 7.0 -1.0
DAYS >= .50 2 3.1 -1.1
DAYS >= 1.00 1 1.2 -0.2
GREATEST
24 HR. TOTAL 1.43 06/19 TO 06/20
DEGREE DAYS
HEATING TOTAL 0 1 -1 0
SINCE 7/1 2015 2333 -318
COOLING TOTAL 326 424 -98 523
SINCE 1/1 641 783 -142
FREEZE DATES
RECORD
EARLIEST 10/14/1988
LATEST 04/20/1983
EARLIEST 10/19 10/19
LATEST 03/21 03/28
................................................................
WIND (MPH)
AVERAGE WIND SPEED 6.3
RESULTANT WIND SPEED/DIRECTION 1/220
HIGHEST WIND SPEED/DIRECTION 31/240 DATE 06/19
HIGHEST GUST SPEED/DIRECTION 38/240 DATE 06/19
SKY COVER
AVERAGE SKY COVER 0.34
AVERAGE RH (PERCENT) 69
WEATHER CONDITIONS. NUMBER OF DAYS WITH
THUNDERSTORM 11 MIXED PRECIP MM
HEAVY RAIN 5 RAIN 6
LIGHT RAIN 15 FREEZING RAIN 0
LT FREEZING RAIN 0 HAIL MM
HEAVY SNOW 0 SNOW 0
LIGHT SNOW 0 SLEET MM
FOG 11 FOG W/VIS <= 1/4 MILE 0
HAZE 5
- INDICATES NEGATIVE NUMBERS.
R INDICATES RECORD WAS SET OR TIED.
MM INDICATES DATA IS MISSING.
T INDICATES TRACE AMOUNT.
$$