000
CXUS54 KLZK 011230
CF6FLP
PRELIMINARY LOCAL CLIMATOLOGICAL DATA (WS FORM: F-6)
STATION: FLIPPIN
MONTH: MAY
YEAR: 2023
LATITUDE: 36 17 N
LONGITUDE: 92 28 W
TEMPERATURE IN F: :PCPN: SNOW: WIND :SUNSHINE: SKY :PK WND
================================================================================
1 2 3 4 5 6A 6B 7 8 9 10 11 12 13 14 15 16 17 18
12Z AVG MX 2MIN
DY MAX MIN AVG DEP HDD CDD WTR SNW DPTH SPD SPD DIR MIN PSBL S-S WX SPD DR
================================================================================
1 67 44 56 M 9 0 0.00 M M 9.4 20 300 M M 0 32 280
2 70 36 53 M 12 0 0.00 M M 7.0 16 310 M M 0 27 310
3 76 37 57 M 8 0 0.00 M M 2.6 8 30 M M 0 M M
4 69 41 55 M 10 0 0.24 M M 1.1 9 250 M M 3 1 M M
5 64 55 60 M 5 0 0.21 M M 5.0 9 120 M M 10 M M
6 86 63 75 M 0 10 0.00 M M 6.0 10 140 M M 6 18 20 190
7 84 69 77 M 0 12 T M M 4.2 12 200 M M 2 1 18 200
8 89 66 78 M 0 13 0.00 M M 4.6 14 210 M M 2 1 21 210
9 87 64 76 M 0 11 0.00 M M 3.3 8 340 M M 2 M M
10 83 62 73 M 0 8 0.45 M M 4.7 9 90 M M 5 13 18 160
11 73 65 69 M 0 4 1.06 M M 4.1 8 110 M M 8 1 M M
12 81 66 74 M 0 9 T M M 4.0 12 20 M M 5 1 20 30
13 88 67 78 M 0 13 0.18 M M 3.9 10 240 M M 3 1 17 240
14 86 63 75 M 0 10 0.02 M M 1.4 8 80 M M 1 1 M M
15 87 65 76 M 0 11 0.10 M M 3.0 10 240 M M 7 12 18 190
16 74 65 70 M 0 5 T M M 5.3 9 320 M M 10 1 M M
17 79 60 70 M 0 5 0.00 M M 1.7 8 20 M M 7 M M
18 82 57 70 M 0 5 0.00 M M 1.2 6 80 M M 1 12 M M
19 76 57 67 M 0 2 0.85 M M 2.3 9 10 M M 5 1 16 360
20 74 55 65 M 0 0 0.02 M M 6.2 13 350 M M 3 1 18 350
21 76 50 63 M 2 0 0.00 M M 0.6 4 20 M M 0 M M
22 79 51 65 M 0 0 0.00 M M 1.5 6 70 M M 1 12 M M
23 81 51 66 M 0 1 0.00 M M 1.5 6 110 M M 2 M M
24 83 60 72 M 0 7 0.00 M M 2.4 7 60 M M 1 1 M M
25 85 58 72 M 0 7 0.00 M M 2.1 7 20 M M 1 M M
26 80 55 68 M 0 3 0.00 M M 3.2 8 100 M M 1 8 M M
27 81 48 65 M 0 0 0.00 M M 1.7 8 10 M M 0 M M
28 82 49 66 M 0 1 0.00 M M 1.5 6 60 M M 0 M M
29 85 53 69 M 0 4 0.00 M M 1.2 7 110 M M 0 M M
30 86 57 72 M 0 7 0.00 M M 1.2 5 99 M M 2 1 M M
31 87 62 75 M 0 10 0.00 M M 1.7 6 99 M M 1 1 M M
================================================================================
SM 2480 1751 46 158 3.13 M 99.6 M 89
================================================================================
AV 80.0 56.5 3.2 FASTST M M 3 MAX(MPH)
MISC ----> 20 300 32 280
================================================================================
NOTES:
# LAST OF SEVERAL OCCURRENCES
COLUMN 17 PEAK WIND IN M.P.H.
PRELIMINARY LOCAL CLIMATOLOGICAL DATA (WS FORM: F-6) , PAGE 2
STATION: FLIPPIN
MONTH: MAY
YEAR: 2023
LATITUDE: 36 17 N
LONGITUDE: 92 28 W
[TEMPERATURE DATA] [PRECIPITATION DATA] SYMBOLS USED IN COLUMN 16
AVERAGE MONTHLY: 68.2 TOTAL FOR MONTH: 3.13 1 = FOG OR MIST
DPTR FM NORMAL: 0.0 DPTR FM NORMAL: M 2 = FOG REDUCING VISIBILITY
HIGHEST: 89 ON 8 GRTST 24HR 1.50 ON 10-11 TO 1/4 MILE OR LESS
LOWEST: 36 ON 2 3 = THUNDER
SNOW, ICE PELLETS, HAIL 4 = ICE PELLETS
TOTAL MONTH: M 5 = HAIL
GRTST 24HR M ON M 6 = FREEZING RAIN OR DRIZZLE
GRTST DEPTH: M ON M 7 = DUSTSTORM OR SANDSTORM:
VSBY 1/2 MILE OR LESS
8 = SMOKE OR HAZE
[NO. OF DAYS WITH] [WEATHER - DAYS WITH] 9 = BLOWING SNOW
X = TORNADO
MAX 32 OR BELOW: 0 0.01 INCH OR MORE: 9
MAX 90 OR ABOVE: 0 0.10 INCH OR MORE: 7
MIN 32 OR BELOW: 0 0.50 INCH OR MORE: 2
MIN 0 OR BELOW: 0 1.00 INCH OR MORE: 1
[HDD (BASE 65) ]
TOTAL THIS MO. 46 CLEAR (SCALE 0-3) 21
DPTR FM NORMAL M PTCLDY (SCALE 4-7) 8
TOTAL FM JUL 1 3252 CLOUDY (SCALE 8-10) 2
DPTR FM NORMAL M
[CDD (BASE 65) ]
TOTAL THIS MO. 158
DPTR FM NORMAL M [PRESSURE DATA]
TOTAL FM JAN 1 193 HIGHEST SLP 30.18 ON 27
DPTR FM NORMAL M LOWEST SLP 29.89 ON 30
[REMARKS]
#FINAL-05-23#