000
CXUS54 KLZK 011130
CF6FLP
PRELIMINARY LOCAL CLIMATOLOGICAL DATA (WS FORM: F-6)
STATION: Flippin
MONTH: APRIL
YEAR: 2020
LATITUDE: 36 17 N
LONGITUDE: 92 28 W
TEMPERATURE IN F: :PCPN: SNOW: WIND :SUNSHINE: SKY :PK WND
================================================================================
1 2 3 4 5 6A 6B 7 8 9 10 11 12 13 14 15 16 17 18
12Z AVG MX 2MIN
DY MAX MIN AVG DEP HDD CDD WTR SNW DPTH SPD SPD DIR MIN PSBL S-S WX SPD DR
================================================================================
1 73 38 56 M 9 0 0.00 M M 2.8 6 110 M M 0 M M
2 76 52 64 M 1 0 T M M 5.8 12 140 M M 0 21 140
3 68 43 56 M 9 0 0.50 M M 3.1 10 290 M M 9 13 M M
4 46 42 44 M 21 0 T M M 4.7 9 320 M M 10 1 M M
5 67 46 57 M 8 0 0.00 M M 0.8 6 260 M M 9 M M
6 75 48 62 M 3 0 0.00 M M 2.0 9 210 M M 6 12 M M
7 84 58 71 M 0 6 0.00 M M 3.5 10 240 M M 3 18 99
8 92 56 74 M 0 9 0.00 M M 4.3 14 350 M M 1 123 32 20
9 69 51 60 M 5 0 0.00 M M 7.7 15 290 M M 2 29 10
10 62 36 49 M 16 0 0.00 M M 4.1 10 40 M M 0 18 10
11 71 44 58 M 7 0 0.12 M M 5.2 12 160 M M 4 3 18 160
12 66 39 53 M 12 0 2.18 M M 6.1 16 200 M M 7 13 40 300
13 50 36 43 M 22 0 0.00 M M 10.1 16 320 M M 8 31 340
14 52 33 43 M 22 0 0.02 M M 2.8 8 240 M M 7 8 M M
15 63 27 45 M 20 0 0.00 M M 5.0 16 260 M M 1 21 260
16 69 35 52 M 13 0 0.00 M M 6.3 15 160 M M 0 23 200
17 63 43 53 M 12 0 T M M 7.2 15 330 M M 8 20 310
18 68 29 49 M 16 0 0.00 M M 3.6 10 350 M M 1 18 M M
19 M M M M M M 0.20 M M 2.2 8 30 M M 8 13 M M
20 78 39 59 M 6 0 T M M 6.2 15 230 M M 3 12 23 250
21 78 46 62 M 3 0 0.00 M M 3.3 14 320 M M 0 21 320
22 61 48 55 M 10 0 0.42 M M 4.8 9 130 M M 7 13 M M
23 70 51 61 M 4 0 0.12 M M 7.1 15 320 M M 7 1 23 310
24 70 45 58 M 7 0 0.04 M M 2.2 6 120 M M 4 13 M M
25 68 48 58 M 7 0 0.11 M M 11.3 20 310 M M 7 35 310
26 73 41 57 M 8 0 0.10 M M 2.2 9 330 M M 2 M M
27 69 51 60 M 5 0 0.17 M M 4.1 10 120 M M 6 3 M M
28 79 59 69 M 0 4 0.71 M M 5.8 13 170 M M 6 13 20 180
29 65 55 60 M 5 0 0.07 M M 10.7 18 290 M M 6 32 290
30 74 47 61 M 4 0 0.02 M M 6.0 15 290 M M 0 21 330
================================================================================
SM 1999 1286 255 19 4.78 M 151.0 M 132
================================================================================
AV 68.9 44.3 5.0 FASTST M M 4 MAX(MPH)
MISC ----> # 20 310 # 40 300
================================================================================
NOTES:
# LAST OF SEVERAL OCCURRENCES
COLUMN 17 PEAK WIND IN M.P.H.
PRELIMINARY LOCAL CLIMATOLOGICAL DATA (WS FORM: F-6) , PAGE 2
STATION: Flippin
MONTH: APRIL
YEAR: 2020
LATITUDE: 36 17 N
LONGITUDE: 92 28 W
[TEMPERATURE DATA] [PRECIPITATION DATA] SYMBOLS USED IN COLUMN 16
AVERAGE MONTHLY: 56.6 TOTAL FOR MONTH: 4.78 1 = FOG OR MIST
DPTR FM NORMAL: M DPTR FM NORMAL: M 2 = FOG REDUCING VISIBILITY
HIGHEST: 92 ON 8 GRTST 24HR 2.18 ON 12-12 TO 1/4 MILE OR LESS
LOWEST: 27 ON 15 3 = THUNDER
SNOW, ICE PELLETS, HAIL 4 = ICE PELLETS
TOTAL MONTH: M 5 = HAIL
GRTST 24HR M ON M 6 = FREEZING RAIN OR DRIZZLE
GRTST DEPTH: M ON M 7 = DUSTSTORM OR SANDSTORM:
VSBY 1/2 MILE OR LESS
8 = SMOKE OR HAZE
[NO. OF DAYS WITH] [WEATHER - DAYS WITH] 9 = BLOWING SNOW
X = TORNADO
MAX 32 OR BELOW: 0 0.01 INCH OR MORE: 14
MAX 90 OR ABOVE: 1 0.10 INCH OR MORE: 10
MIN 32 OR BELOW: 2 0.50 INCH OR MORE: 3
MIN 0 OR BELOW: 0 1.00 INCH OR MORE: 1
[HDD (BASE 65) ]
TOTAL THIS MO. 255 CLEAR (SCALE 0-3) 12
DPTR FM NORMAL M PTCLDY (SCALE 4-7) 14
TOTAL FM JUL 1 3515 CLOUDY (SCALE 8-10) 4
DPTR FM NORMAL M
[CDD (BASE 65) ]
TOTAL THIS MO. 19
DPTR FM NORMAL M [PRESSURE DATA]
TOTAL FM JAN 1 39 HIGHEST SLP 30.37 ON 14
DPTR FM NORMAL M LOWEST SLP 29.40 ON 12
[REMARKS]
#FINAL-04-20#