000
CXUS53 KOAX 221700
CF6FNB
PRELIMINARY LOCAL CLIMATOLOGICAL DATA (WS FORM: F-6)
STATION: FALLS CITY NE
MONTH: DECEMBER
YEAR: 2020
LATITUDE: 40 4 N
LONGITUDE: 95 35 W
TEMPERATURE IN F: :PCPN: SNOW: WIND :SUNSHINE: SKY :PK WND
================================================================================
1 2 3 4 5 6A 6B 7 8 9 10 11 12 13 14 15 16 17 18
12Z AVG MX 2MIN
DY MAX MIN AVG DEP HDD CDD WTR SNW DPTH SPD SPD DIR MIN PSBL S-S WX SPD DR
================================================================================
1 50 18 34 1 31 0 0.00 M M 7.8 17 120 M M 0 22 110
2 47 24 36 3 29 0 0.00 M M 5.5 12 340 M M 1 18 340
3 46 20 33 1 32 0 0.00 M M 5.0 12 330 M M 0 1 18 340
4 56 21 39 7 26 0 0.00 M M 5.7 13 300 M M 0 17 290
5 49 24 37 5 28 0 0.00 M M 8.1 18 290 M M 0 23 340
6 45 28 37 6 28 0 0.00 M M 8.5 18 320 M M 3 18 23 320
7 56 22 39 8 26 0 0.00 M M 4.8 13 310 M M 3 12 16 320
8 61 23 42 11 23 0 0.00 M M 6.2 15 240 M M 0 20 230
9 66 34 50 20 15 0 0.00 M M 5.2 16 310 M M 0 19 300
10 64 31 48 18 17 0 0.00 M M 5.5 13 340 M M 0 20 340
11 41 34 38 8 27 0 0.11 M M 8.9 16 40 M M 9 1 23 20
12 34 28 31 1 34 0 M M M 10.4 20 360 M M 10 1 28 350
13 29 17 23 -6 42 0 0.00 M M 7.1 17 300 M M 6 1 22 310
14 32 14 23 -6 42 0 0.00 M M 5.0 9 80 M M 0 15 90
15 27 19 23 -6 42 0 0.00 M M 6.7 12 80 M M 4 16 90
16 31 16 24 -4 41 0 0.00 M M 4.0 10 230 M M 6 18 14 200
17 47 21 34 6 31 0 0.00 M M 5.9 10 200 M M 0 1 14 190
18 55 27 41 13 24 0 0.00 M M 13.6 26 210 M M 0 40 210
19 38 20 29 1 36 0 0.00 M M 6.8 17 320 M M 1 24 320
20 51 23 37 9 28 0 0.00 M M 9.6 24 250 M M 1 34 260
21 58 30 44 16 21 0 0.00 M M 12.0 25 290 M M 0 32 280
22 64 24 44 16 21 0 0.00 M M 14.2 26 180 M M 0 43 190
23 57 19 38 11 27 0 T M M 25.3 38 300 M M 5 18 52 300
24 21 7 14 -13 51 0 0.00 M M 12.7 26 320 M M 1 36 300
25 42 5 24 -3 41 0 0.00 M M 5.5 14 230 M M 0 19 230
26 51 16 34 7 31 0 0.00 M M 5.9 12 100 M M 0 15 110
27 43 21 32 5 33 0 T M M 11.5 23 320 M M 5 36 330
28 35 23 29 2 36 0 0.00 M M 6.7 17 340 M M 5 26 330
29 33 24 29 2 36 0 0.98 M M 11.2 22 100 M M 10 16 31 110
30 34 14 24 -3 41 0 0.00 M M 8.8 23 310 M M 1 30 320
31 32 11 22 -5 43 0 0.00 M M 4.8 12 80 M M 0 1 15 200
================================================================================
SM 1395 658 983 0 1.09 M 258.9 M 71
================================================================================
AV 45.0 21.2 8.4 FASTST M M 2 MAX(MPH)
MISC ----> 38 300 52 300
================================================================================
NOTES:
# LAST OF SEVERAL OCCURRENCES
COLUMN 17 PEAK WIND IN M.P.H.
PRELIMINARY LOCAL CLIMATOLOGICAL DATA (WS FORM: F-6) , PAGE 2
STATION: FALLS CITY NE
MONTH: DECEMBER
YEAR: 2020
LATITUDE: 40 4 N
LONGITUDE: 95 35 W
[TEMPERATURE DATA] [PRECIPITATION DATA] SYMBOLS USED IN COLUMN 16
AVERAGE MONTHLY: 33.1 TOTAL FOR MONTH: 1.09 1 = FOG OR MIST
DPTR FM NORMAL: 4.1 DPTR FM NORMAL: 0.11 2 = FOG REDUCING VISIBILITY
HIGHEST: 66 ON 9 GRTST 24HR 0.98 ON 29-29 TO 1/4 MILE OR LESS
LOWEST: 5 ON 25 3 = THUNDER
SNOW, ICE PELLETS, HAIL 4 = ICE PELLETS
TOTAL MONTH: M 5 = HAIL
GRTST 24HR M ON M 6 = FREEZING RAIN OR DRIZZLE
GRTST DEPTH: M ON M 7 = DUSTSTORM OR SANDSTORM:
VSBY 1/2 MILE OR LESS
8 = SMOKE OR HAZE
[NO. OF DAYS WITH] [WEATHER - DAYS WITH] 9 = BLOWING SNOW
X = TORNADO
MAX 32 OR BELOW: 6 0.01 INCH OR MORE: 2
MAX 90 OR ABOVE: 0 0.10 INCH OR MORE: 2
MIN 32 OR BELOW: 29 0.50 INCH OR MORE: 1
MIN 0 OR BELOW: 0 1.00 INCH OR MORE: 0
[HDD (BASE 65) ]
TOTAL THIS MO. 983 CLEAR (SCALE 0-3) 22
DPTR FM NORMAL -131 PTCLDY (SCALE 4-7) 6
TOTAL FM JUL 1 2073 CLOUDY (SCALE 8-10) 3
DPTR FM NORMAL -192
[CDD (BASE 65) ]
TOTAL THIS MO. 0
DPTR FM NORMAL 0 [PRESSURE DATA]
TOTAL FM JAN 1 1252 HIGHEST SLP 30.50 ON 28
DPTR FM NORMAL 13 LOWEST SLP 29.30 ON 23
[REMARKS]
#FINAL-12-20#