000
CXUS55 KBOU 010900
CF6FNL
PRELIMINARY LOCAL CLIMATOLOGICAL DATA (WS FORM: F-6)
STATION: FT COLLINS/LOVELAND CO
MONTH: JULY
YEAR: 2022
LATITUDE: 40 27 N
LONGITUDE: 105 1 W
TEMPERATURE IN F: :PCPN: SNOW: WIND :SUNSHINE: SKY :PK WND
================================================================================
1 2 3 4 5 6A 6B 7 8 9 10 11 12 13 14 15 16 17 18
12Z AVG MX 2MIN
DY MAX MIN AVG DEP HDD CDD WTR SNW DPTH SPD SPD DIR MIN PSBL S-S WX SPD DR
================================================================================
1 87 54 71 M 0 6 M M M 6.3 38 330 M M 2 44 340
2 89 56 73 M 0 8 M M M 5.2 13 130 M M 0 17 130
3 93 58 76 M 0 11 M M M 8.8 23 300 M M 1 24 300
4 96 56 76 M 0 11 M M M 7.4 14 200 M M 0 38 21 220
5 91 62 77 M 0 12 M M M 7.6 21 310 M M 3 31 300
6 86 61 74 M 0 9 M M M 5.9 17 80 M M 6 8 20 350
7 88 58 73 M 0 8 M M M 6.9 16 50 M M 3 21 50
8 96 57 77 M 0 12 M M M 6.6 13 200 M M 0 8 18 110
9 104 59 82 M 0 17 M M M 6.0 13 150 M M 0 8 17 180
10 90 67 79 M 0 14 M M M 9.4 28 180 M M 1 3 36 180
11 81 62 72 M 0 7 M M M 11.0 28 20 M M 4 40 10
12 87 58 73 M 0 8 M M M 1.2 3 99 M M 0 M M
13 101 59 80 M 0 15 M M M 9.0 25 320 M M 2 35 340
14 101 63 82 M 0 17 M M M 7.0 22 310 M M 1 3 32 290
15 99 69 84 M 0 19 M M M 7.4 16 260 M M 1 38 32 230
16 89 66 78 M 0 13 M M M 6.6 13 230 M M 3 38 M M
17 99 59 79 M 0 14 M M M 5.9 15 110 M M 0 8 21 110
18 104 65 85 M 0 20 M M M 8.3 15 180 M M 0 8 21 180
19 99 69 84 M 0 19 M M M 6.8 17 310 M M 1 8 22 310
20 95 64 80 M 0 15 M M M 8.2 15 210 M M 1 8 16 190
21 99 59 79 M 0 14 M M M 5.9 15 230 M M 0 8 M M
22 100 68 84 M 0 19 M M M 8.5 18 360 M M 0 8 25 340
23 96 63 80 M 0 15 M M M 8.2 23 160 M M 1 3 32 320
24 80 60 70 M 0 5 M M M 6.8 18 340 M M 4 13 M M
25 93 59 76 M 0 11 M M M 7.0 15 200 M M 1 18 20 160
26 89 60 75 M 0 10 M M M 8.8 17 50 M M 2 23 30
27 90 60 75 M 0 10 M M M 7.4 29 20 M M 1 37 20
28 74 58 66 M 0 1 M M M 8.0 15 180 M M 5 3 20 180
29 84 60 72 M 0 7 M M M 7.2 16 160 M M 1 8 22 160
30 94 55 75 M 0 10 M M M 5.6 13 210 M M 0 18 20 150
31 91 61 76 M 0 11 M M M 6.6 26 280 M M 1 8 36 270
================================================================================
SM 2865 1885 0 368 M M 221.0 M 45
================================================================================
AV 92.4 60.8 7.1 FASTST M M 1 MAX(MPH)
MISC ----> 38 330 44 340
================================================================================
NOTES:
# LAST OF SEVERAL OCCURRENCES
COLUMN 17 PEAK WIND IN M.P.H.
PRELIMINARY LOCAL CLIMATOLOGICAL DATA (WS FORM: F-6) , PAGE 2
STATION: FT COLLINS/LOVELAND CO
MONTH: JULY
YEAR: 2022
LATITUDE: 40 27 N
LONGITUDE: 105 1 W
[TEMPERATURE DATA] [PRECIPITATION DATA] SYMBOLS USED IN COLUMN 16
AVERAGE MONTHLY: 76.6 TOTAL FOR MONTH: M 1 = FOG OR MIST
DPTR FM NORMAL: 0.0 DPTR FM NORMAL: M 2 = FOG REDUCING VISIBILITY
HIGHEST: 104 ON 9,18 GRTST 24HR 0.78 ON 28-28 TO 1/4 MILE OR LESS
LOWEST: 54 ON 1 3 = THUNDER
SNOW, ICE PELLETS, HAIL 4 = ICE PELLETS
TOTAL MONTH: M 5 = HAIL
GRTST 24HR M ON M 6 = FREEZING RAIN OR DRIZZLE
GRTST DEPTH: M ON M 7 = DUSTSTORM OR SANDSTORM:
VSBY 1/2 MILE OR LESS
8 = SMOKE OR HAZE
[NO. OF DAYS WITH] [WEATHER - DAYS WITH] 9 = BLOWING SNOW
X = TORNADO
MAX 32 OR BELOW: 0 0.01 INCH OR MORE: 0
MAX 90 OR ABOVE: 20 0.10 INCH OR MORE: 0
MIN 32 OR BELOW: 0 0.50 INCH OR MORE: 0
MIN 0 OR BELOW: 0 1.00 INCH OR MORE: 0
[HDD (BASE 65) ]
TOTAL THIS MO. 0 CLEAR (SCALE 0-3) 27
DPTR FM NORMAL M PTCLDY (SCALE 4-7) 4
TOTAL FM JUL 1 0 CLOUDY (SCALE 8-10) 0
DPTR FM NORMAL M
[CDD (BASE 65) ]
TOTAL THIS MO. 368
DPTR FM NORMAL M [PRESSURE DATA]
TOTAL FM JAN 1 582 HIGHEST SLP 30.17 ON 28
DPTR FM NORMAL M LOWEST SLP 29.75 ON 23
[REMARKS]
#FINAL-07-22#