000
CXUS52 KMLB 010636
CF6FPR
PRELIMINARY LOCAL CLIMATOLOGICAL DATA (WS FORM: F-6)
STATION: FORT PIERCE
MONTH: MARCH
YEAR: 2020
LATITUDE: 27 30 N
LONGITUDE: 80 22 W
TEMPERATURE IN F: :PCPN: SNOW: WIND :SUNSHINE: SKY :PK WND
================================================================================
1 2 3 4 5 6A 6B 7 8 9 10 11 12 13 14 15 16 17 18
12Z AVG MX 2MIN
DY MAX MIN AVG DEP HDD CDD WTR SNW DPTH SPD SPD DIR MIN PSBL S-S WX SPD DR
================================================================================
1 71 38 55 -11 10 0 0.00 0.0 0 5.2 13 330 M M 0 17 40
2 78 48 63 -3 2 0 0.01 0.0 0 8.9 24 130 M M 5 31 140
3 86 57 72 6 0 7 0.00 0.0 0 7.1 18 230 M M 3 26 220
4 89 60 75 9 0 10 0.00 0.0 0 7.4 16 200 M M 3 1 22 210
5 90 68 79 13 0 14 0.00 0.0 0 9.2 21 220 M M 0 27 190
6 77 53 65 -1 0 0 0.00 0.0 0 8.5 18 280 M M 5 25 280
7 68 48 58 -8 7 0 0.00 0.0 0 9.8 22 10 M M 6 31 360
8 74 64 69 3 0 4 T 0.0 0 13.9 25 100 M M 8 29 90
9 78 63 71 5 0 6 0.01 0.0 0 16.3 26 100 M M 6 35 90
10 78 69 74 8 0 9 0.00 0.0 0 13.2 21 120 M M 6 27 110
11 79 57 68 1 0 3 T 0.0 0 6.0 18 120 M M 2 23 120
12 80 58 69 2 0 4 0.00 0.0 0 5.3 14 90 M M 2 19 100
13 80 56 68 1 0 3 0.00 0.0 0 5.9 14 110 M M 1 19 120
14 82 59 71 4 0 6 0.00 0.0 0 7.0 16 110 M M 2 20 110
15 83 60 72 5 0 7 0.00 0.0 0 4.2 14 120 M M 1 1 18 80
16 82 58 70 3 0 5 0.00 0.0 0 6.2 15 100 M M 2 1 18 70
17 81 71 76 9 0 11 0.00 0.0 0 10.4 15 110 M M 1 21 120
18 82 61 72 5 0 7 0.00 0.0 0 8.0 17 100 M M 3 22 100
19 82 70 76 9 0 11 0.00 0.0 0 13.7 22 120 M M 3 29 120
20 82 71 77 9 0 12 0.00 0.0 0 13.0 21 130 M M 2 27 130
21 82 61 72 4 0 7 0.00 0.0 0 7.0 16 120 M M 1 18 21 130
22 82 62 72 4 0 7 0.00 0.0 0 7.1 16 110 M M 2 1 21 110
23 84 59 72 4 0 7 0.00 0.0 0 7.9 20 140 M M 1 1 24 120
24 87 66 77 9 0 12 0.00 0.0 0 7.8 20 130 M M 3 24 130
25 91 60 76 8 0 11 0.00 0.0 0 7.5 16 270 M M 4 1 22 280
26 84 67 76 8 0 11 0.00 0.0 0 7.3 13 70 M M 3 1 17 80
27 84 65 75 7 0 10 0.00 0.0 0 8.2 21 120 M M 3 1 23 120
28 83 59 71 3 0 6 0.00 0.0 0 8.9 22 130 M M 2 12 27 120
29 86 61 74 5 0 9 0.00 0.0 0 8.2 21 120 M M 3 24 120
30 88 59 74 5 0 9 0.00 0.0 0 6.8 17 140 M M 1 12 20 140
31 93 68 81 12 0 16 0.00 0.0 0 10.4 25 270 M M 1 33 270
================================================================================
SM 2546 1876 19 224 0.02 0.0 266.3 M 85
================================================================================
AV 82.1 60.5 8.6 FASTST M M 3 MAX(MPH)
MISC ----> 26 100 35 90
================================================================================
NOTES:
# LAST OF SEVERAL OCCURRENCES
COLUMN 17 PEAK WIND IN M.P.H.
PRELIMINARY LOCAL CLIMATOLOGICAL DATA (WS FORM: F-6) , PAGE 2
STATION: FORT PIERCE
MONTH: MARCH
YEAR: 2020
LATITUDE: 27 30 N
LONGITUDE: 80 22 W
[TEMPERATURE DATA] [PRECIPITATION DATA] SYMBOLS USED IN COLUMN 16
AVERAGE MONTHLY: 71.3 TOTAL FOR MONTH: 0.02 1 = FOG OR MIST
DPTR FM NORMAL: 4.1 DPTR FM NORMAL: -3.72 2 = FOG REDUCING VISIBILITY
HIGHEST: 93 ON 31 GRTST 24HR 0.01 ON 2- 2 TO 1/4 MILE OR LESS
LOWEST: 38 ON 1 3 = THUNDER
SNOW, ICE PELLETS, HAIL 4 = ICE PELLETS
TOTAL MONTH: 0.0 INCH 5 = HAIL
GRTST 24HR 0.0 6 = FREEZING RAIN OR DRIZZLE
GRTST DEPTH: 0 7 = DUSTSTORM OR SANDSTORM:
VSBY 1/2 MILE OR LESS
8 = SMOKE OR HAZE
[NO. OF DAYS WITH] [WEATHER - DAYS WITH] 9 = BLOWING SNOW
X = TORNADO
MAX 32 OR BELOW: 0 0.01 INCH OR MORE: 2
MAX 90 OR ABOVE: 3 0.10 INCH OR MORE: 0
MIN 32 OR BELOW: 0 0.50 INCH OR MORE: 0
MIN 0 OR BELOW: 0 1.00 INCH OR MORE: 0
[HDD (BASE 65) ]
TOTAL THIS MO. 19 CLEAR (SCALE 0-3) 21
DPTR FM NORMAL -31 PTCLDY (SCALE 4-7) 10
TOTAL FM JUL 1 247 CLOUDY (SCALE 8-10) 0
DPTR FM NORMAL -180
[CDD (BASE 65) ]
TOTAL THIS MO. 224
DPTR FM NORMAL 106 [PRESSURE DATA]
TOTAL FM JAN 1 491 HIGHEST SLP M ON M
DPTR FM NORMAL 246 LOWEST SLP 29.72 ON 31
[REMARKS]
#FINAL-03-20#