000
CXUS53 KFSD 020414
CF6FSD
PRELIMINARY LOCAL CLIMATOLOGICAL DATA (WS FORM: F-6)
STATION: SIOUX FALLS
MONTH: NOVEMBER
YEAR: 2023
LATITUDE: 43 34 N
LONGITUDE: 96 44 W
TEMPERATURE IN F: :PCPN: SNOW: WIND :SUNSHINE: SKY :PK WND
================================================================================
1 2 3 4 5 6A 6B 7 8 9 10 11 12 13 14 15 16 17 18
12Z AVG MX 2MIN
DY MAX MIN AVG DEP HDD CDD WTR SNW DPTH SPD SPD DIR MIN PSBL S-S WX SPD DR
================================================================================
1 52 25 39 -3 26 0 0.00 0.0 0 8.9 21 190 M M 5 27 180
2 56 21 39 -2 26 0 0.00 0.0 0 5.7 16 190 M M 4 1 21 180
3 60 38 49 8 16 0 0.00 0.0 0 6.4 14 30 M M 8 20 10
4 60 26 43 3 22 0 0.00 0.0 0 4.9 13 190 M M 3 16 210
5 69 44 57 17 8 0 0.00 0.0 0 15.8 33 200 M M 5 50 200
6 64 39 52 13 13 0 0.00 0.0 0 9.8 23 320 M M 3 29 310
7 53 38 46 7 19 0 0.00 0.0 0 9.4 18 130 M M 9 27 130
8 58 33 46 8 19 0 0.00 0.0 0 9.4 32 320 M M 5 46 320
9 53 29 41 3 24 0 T 0.0 0 10.5 28 290 M M 2 43 300
10 43 29 36 -1 29 0 0.00 0.0 0 6.1 12 120 M M 7 16 280
11 62 31 47 10 18 0 0.00 0.0 0 12.7 24 200 M M 4 33 180
12 64 27 46 10 19 0 0.00 0.0 0 6.7 22 310 M M 1 1 29 290
13 67 26 47 11 18 0 0.00 0.0 0 10.1 24 180 M M 3 36 170
14 68 41 55 20 10 0 0.00 0.0 0 13.0 29 190 M M 3 42 190
15 64 23 44 9 21 0 0.00 0.0 0 6.9 17 170 M M 2 22 170
16 69 32 51 17 14 0 0.00 0.0 0 14.3 30 330 M M 6 39 320
17 50 20 35 1 30 0 0.00 0.0 0 5.5 18 200 M M 1 24 200
18 65 27 46 12 19 0 0.00 0.0 0 2.8 10 200 M M 1 13 210
19 55 32 44 11 21 0 T 0.0 0 6.3 15 130 M M 7 23 130
20 51 43 47 14 18 0 T 0.0 0 7.3 14 90 M M 10 1 17 90
21 47 25 36 4 29 0 T 0.0 0 13.5 25 340 M M 3 1 36 330
22 60 23 42 10 23 0 0.00 0.0 0 8.1 21 10 M M 4 30 10
23 32 18 25 -6 40 0 0.00 0.0 0 13.7 23 360 M M 6 28 10
24 29 13 21 -10 44 0 0.00 0.0 0 6.2 15 30 M M 7 20 40
25 26 21 24 -6 41 0 0.01 0.2 T 5.5 10 210 M M 9 1 14 200
26 34 11 23 -7 42 0 T T T 13.8 36 320 M M 5 46 320
27 30 11 21 -8 44 0 T T T 10.8 31 310 M M 4 39 320
28 45 11 28 -1 37 0 0.00 0.0 T 7.7 24 200 M M 1 33 190
29 54 24 39 11 26 0 0.00 0.0 0 6.0 14 200 M M 2 18 200
30 43 15 29 1 36 0 0.00 0.0 0 8.5 17 350 M M 2 25 360
================================================================================
SM 1583 796 752 0 0.01 0.2 266.3 M 132
================================================================================
AV 52.8 26.5 8.9 FASTST M M 4 MAX(MPH)
MISC ----> 36 320 50 200
================================================================================
NOTES:
# LAST OF SEVERAL OCCURRENCES
-COLUMN 17 PEAK WIND IN M.P.H.
-PRECIPITATION AMOUNTS IN COLUMNS 7,8 AND 9 ARE THE OFFICIAL
PRECIPITATION AMOUNTS FOR SIOUX FALLS, SD.
-SNOW DEPTH IN COLUMN 9 IS RECORDED AT 6 AM CST (12Z).
PRELIMINARY LOCAL CLIMATOLOGICAL DATA (WS FORM: F-6) , PAGE 2
STATION: SIOUX FALLS
MONTH: NOVEMBER
YEAR: 2023
LATITUDE: 43 34 N
LONGITUDE: 96 44 W
[TEMPERATURE DATA] [PRECIPITATION DATA] SYMBOLS USED IN COLUMN 16
AVERAGE MONTHLY: 39.7 TOTAL FOR MONTH: 0.01 1 = FOG OR MIST
DPTR FM NORMAL: 4.9 DPTR FM NORMAL: -1.21 2 = FOG REDUCING VISIBILITY
HIGHEST: 69 ON 16, 5 GRTST 24HR 0.01 ON 25-25 TO 1/4 MILE OR LESS
LOWEST: 11 ON 28,27 3 = THUNDER
SNOW, ICE PELLETS, HAIL 4 = ICE PELLETS
TOTAL MONTH: 0.2 INCH 5 = HAIL
GRTST 24HR 0.2 ON 25-25 6 = FREEZING RAIN OR DRIZZLE
GRTST DEPTH: T 7 = DUSTSTORM OR SANDSTORM:
VSBY 1/2 MILE OR LESS
8 = SMOKE OR HAZE
[NO. OF DAYS WITH] [WEATHER - DAYS WITH] 9 = BLOWING SNOW
X = TORNADO
MAX 32 OR BELOW: 4 0.01 INCH OR MORE: 1
MAX 90 OR ABOVE: 0 0.10 INCH OR MORE: 0
MIN 32 OR BELOW: 23 0.50 INCH OR MORE: 0
MIN 0 OR BELOW: 0 1.00 INCH OR MORE: 0
[HDD (BASE 65) ]
TOTAL THIS MO. 752 CLEAR (SCALE 0-3) 11
DPTR FM NORMAL -156 PTCLDY (SCALE 4-7) 16
TOTAL FM JUL 1 1221 CLOUDY (SCALE 8-10) 3
DPTR FM NORMAL -314
[CDD (BASE 65) ]
TOTAL THIS MO. 0
DPTR FM NORMAL 0 [PRESSURE DATA]
TOTAL FM JAN 1 1277 HIGHEST SLP 30.71 ON 24
DPTR FM NORMAL 430 LOWEST SLP 29.55 ON 5
[REMARKS]
RECORD HIGH MINIMUM TEMPERATURE WAS TIED ON THE 20TH AT 43
DEGREES. THIS CONTINUES THE PREVIOUS RECORD OF 43 DEGREES
WHICH WAS SET IN 1990.
AVERAGE MONTHLY HIGH TEMPERATURE OF 52.8 DEGREES TIES WITH 2009
FOR THE 7TH HIGHEST ON RECORD.
MONTHLY TOTAL PRECIPITATION OF 0.01 INCH IS THE 4TH DRIEST ON
RECORD.
#FINAL-11-23#