000
CXUS54 KTSA 011318
CF6FSM
PRELIMINARY LOCAL CLIMATOLOGICAL DATA (WS FORM: F-6)
STATION: FORT SMITH ARKANSAS
MONTH: JANUARY
YEAR: 2023
LATITUDE: 35 19 N
LONGITUDE: 94 22 W
TEMPERATURE IN F: :PCPN: SNOW: WIND :SUNSHINE: SKY :PK WND
================================================================================
1 2 3 4 5 6A 6B 7 8 9 10 11 12 13 14 15 16 17 18
12Z AVG MX 2MIN
DY MAX MIN AVG DEP HDD CDD WTR SNW DPTH SPD SPD DIR MIN PSBL S-S WX SPD DR
================================================================================
1 77 46 62 22 3 0 0.00 0.0 0 6.3 14 200 M M 3 12 20 190
2 77 52 65 25 0 0 0.21 0.0 0 5.9 15 170 M M 7 123 20 170
3 66 43 55 15 10 0 0.17 0.0 0 10.1 18 270 M M 2 13 24 250
4 52 34 43 3 22 0 T 0.0 0 7.8 16 260 M M 0 21 250
5 55 31 43 3 22 0 0.00 0.0 0 9.2 20 250 M M 0 26 260
6 62 30 46 6 19 0 0.00 0.0 0 7.4 17 70 M M 1 22 120
7 60 41 51 11 14 0 0.00 0.0 0 7.2 14 250 M M 3 18 230
8 56 32 44 4 21 0 0.00 0.0 0 6.1 14 230 M M 0 1 19 220
9 65 30 48 8 17 0 0.00 0.0 0 4.1 12 70 M M 0 16 150
10 69 34 52 12 13 0 0.00 0.0 0 5.1 14 60 M M 0 21 70
11 67 43 55 15 10 0 0.01 0.0 0 4.2 18 330 M M 4 123 26 320
12 55 30 43 3 22 0 0.00 0.0 0 14.2 30 280 M M 8 40 270
13 46 26 36 -4 29 0 0.00 0.0 0 8.1 15 260 M M 0 21 260
14 50 25 38 -2 27 0 0.00 0.0 0 6.9 14 80 M M 0 1 17 80
15 67 34 51 11 14 0 0.00 0.0 0 8.6 23 210 M M 4 33 220
16 73 46 60 20 5 0 0.00 0.0 0 11.3 26 220 M M 2 37 230
17 69 38 54 14 11 0 0.00 0.0 0 4.0 10 60 M M 0 8 14 60
18 65 51 58 18 7 0 0.02 0.0 0 8.8 33 280 M M 5 1 44 270
19 53 35 44 4 21 0 0.00 0.0 0 13.7 29 280 M M 0 39 260
20 59 31 45 5 20 0 0.00 0.0 0 2.5 8 250 M M 0 10 20
21 52 37 45 5 20 0 0.01 0.0 0 7.3 20 100 M M 9 26 90
22 45 36 41 0 24 0 T 0.0 0 7.8 18 280 M M 10 25 300
23 52 27 40 -1 25 0 0.00 0.0 0 1.9 8 320 M M 0 1 11 300
24 40 30 35 -6 30 0 1.16 4.0 0 6.9 15 70 M M 7 13 20 80
25 38 33 36 -5 29 0 0.08 T 4 9.5 16 290 M M 9 18 23 290
26 44 27 36 -5 29 0 0.00 0.0 0 6.3 18 280 M M 0 27 300
27 59 27 43 2 22 0 0.00 0.0 0 5.8 23 230 M M 0 30 220
28 59 34 47 6 18 0 0.00 0.0 0 6.6 22 190 M M 6 35 190
29 50 31 41 -1 24 0 0.00 0.0 0 9.0 16 280 M M 10 1 22 270
30 31 28 30 -12 35 0 0.19 T T 7.4 14 270 M M 10 146 17 270
31 28 26 27 -15 38 0 0.08 T T 6.6 12 350 M M 10 1 15 360
================================================================================
SM 1741 1068 601 0 1.93 4.0 226.6 M 110
================================================================================
AV 56.2 34.5 7.3 FASTST M M 4 MAX(MPH)
MISC ----> 33 280 44 270
================================================================================
NOTES:
# LAST OF SEVERAL OCCURRENCES
COLUMN 17 PEAK WIND IN M.P.H.
PRELIMINARY LOCAL CLIMATOLOGICAL DATA (WS FORM: F-6) , PAGE 2
STATION: FORT SMITH ARKANSAS
MONTH: JANUARY
YEAR: 2023
LATITUDE: 35 19 N
LONGITUDE: 94 22 W
[TEMPERATURE DATA] [PRECIPITATION DATA] SYMBOLS USED IN COLUMN 16
AVERAGE MONTHLY: 45.3 TOTAL FOR MONTH: 1.93 1 = FOG OR MIST
DPTR FM NORMAL: 4.9 DPTR FM NORMAL: -0.98 2 = FOG REDUCING VISIBILITY
HIGHEST: 77 ON 2, 1 GRTST 24HR 1.16 ON 24-24 TO 1/4 MILE OR LESS
LOWEST: 25 ON 14 3 = THUNDER
SNOW, ICE PELLETS, HAIL 4 = ICE PELLETS
TOTAL MONTH: 4.0 INCHES 5 = HAIL
GRTST 24HR 4.0 ON 24-24 6 = FREEZING RAIN OR DRIZZLE
GRTST DEPTH: 4 ON 25 7 = DUSTSTORM OR SANDSTORM:
VSBY 1/2 MILE OR LESS
8 = SMOKE OR HAZE
[NO. OF DAYS WITH] [WEATHER - DAYS WITH] 9 = BLOWING SNOW
X = TORNADO
MAX 32 OR BELOW: 2 0.01 INCH OR MORE: 9
MAX 90 OR ABOVE: 0 0.10 INCH OR MORE: 4
MIN 32 OR BELOW: 15 0.50 INCH OR MORE: 1
MIN 0 OR BELOW: 0 1.00 INCH OR MORE: 1
[HDD (BASE 65) ]
TOTAL THIS MO. 601 CLEAR (SCALE 0-3) 18
DPTR FM NORMAL -160 PTCLDY (SCALE 4-7) 7
TOTAL FM JUL 1 1797 CLOUDY (SCALE 8-10) 6
DPTR FM NORMAL -200
[CDD (BASE 65) ]
TOTAL THIS MO. 0
DPTR FM NORMAL 0 [PRESSURE DATA]
TOTAL FM JAN 1 0 HIGHEST SLP 30.44 ON 13
DPTR FM NORMAL 0 LOWEST SLP 29.59 ON 16
[REMARKS]
#FINAL-01-23#