422
CXUS54 KTSA 011153
CF6FSM
PRELIMINARY LOCAL CLIMATOLOGICAL DATA (WS FORM: F-6)
STATION: FORT SMITH ARKANSAS
MONTH: MARCH
YEAR: 2021
LATITUDE: 35 19 N
LONGITUDE: 94 22 W
TEMPERATURE IN F: :PCPN: SNOW: WIND :SUNSHINE: SKY :PK WND
================================================================================
1 2 3 4 5 6A 6B 7 8 9 10 11 12 13 14 15 16 17 18
12Z AVG MX 2MIN
DY MAX MIN AVG DEP HDD CDD WTR SNW DPTH SPD SPD DIR MIN PSBL S-S WX SPD DR
================================================================================
1 61 39 50 2 15 0 0.00 0.0 0 5.3 14 20 M M 0 18 20
2 60 35 48 -1 17 0 0.00 0.0 0 3.2 12 250 M M 1 16 260
3 70 30 50 1 15 0 0.00 0.0 0 2.1 9 250 M M 0 13 260
4 74 33 54 5 11 0 0.00 0.0 0 4.4 15 160 M M 0 18 20 160
5 56 43 50 0 15 0 0.01 0.0 0 9.1 24 80 M M 8 29 80
6 63 31 47 -3 18 0 0.00 0.0 0 2.3 10 50 M M 0 1 17 50
7 69 35 52 2 13 0 0.00 0.0 0 4.4 13 210 M M 0 22 160
8 71 37 54 3 11 0 0.00 0.0 0 4.8 15 200 M M 1 8 19 180
9 69 48 59 8 6 0 0.00 0.0 0 7.4 23 220 M M 7 32 220
10 74 64 69 18 0 4 0.00 0.0 0 10.2 25 200 M M 7 36 200
11 74 64 69 17 0 4 0.01 0.0 0 7.6 21 210 M M 10 29 210
12 78 60 69 17 0 4 0.30 0.0 0 4.7 14 200 M M 9 13 19 190
13 69 55 62 10 3 0 0.00 0.0 0 13.2 20 80 M M 8 27 90
14 65 50 58 6 7 0 0.72 0.0 0 7.4 20 110 M M 10 123 26 100
15 75 48 62 9 3 0 0.00 0.0 0 10.6 30 240 M M 4 12 43 250
16 77 44 61 8 4 0 0.00 0.0 0 6.6 15 150 M M 0 22 110
17 76 46 61 8 4 0 0.08 0.0 0 13.0 35 290 M M 5 13 54 300
18 51 40 46 -8 19 0 T 0.0 0 15.0 25 310 M M 10 1 38 320
19 67 40 54 0 11 0 0.00 0.0 0 7.6 17 10 M M 3 23 360
20 64 37 51 -3 14 0 0.00 0.0 0 6.3 15 70 M M 0 22 120
21 72 43 58 4 7 0 0.00 0.0 0 7.5 17 140 M M 0 26 150
22 66 49 58 3 7 0 0.61 0.0 0 8.4 21 270 M M 5 1 31 260
23 68 50 59 4 6 0 0.14 0.0 0 11.0 26 240 M M 3 1 39 230
24 70 44 57 2 8 0 0.15 0.0 0 5.2 13 70 M M 1 13 18 70
25 61 46 54 -2 11 0 1.59 0.0 0 7.3 36 280 M M 8 13 46 280
26 76 42 59 3 6 0 T 0.0 0 6.2 15 140 M M 2 12 23 150
27 81 53 67 11 0 2 0.00 0.0 0 9.4 23 340 M M 4 31 350
28 68 46 57 1 8 0 0.00 0.0 0 8.4 21 340 M M 0 31 340
29 75 39 57 0 8 0 0.00 0.0 0 7.4 17 180 M M 1 8 24 160
30 71 47 59 2 6 0 T 0.0 0 8.4 20 210 M M 8 28 220
31 65 46 56 -1 9 0 T 0.0 0 10.2 22 10 M M 5 31 20
================================================================================
SM 2136 1384 262 14 3.61 0.0 234.6 M 120
================================================================================
AV 68.9 44.6 7.6 FASTST M M 4 MAX(MPH)
MISC ----> 36 280 54 300
================================================================================
NOTES:
# LAST OF SEVERAL OCCURRENCES
COLUMN 17 PEAK WIND IN M.P.H.
PRELIMINARY LOCAL CLIMATOLOGICAL DATA (WS FORM: F-6) , PAGE 2
STATION: FORT SMITH ARKANSAS
MONTH: MARCH
YEAR: 2021
LATITUDE: 35 19 N
LONGITUDE: 94 22 W
[TEMPERATURE DATA] [PRECIPITATION DATA] SYMBOLS USED IN COLUMN 16
AVERAGE MONTHLY: 56.8 TOTAL FOR MONTH: 3.61 1 = FOG OR MIST
DPTR FM NORMAL: 3.9 DPTR FM NORMAL: -0.24 2 = FOG REDUCING VISIBILITY
HIGHEST: 81 ON 27 GRTST 24HR 1.74 ON 24-25 TO 1/4 MILE OR LESS
LOWEST: 30 ON 3 3 = THUNDER
SNOW, ICE PELLETS, HAIL 4 = ICE PELLETS
TOTAL MONTH: 0.0 INCH 5 = HAIL
GRTST 24HR 0.0 6 = FREEZING RAIN OR DRIZZLE
GRTST DEPTH: 0 7 = DUSTSTORM OR SANDSTORM:
VSBY 1/2 MILE OR LESS
8 = SMOKE OR HAZE
[NO. OF DAYS WITH] [WEATHER - DAYS WITH] 9 = BLOWING SNOW
X = TORNADO
MAX 32 OR BELOW: 0 0.01 INCH OR MORE: 9
MAX 90 OR ABOVE: 0 0.10 INCH OR MORE: 6
MIN 32 OR BELOW: 2 0.50 INCH OR MORE: 3
MIN 0 OR BELOW: 0 1.00 INCH OR MORE: 1
[HDD (BASE 65) ]
TOTAL THIS MO. 262 CLEAR (SCALE 0-3) 14
DPTR FM NORMAL -124 PTCLDY (SCALE 4-7) 12
TOTAL FM JUL 1 2944 CLOUDY (SCALE 8-10) 5
DPTR FM NORMAL -116
[CDD (BASE 65) ]
TOTAL THIS MO. 14
DPTR FM NORMAL 3 [PRESSURE DATA]
TOTAL FM JAN 1 14 HIGHEST SLP 30.49 ON 31
DPTR FM NORMAL 2 LOWEST SLP 29.47 ON 17
[REMARKS]
#FINAL-03-21#