000
CXUS56 KSGX 011045
CF6FUL
PRELIMINARY LOCAL CLIMATOLOGICAL DATA (WS FORM: F-6)
STATION: FULLERTON AIRPORT CA
MONTH: OCTOBER
YEAR: 2023
LATITUDE: 33 52 N
LONGITUDE: 117 58 W
TEMPERATURE IN F: :PCPN: SNOW: WIND :SUNSHINE: SKY :PK WND
================================================================================
1 2 3 4 5 6A 6B 7 8 9 10 11 12 13 14 15 16 17 18
12Z AVG MX 2MIN
DY MAX MIN AVG DEP HDD CDD WTR SNW DPTH SPD SPD DIR MIN PSBL S-S WX SPD DR
================================================================================
1 72 59 66 -6 0 1 T M M 3.5 12 190 M M 5 15 190
2 75 54 65 -7 0 0 0.00 M M 3.9 12 210 M M 1 1 17 200
3 87 56 72 0 0 7 0.00 M M 1.7 12 200 M M 0 15 210
4 95 58 77 5 0 12 0.00 M M 1.6 12 280 M M 0 17 280
5 95 61 78 7 0 13 0.00 M M 2.1 10 200 M M 0 14 230
6 92 62 77 6 0 12 0.00 M M 2.3 12 210 M M 0 14 210
7 92 61 77 6 0 12 0.00 M M 2.0 10 230 M M 2 12 12 190
8 90 63 77 6 0 12 0.00 M M 2.7 9 260 M M 1 128 12 290
9 80 61 71 0 0 6 0.00 M M 2.8 12 200 M M 3 18 14 160
10 76 62 69 -1 0 4 0.00 M M 3.9 12 200 M M 6 16 210
11 77 63 70 0 0 5 0.00 M M 3.4 12 200 M M 5 16 200
12 84 59 72 2 0 7 0.00 M M 3.5 13 200 M M 0 16 190
13 80 59 70 0 0 5 0.00 M M 2.8 9 190 M M 3 12 180
14 86 58 72 2 0 7 0.00 M M 2.2 10 290 M M 0 18 13 260
15 90 57 74 4 0 9 0.00 M M 1.5 8 180 M M 0 11 240
16 86 59 73 4 0 8 0.00 M M 2.5 8 290 M M 0 18 12 200
17 80 63 72 3 0 7 0.00 M M 2.5 8 200 M M 4 128 11 180
18 82 62 72 3 0 7 0.00 M M 2.9 9 210 M M 4 128 13 210
19 88 60 74 5 0 9 0.00 M M 1.6 8 270 M M 0 18 12 200
20 92 62 77 8 0 12 0.00 M M 2.0 10 210 M M 0 18 13 250
21 88 61 75 7 0 10 0.00 M M 3.1 10 220 M M 0 15 260
22 76 59 68 0 0 3 0.00 M M 4.6 12 190 M M 4 1 18 200
23 75 62 69 1 0 4 T M M 5.2 12 160 M M 6 15 210
24 76 59 68 0 0 3 0.00 M M 4.4 10 190 M M 3 15 170
25 73 64 69 1 0 4 0.00 M M 5.1 10 210 M M 10 1 16 210
26 75 60 68 1 0 3 0.00 M M 2.4 10 210 M M 4 16 210
27 74 57 66 -1 0 1 0.00 M M 2.3 10 190 M M 4 13 200
28 73 55 64 -3 1 0 0.00 M M 3.5 12 190 M M 2 17 210
29 83 51 67 0 0 2 0.00 M M 5.2 15 90 M M 0 8 20 90
30 84 49 67 0 0 2 0.00 M M 3.5 15 90 M M 1 22 20
31 89 51 70 4 0 5 0.00 M M 3.6 13 90 M M 0 8 16 110
================================================================================
SM 2565 1827 1 192 T M 94.3 M 68
================================================================================
AV 82.7 58.9 3.0 FASTST M M 2 MAX(MPH)
MISC ----> # 15 90 22 20
================================================================================
NOTES:
# LAST OF SEVERAL OCCURRENCES
COLUMN 17 PEAK WIND IN M.P.H.
PRELIMINARY LOCAL CLIMATOLOGICAL DATA (WS FORM: F-6) , PAGE 2
STATION: FULLERTON AIRPORT CA
MONTH: OCTOBER
YEAR: 2023
LATITUDE: 33 52 N
LONGITUDE: 117 58 W
[TEMPERATURE DATA] [PRECIPITATION DATA] SYMBOLS USED IN COLUMN 16
AVERAGE MONTHLY: 70.8 TOTAL FOR MONTH: T 1 = FOG OR MIST
DPTR FM NORMAL: 1.5 DPTR FM NORMAL: -0.50 2 = FOG REDUCING VISIBILITY
HIGHEST: 95 ON 5, 4 GRTST 24HR 0.01 ON 30- 1 TO 1/4 MILE OR LESS
LOWEST: 49 ON 30 3 = THUNDER
SNOW, ICE PELLETS, HAIL 4 = ICE PELLETS
TOTAL MONTH: M 5 = HAIL
GRTST 24HR M ON M 6 = FREEZING RAIN OR DRIZZLE
GRTST DEPTH: M ON M 7 = DUSTSTORM OR SANDSTORM:
VSBY 1/2 MILE OR LESS
8 = SMOKE OR HAZE
[NO. OF DAYS WITH] [WEATHER - DAYS WITH] 9 = BLOWING SNOW
X = TORNADO
MAX 32 OR BELOW: 0 0.01 INCH OR MORE: 0
MAX 90 OR ABOVE: 7 0.10 INCH OR MORE: 0
MIN 32 OR BELOW: 0 0.50 INCH OR MORE: 0
MIN 0 OR BELOW: 0 1.00 INCH OR MORE: 0
[HDD (BASE 65) ]
TOTAL THIS MO. 1 CLEAR (SCALE 0-3) 19
DPTR FM NORMAL -15 PTCLDY (SCALE 4-7) 11
TOTAL FM JUL 1 1 CLOUDY (SCALE 8-10) 1
DPTR FM NORMAL -12
[CDD (BASE 65) ]
TOTAL THIS MO. 192
DPTR FM NORMAL 42 [PRESSURE DATA]
TOTAL FM JAN 1 1304 HIGHEST SLP 30.09 ON 30
DPTR FM NORMAL -169 LOWEST SLP 29.62 ON 11
[REMARKS]
#FINAL-10-23#