000
CXUS51 KCAR 010700
CF6FVE
PRELIMINARY LOCAL CLIMATOLOGICAL DATA (WS FORM: F-6)
STATION: FRENCHVILLE ME
MONTH: MARCH
YEAR: 2023
LATITUDE: 47 16 N
LONGITUDE: 68 19 W
TEMPERATURE IN F: :PCPN: SNOW: WIND :SUNSHINE: SKY :PK WND
================================================================================
1 2 3 4 5 6A 6B 7 8 9 10 11 12 13 14 15 16 17 18
12Z AVG MX 2MIN
DY MAX MIN AVG DEP HDD CDD WTR SNW DPTH SPD SPD DIR MIN PSBL S-S WX SPD DR
================================================================================
1 28 14 21 2 44 0 T M M 6.4 16 120 M M 9 1 22 130
2 26 17 22 3 43 0 0.09 M M 7.5 17 130 M M 10 12 24 140
3 24 10 17 -3 48 0 T M M 11.5 24 320 M M 4 1 34 290
4 28 2 15 -5 50 0 0.00 M M 5.5 13 330 M M 0 17 320
5 37 11 24 4 41 0 T M M 16.3 33 320 M M 1 52 310
6 29 25 27 6 38 0 T M M 21.9 32 320 M M 10 1 47 290
7 37 22 30 9 35 0 0.01 M M 12.8 23 320 M M 9 18 29 320
8 42 29 36 14 29 0 0.00 M M 13.4 24 350 M M 7 37 350
9 43 28 36 14 29 0 T M M 10.4 18 320 M M 5 1 27 330
10 32 20 26 4 39 0 0.00 M M 12.0 22 330 M M 6 29 320
11 39 16 28 5 37 0 0.00 M M 6.8 13 320 M M 0 16 320
12 41 17 29 6 36 0 0.00 M M 4.1 8 340 M M 0 11 330
13 40 24 32 9 33 0 0.00 M M 7.9 13 150 M M 0 17 150
14 41 28 35 11 30 0 T M M 11.4 26 50 M M 6 40 40
15 36 26 31 7 34 0 T M M 15.6 24 20 M M 10 1 38 10
16 41 26 34 10 31 0 0.00 M M 12.8 20 330 M M 7 30 320
17 41 24 33 8 32 0 0.12 M M 8.1 20 150 M M 5 12 29 140
18 38 29 34 9 31 0 0.06 M M 9.6 14 250 M M 9 126 22 150
19 29 18 24 -2 41 0 0.00 M M 16.0 26 240 M M 6 40 240
20 33 11 22 -4 43 0 T M M 11.8 23 260 M M 5 34 240
21 34 21 28 2 37 0 T M M 7.2 17 320 M M 8 23 320
22 29 10 20 -7 45 0 0.00 M M 9.0 18 320 M M 0 24 310
23 27 18 23 -4 42 0 0.27 M M 8.6 17 120 M M 10 12 24 110
24 32 24 28 1 37 0 T M M 14.5 22 330 M M 9 1 29 330
25 34 17 26 -2 39 0 T M M 7.4 17 130 M M 2 1 23 130
26 30 26 28 0 37 0 0.16 M M 8.3 21 120 M M 10 12 31 110
27 36 26 31 2 34 0 0.02 M M 2.8 8 360 M M 9 1 M M
28 36 28 32 3 33 0 T M M 8.1 14 320 M M 10 18 280
29 38 23 31 2 34 0 0.00 M M 6.2 14 140 M M 2 19 170
30 31 18 25 -5 40 0 0.02 M M 18.4 35 320 M M 8 18 54 290
31 36 17 27 -3 38 0 T M M 10.6 31 310 M M 2 46 310
================================================================================
SM 1068 625 1160 0 0.75 M 322.9 M 179
================================================================================
AV 34.5 20.2 10.4 FASTST M M 6 MAX(MPH)
MISC ----> 35 320 54 290
================================================================================
NOTES:
# LAST OF SEVERAL OCCURRENCES
COLUMN 17 PEAK WIND IN M.P.H.
PRELIMINARY LOCAL CLIMATOLOGICAL DATA (WS FORM: F-6) , PAGE 2
STATION: FRENCHVILLE ME
MONTH: MARCH
YEAR: 2023
LATITUDE: 47 16 N
LONGITUDE: 68 19 W
[TEMPERATURE DATA] [PRECIPITATION DATA] SYMBOLS USED IN COLUMN 16
AVERAGE MONTHLY: 27.3 TOTAL FOR MONTH: 0.75 1 = FOG OR MIST
DPTR FM NORMAL: 2.8 DPTR FM NORMAL: -0.72 2 = FOG REDUCING VISIBILITY
HIGHEST: 43 ON 9 GRTST 24HR 0.27 ON 23-23 TO 1/4 MILE OR LESS
LOWEST: 2 ON 4 3 = THUNDER
SNOW, ICE PELLETS, HAIL 4 = ICE PELLETS
TOTAL MONTH: M 5 = HAIL
GRTST 24HR M ON M 6 = FREEZING RAIN OR DRIZZLE
GRTST DEPTH: M ON M 7 = DUSTSTORM OR SANDSTORM:
VSBY 1/2 MILE OR LESS
8 = SMOKE OR HAZE
[NO. OF DAYS WITH] [WEATHER - DAYS WITH] 9 = BLOWING SNOW
X = TORNADO
MAX 32 OR BELOW: 12 0.01 INCH OR MORE: 8
MAX 90 OR ABOVE: 0 0.10 INCH OR MORE: 3
MIN 32 OR BELOW: 31 0.50 INCH OR MORE: 0
MIN 0 OR BELOW: 0 1.00 INCH OR MORE: 0
[HDD (BASE 65) ]
TOTAL THIS MO. 1160 CLEAR (SCALE 0-3) 9
DPTR FM NORMAL -96 PTCLDY (SCALE 4-7) 11
TOTAL FM JUL 1 7104 CLOUDY (SCALE 8-10) 11
DPTR FM NORMAL -726
[CDD (BASE 65) ]
TOTAL THIS MO. 0
DPTR FM NORMAL 0 [PRESSURE DATA]
TOTAL FM JAN 1 0 HIGHEST SLP 30.43 ON 22
DPTR FM NORMAL 0 LOWEST SLP 29.45 ON 19
[REMARKS]
#FINAL-03-23#