000
CXUS51 KCAR 010600
CF6FVE
PRELIMINARY LOCAL CLIMATOLOGICAL DATA (WS FORM: F-6)
STATION: FRENCHVILLE ME
MONTH: MAY
YEAR: 2021
LATITUDE: 47 16 N
LONGITUDE: 68 19 W
TEMPERATURE IN F: :PCPN: SNOW: WIND :SUNSHINE: SKY :PK WND
================================================================================
1 2 3 4 5 6A 6B 7 8 9 10 11 12 13 14 15 16 17 18
12Z AVG MX 2MIN
DY MAX MIN AVG DEP HDD CDD WTR SNW DPTH SPD SPD DIR MIN PSBL S-S WX SPD DR
================================================================================
1 48 36 42 -4 23 0 T M M 17.4 32 330 M M 5 42 330
2 53 33 43 -3 22 0 0.00 M M 13.9 29 330 M M 6 37 330
3 56 30 43 -4 22 0 0.00 M M 11.9 22 290 M M 0 33 290
4 60 30 45 -2 20 0 0.00 M M 5.0 10 60 M M 4 15 60
5 51 39 45 -3 20 0 0.29 M M 11.7 20 120 M M 10 1 26 120
6 45 34 40 -8 25 0 0.26 M M 9.5 23 330 M M 10 1 27 330
7 53 37 45 -3 20 0 0.00 M M 8.0 16 320 M M 7 21 350
8 53 32 43 -6 22 0 0.00 M M 9.7 20 360 M M 3 26 20
9 58 38 48 -1 17 0 0.00 M M 12.9 28 330 M M 8 35 330
10 63 37 50 0 15 0 T M M 6.0 17 270 M M 5 22 280
11 58 42 50 0 15 0 0.03 M M 6.2 12 330 M M 9 12 16 110
12 53 34 44 -6 21 0 0.01 M M 10.5 25 330 M M 6 34 330
13 63 34 49 -2 16 0 T M M 11.2 28 300 M M 4 40 280
14 61 40 51 0 14 0 0.00 M M 10.5 20 330 M M 0 31 290
15 71 40 56 4 9 0 T M M 6.0 18 270 M M 6 3 31 270
16 69 42 56 4 9 0 0.01 M M 6.0 21 340 M M 3 26 350
17 70 44 57 5 8 0 0.03 M M 7.4 22 300 M M 2 3 31 300
18 67 49 58 5 7 0 0.01 M M 11.0 26 320 M M 5 32 320
19 72 41 57 4 8 0 0.00 M M 5.9 16 330 M M 1 23 340
20 81 47 64 11 1 0 T M M 8.2 17 220 M M 1 23 170
21 81 56 69 15 0 4 0.03 M M 8.3 18 340 M M 6 1 23 330
22 79 63 71 17 0 6 0.07 M M 8.8 20 270 M M 8 1 25 260
23 64 39 52 -2 13 0 0.37 M M 14.0 29 340 M M 5 1 39 340
24 62 31 47 -8 18 0 0.00 M M 7.5 17 270 M M 0 8 22 260
25 74 43 59 4 6 0 0.16 M M 10.1 28 230 M M 6 1 40 230
26 85 61 73 18 0 8 0.10 M M 11.6 36 250 M M 7 12 47 250
27 66 33 50 -6 15 0 0.02 M M 16.5 31 330 M M 2 41 330
28 52 33 43 -13 22 0 0.00 M M 12.1 24 300 M M 3 32 280
29 59 30 45 -11 20 0 0.00 M M 7.1 15 340 M M 0 19 340
30 65 39 52 -4 13 0 0.06 M M 8.9 18 140 M M 3 24 80
31 51 43 47 -10 18 0 0.52 M M 6.1 14 330 M M 10 1 16 330
================================================================================
SM 1943 1230 439 18 1.97 M 299.9 M 145
================================================================================
AV 62.7 39.7 9.7 FASTST M M 5 MAX(MPH)
MISC ----> 36 250 47 250
================================================================================
NOTES:
# LAST OF SEVERAL OCCURRENCES
COLUMN 17 PEAK WIND IN M.P.H.
PRELIMINARY LOCAL CLIMATOLOGICAL DATA (WS FORM: F-6) , PAGE 2
STATION: FRENCHVILLE ME
MONTH: MAY
YEAR: 2021
LATITUDE: 47 16 N
LONGITUDE: 68 19 W
[TEMPERATURE DATA] [PRECIPITATION DATA] SYMBOLS USED IN COLUMN 16
AVERAGE MONTHLY: 51.2 TOTAL FOR MONTH: 1.97 1 = FOG OR MIST
DPTR FM NORMAL: -0.5 DPTR FM NORMAL: -1.10 2 = FOG REDUCING VISIBILITY
HIGHEST: 85 ON 26 GRTST 24HR 0.57 ON 30-31 TO 1/4 MILE OR LESS
LOWEST: 30 ON 29, 4 3 = THUNDER
SNOW, ICE PELLETS, HAIL 4 = ICE PELLETS
TOTAL MONTH: M 5 = HAIL
GRTST 24HR M ON M 6 = FREEZING RAIN OR DRIZZLE
GRTST DEPTH: M ON M 7 = DUSTSTORM OR SANDSTORM:
VSBY 1/2 MILE OR LESS
8 = SMOKE OR HAZE
[NO. OF DAYS WITH] [WEATHER - DAYS WITH] 9 = BLOWING SNOW
X = TORNADO
MAX 32 OR BELOW: 0 0.01 INCH OR MORE: 15
MAX 90 OR ABOVE: 0 0.10 INCH OR MORE: 6
MIN 32 OR BELOW: 5 0.50 INCH OR MORE: 1
MIN 0 OR BELOW: 0 1.00 INCH OR MORE: 0
[HDD (BASE 65) ]
TOTAL THIS MO. 439 CLEAR (SCALE 0-3) 10
DPTR FM NORMAL 20 PTCLDY (SCALE 4-7) 17
TOTAL FM JUL 1 8479 CLOUDY (SCALE 8-10) 4
DPTR FM NORMAL -590
[CDD (BASE 65) ]
TOTAL THIS MO. 18
DPTR FM NORMAL 11 [PRESSURE DATA]
TOTAL FM JAN 1 18 HIGHEST SLP M ON M
DPTR FM NORMAL 11 LOWEST SLP 29.29 ON 1
[REMARKS]
#FINAL-05-21#