000
CXUS54 KOUN 010810
CF6GAG
PRELIMINARY LOCAL CLIMATOLOGICAL DATA (WS FORM: F-6)
STATION: GAGE
MONTH: JULY
YEAR: 2022
LATITUDE: 36 17 N
LONGITUDE: 99 46 W
TEMPERATURE IN F: :PCPN: SNOW: WIND :SUNSHINE: SKY :PK WND
================================================================================
1 2 3 4 5 6A 6B 7 8 9 10 11 12 13 14 15 16 17 18
12Z AVG MX 2MIN
DY MAX MIN AVG DEP HDD CDD WTR SNW DPTH SPD SPD DIR MIN PSBL S-S WX SPD DR
================================================================================
1 99 73 86 5 0 21 0.00 0.0 0 13.6 24 170 M M 0 30 170
2 97 69 83 2 0 18 0.27 0.0 0 6.6 22 180 M M 2 3 27 170
3 98 72 85 4 0 20 0.00 0.0 0 12.7 26 160 M M 0 35 160
4 99 71 85 4 0 20 0.00 M M 18.0 31 190 M M 1 38 190
5 102 76 89 8 0 24 0.00 M M 17.3 25 190 M M 0 33 190
6 104 75 90 9 0 25 0.00 M M 13.0 25 300 M M 1 3 44 270
7 99 73 86 4 0 21 0.00 M M 5.8 21 350 M M 0 25 360
8 100 72 86 4 0 21 T M M 9.0 32 240 M M 1 3 41 240
9 100 65 83 1 0 18 0.00 M M 4.8 15 130 M M 0 18 130
10 102 65 84 2 0 19 0.00 M M 7.1 16 170 M M 0 20 180
11 107 63 85 3 0 20 0.00 M M 9.1 25 10 M M 0 8 32 10
12 94 71 83 1 0 18 0.00 M M 10.2 21 60 M M 0 25 70
13 99 67 83 1 0 18 0.13 M M 8.3 21 130 M M 3 3 29 330
14 105 73 89 7 0 24 0.00 M M 12.5 21 180 M M 1 28 100
15 106 71 89 7 0 24 0.00 M M 14.1 22 160 M M 0 26 200
16 106 75 91 9 0 26 0.00 M M 14.5 24 190 M M 0 28 190
17 105 75 90 8 0 25 0.00 M M 7.2 20 190 M M 0 24 190
18 103 64 84 2 0 19 0.00 M M 6.1 14 100 M M 0 17 110
19 114 72 93 11 0 28 0.00 M M 13.7 23 190 M M 0 3 30 170
20 104 75 90 8 0 25 0.00 M M 10.8 24 10 M M 0 31 10
21 101 76 89 7 0 24 T M M 11.1 31 190 M M 0 36 180
22 101 71 86 4 0 21 0.00 M M 13.6 28 190 M M 2 33 180
23 106 75 91 9 0 26 0.00 M M 18.1 28 170 M M 0 39 180
24 108 79 94 12 0 29 0.00 M M 14.4 22 170 M M 1 28 180
25 106 78 92 10 0 27 0.00 0.0 M 11.5 21 200 M M 2 35 180
26 108 78 93 11 0 28 0.00 0.0 M 16.4 26 200 M M 1 33 200
27 101 73 87 5 0 22 0.00 0.0 M 9.5 23 40 M M 1 38 28 30
28 94 72 83 1 0 18 0.00 M M 11.5 25 60 M M 1 8 32 80
29 76 68 72 -10 0 7 0.73 M M 9.3 18 50 M M 8 138 25 60
30 88 65 77 -5 0 12 0.22 M M 6.8 16 200 M M 7 13 20 200
31 100 70 85 3 0 20 1.82 M M 11.3 21 200 M M 3 13 28 210
================================================================================
SM 3132 2222 0 668 3.17 0.0 347.9 M 35
================================================================================
AV101.0 71.7 11.2 FASTST M M 1 MAX(MPH)
MISC ----> 32 240 44 270
================================================================================
NOTES:
# LAST OF SEVERAL OCCURRENCES
COLUMN 17 PEAK WIND IN M.P.H.
PRELIMINARY LOCAL CLIMATOLOGICAL DATA (WS FORM: F-6) , PAGE 2
STATION: GAGE
MONTH: JULY
YEAR: 2022
LATITUDE: 36 17 N
LONGITUDE: 99 46 W
[TEMPERATURE DATA] [PRECIPITATION DATA] SYMBOLS USED IN COLUMN 16
AVERAGE MONTHLY: 86.4 TOTAL FOR MONTH: 3.17 1 = FOG OR MIST
DPTR FM NORMAL: 4.4 DPTR FM NORMAL: 1.12 2 = FOG REDUCING VISIBILITY
HIGHEST: 114 ON 19 GRTST 24HR 1.86 ON 30-31 TO 1/4 MILE OR LESS
LOWEST: 63 ON 11 3 = THUNDER
SNOW, ICE PELLETS, HAIL 4 = ICE PELLETS
TOTAL MONTH: 0.0 INCH 5 = HAIL
GRTST 24HR 0.0 6 = FREEZING RAIN OR DRIZZLE
GRTST DEPTH: 0 7 = DUSTSTORM OR SANDSTORM:
VSBY 1/2 MILE OR LESS
8 = SMOKE OR HAZE
[NO. OF DAYS WITH] [WEATHER - DAYS WITH] 9 = BLOWING SNOW
X = TORNADO
MAX 32 OR BELOW: 0 0.01 INCH OR MORE: 5
MAX 90 OR ABOVE: 29 0.10 INCH OR MORE: 5
MIN 32 OR BELOW: 0 0.50 INCH OR MORE: 2
MIN 0 OR BELOW: 0 1.00 INCH OR MORE: 1
[HDD (BASE 65) ]
TOTAL THIS MO. 0 CLEAR (SCALE 0-3) 29
DPTR FM NORMAL 0 PTCLDY (SCALE 4-7) 1
TOTAL FM JUL 1 0 CLOUDY (SCALE 8-10) 1
DPTR FM NORMAL 0
[CDD (BASE 65) ]
TOTAL THIS MO. 668
DPTR FM NORMAL 141 [PRESSURE DATA]
TOTAL FM JAN 1 1444 HIGHEST SLP M ON M
DPTR FM NORMAL 322 LOWEST SLP 29.59 ON 19
[REMARKS]
#FINAL-07-22#