000
CXUS54 KFWD 070343
CF6GDJ
PRELIMINARY LOCAL CLIMATOLOGICAL DATA (WS FORM: F-6)
STATION: GRANBURY
MONTH: NOVEMBER
YEAR: 2020
LATITUDE: 32 26 N
LONGITUDE: 97 48 W
TEMPERATURE IN F: :PCPN: SNOW: WIND :SUNSHINE: SKY :PK WND
================================================================================
1 2 3 4 5 6A 6B 7 8 9 10 11 12 13 14 15 16 17 18
12Z AVG MX 2MIN
DY MAX MIN AVG DEP HDD CDD WTR SNW DPTH SPD SPD DIR MIN PSBL S-S WX SPD DR
================================================================================
1 73 43 58 -3 7 0 0.00 M M 6.2 16 30 M M 0 23 60
2 73 36 55 -5 10 0 0.00 M M 1.9 6 170 M M 0 8 M M
3 80 43 62 2 3 0 0.00 M M 5.8 13 170 M M 0 17 210
4 78 52 65 5 0 0 0.00 M M 9.0 15 180 M M 0 22 180
5 80 57 69 10 0 4 0.00 M M 7.3 16 200 M M 0 22 200
6 77 58 68 9 0 3 0.00 M M 7.5 13 120 M M 2 18 140
7 77 55 66 7 0 1 0.00 M M 6.1 13 130 M M 1 17 120
8 79 55 67 9 0 2 0.00 M M 9.3 17 120 M M 3 22 120
9 80 62 71 13 0 6 0.00 M M 9.9 15 180 M M 5 1 22 150
10 74 47 61 4 4 0 0.00 M M 6.2 12 320 M M 3 16 300
11 75 39 57 0 8 0 0.00 M M 1.5 5 110 M M 0 8 M M
12 82 50 66 10 0 1 0.00 M M 5.3 10 150 M M 3 8 20 170
13 73 55 64 8 1 0 0.00 M M 3.5 8 350 M M 5 8 17 10
14 84 64 74 19 0 9 0.00 M M 11.4 21 190 M M 4 28 190
15 71 40 56 1 9 0 0.00 M M 6.6 29 350 M M 0 37 350
16 72 33 53 -1 12 0 0.00 M M 2.4 8 180 M M 0 M M
17 74 35 55 1 10 0 0.00 M M 2.9 10 130 M M 0 M M
18 77 39 58 4 7 0 0.00 M M 7.5 15 170 M M 0 22 160
19 79 54 67 14 0 2 0.00 M M 10.9 18 170 M M 2 25 190
20 79 57 68 16 0 3 0.00 M M 8.2 14 190 M M 3 20 180
21 80 60 70 18 0 5 0.00 M M 5.9 10 130 M M 5 9 140
22 64 48 56 4 9 0 0.00 M M 6.3 14 340 M M 8 17 340
23 59 43 51 0 14 0 0.00 M M 7.7 15 130 M M 8 22 130
24 79 58 69 18 0 4 0.39 M M 11.6 15 170 M M 7 1 23 170
25 66 42 54 4 11 0 0.00 M M 6.8 15 310 M M 0 22 310
26 78 40 59 9 6 0 0.00 M M 5.8 12 170 M M 0 17 180
27 65 54 60 11 5 0 0.00 M M 7.7 15 350 M M 5 8 18 350
28 57 46 52 3 13 0 0.53 M M 6.9 10 280 M M 10 1 M M
29 52 45 49 1 16 0 0.01 M M 11.7 21 340 M M 8 1 30 340
30 52 29 41 -7 24 0 0.00 M M 9.3 18 330 M M 0 28 330
================================================================================
SM 2189 1439 169 40 0.93 M 209.1 M 82
================================================================================
AV 73.0 48.0 7.0 FASTST M M 3 MAX(MPH)
MISC ----> 29 350 37 350
================================================================================
NOTES:
# LAST OF SEVERAL OCCURRENCES
COLUMN 17 PEAK WIND IN M.P.H.
PRELIMINARY LOCAL CLIMATOLOGICAL DATA (WS FORM: F-6) , PAGE 2
STATION: GRANBURY
MONTH: NOVEMBER
YEAR: 2020
LATITUDE: 32 26 N
LONGITUDE: 97 48 W
[TEMPERATURE DATA] [PRECIPITATION DATA] SYMBOLS USED IN COLUMN 16
AVERAGE MONTHLY: 60.5 TOTAL FOR MONTH: 0.93 1 = FOG OR MIST
DPTR FM NORMAL: 5.9 DPTR FM NORMAL: M 2 = FOG REDUCING VISIBILITY
HIGHEST: 84 ON 14 GRTST 24HR 0.53 ON 28-28 TO 1/4 MILE OR LESS
LOWEST: 29 ON 30 3 = THUNDER
SNOW, ICE PELLETS, HAIL 4 = ICE PELLETS
TOTAL MONTH: M 5 = HAIL
GRTST 24HR M ON M 6 = FREEZING RAIN OR DRIZZLE
GRTST DEPTH: M ON M 7 = DUSTSTORM OR SANDSTORM:
VSBY 1/2 MILE OR LESS
8 = SMOKE OR HAZE
[NO. OF DAYS WITH] [WEATHER - DAYS WITH] 9 = BLOWING SNOW
X = TORNADO
MAX 32 OR BELOW: 0 0.01 INCH OR MORE: 3
MAX 90 OR ABOVE: 0 0.10 INCH OR MORE: 2
MIN 32 OR BELOW: 1 0.50 INCH OR MORE: 1
MIN 0 OR BELOW: 0 1.00 INCH OR MORE: 0
[HDD (BASE 65) ]
TOTAL THIS MO. 169 CLEAR (SCALE 0-3) 20
DPTR FM NORMAL -158 PTCLDY (SCALE 4-7) 8
TOTAL FM JUL 1 302 CLOUDY (SCALE 8-10) 2
DPTR FM NORMAL -121
[CDD (BASE 65) ]
TOTAL THIS MO. 40
DPTR FM NORMAL 25 [PRESSURE DATA]
TOTAL FM JAN 1 2941 HIGHEST SLP M ON M
DPTR FM NORMAL 549 LOWEST SLP M ON M
[REMARKS]
#FINAL-11-20#