000
CXUS54 KMAF 011535
CF6GDP
PRELIMINARY LOCAL CLIMATOLOGICAL DATA (WS FORM: F-6)
STATION: GUADALUPE PASS
MONTH: JUNE
YEAR: 2022
LATITUDE: 31 49 N
LONGITUDE: 104 48 W
TEMPERATURE IN F: :PCPN: SNOW: WIND :SUNSHINE: SKY :PK WND
================================================================================
1 2 3 4 5 6A 6B 7 8 9 10 11 12 13 14 15 16 17 18
12Z AVG MX 2MIN
DY MAX MIN AVG DEP HDD CDD WTR SNW DPTH SPD SPD DIR MIN PSBL S-S WX SPD DR
================================================================================
1 86 61 74 -2 0 9 0.01 M M 25.8 52 40 M M 1 62 60
2 72 53 63 -13 2 0 0.00 M M 29.7 41 50 M M 3 44 50
3 90 57 74 -3 0 9 0.00 M M 17.5 37 50 M M 1 42 40
4 93 57 75 -2 0 10 0.00 M M 22.6 41 250 M M 0 51 250
5 93 68 81 4 0 16 0.00 M M 19.3 39 250 M M 0 51 250
6 99 67 83 6 0 18 0.00 M M 15.9 26 250 M M 0 31 240
7 100 71 86 8 0 21 0.00 M M 14.5 30 250 M M 0 36 250
8 100 73 87 9 0 22 T M M 19.4 46 50 M M 3 56 30
9 90 63 77 -1 0 12 0.00 M M 16.4 32 40 M M 0 36 30
10 99 72 86 8 0 21 0.00 M M 11.3 30 360 M M 0 40 360
11 102 75 89 11 0 24 0.00 M M 13.4 25 240 M M 0 32 230
12 105 79 92 14 0 27 0.00 M M 15.1 30 230 M M 0 35 230
13 101 75 88 9 0 23 0.00 M M 14.6 29 250 M M M 36 250
14 97 73 85 6 0 20 0.00 M M 22.6 37 210 M M M 48 210
15 97 70 84 5 0 19 0.00 M M 13.1 36 240 M M 2 46 240
16 91 69 80 1 0 15 T M M 17.3 33 80 M M 1 40 70
17 92 68 80 1 0 15 0.04 M M 17.1 39 80 M M 1 8 46 80
18 89 68 79 0 0 14 0.00 M M 17.5 33 70 M M 0 39 70
19 91 69 80 1 0 15 0.13 M M 15.3 30 70 M M 2 39 70
20 91 61 76 -3 0 11 T M M 11.9 33 40 M M 3 37 40
21 75 60 68 -11 0 3 0.26 M M 16.9 35 40 M M 8 12 39 80
22 83 65 74 -5 0 9 0.00 M M 20.8 35 50 M M 4 40 40
23 91 67 79 0 0 14 0.03 M M 13.6 32 70 M M 2 36 70
24 94 70 82 3 0 17 T M M 14.3 29 40 M M 2 31 40
25 93 66 80 1 0 15 0.00 M M 14.8 37 40 M M 1 51 50
26 84 61 73 -6 0 8 T M M 25.8 46 40 M M 1 8 52 40
27 79 60 70 -9 0 5 0.10 M M 29.3 45 50 M M 3 18 49 50
28 79 59 69 -10 0 4 1.54 M M 18.0 32 50 M M 5 12 36 60
29 81 63 72 -7 0 7 0.00 M M 13.4 29 50 M M 2 30 50
30 89 68 79 1 0 14 0.00 M M 9.8 17 30 M M 1 23 240
================================================================================
SM 2726 1988 2 417 2.11 M 527.0 M 46
================================================================================
AV 90.9 66.3 17.6 FASTST M M 2 MAX(MPH)
MISC ----> 52 40 62 60
================================================================================
NOTES:
# LAST OF SEVERAL OCCURRENCES
COLUMN 17 PEAK WIND IN M.P.H.
PRELIMINARY LOCAL CLIMATOLOGICAL DATA (WS FORM: F-6) , PAGE 2
STATION: GUADALUPE PASS
MONTH: JUNE
YEAR: 2022
LATITUDE: 31 49 N
LONGITUDE: 104 48 W
[TEMPERATURE DATA] [PRECIPITATION DATA] SYMBOLS USED IN COLUMN 16
AVERAGE MONTHLY: 78.6 TOTAL FOR MONTH: 2.11 1 = FOG OR MIST
DPTR FM NORMAL: 0.4 DPTR FM NORMAL: 1.25 2 = FOG REDUCING VISIBILITY
HIGHEST: 105 ON 12 GRTST 24HR 1.64 ON 27-28 TO 1/4 MILE OR LESS
LOWEST: 53 ON 2 3 = THUNDER
SNOW, ICE PELLETS, HAIL 4 = ICE PELLETS
TOTAL MONTH: M 5 = HAIL
GRTST 24HR M ON M 6 = FREEZING RAIN OR DRIZZLE
GRTST DEPTH: M ON M 7 = DUSTSTORM OR SANDSTORM:
VSBY 1/2 MILE OR LESS
8 = SMOKE OR HAZE
[NO. OF DAYS WITH] [WEATHER - DAYS WITH] 9 = BLOWING SNOW
X = TORNADO
MAX 32 OR BELOW: 0 0.01 INCH OR MORE: 7
MAX 90 OR ABOVE: 20 0.10 INCH OR MORE: 4
MIN 32 OR BELOW: 0 0.50 INCH OR MORE: 1
MIN 0 OR BELOW: 0 1.00 INCH OR MORE: 1
[HDD (BASE 65) ]
TOTAL THIS MO. 2 CLEAR (SCALE 0-3) 24
DPTR FM NORMAL 1 PTCLDY (SCALE 4-7) 4
TOTAL FM JUL 1 2329 CLOUDY (SCALE 8-10) 2
DPTR FM NORMAL -680
[CDD (BASE 65) ]
TOTAL THIS MO. 417
DPTR FM NORMAL 19 [PRESSURE DATA]
TOTAL FM JAN 1 795 HIGHEST SLP 30.23 ON 27
DPTR FM NORMAL 140 LOWEST SLP 29.58 ON 5
[REMARKS]
#FINAL-06-22#