666
CXUS54 KMAF 012208
CF6GDP
PRELIMINARY LOCAL CLIMATOLOGICAL DATA (WS FORM: F-6)
STATION: GUADALUPE PASS
MONTH: FEBRUARY
YEAR: 2021
LATITUDE: 31 49 N
LONGITUDE: 104 48 W
TEMPERATURE IN F: :PCPN: SNOW: WIND :SUNSHINE: SKY :PK WND
================================================================================
1 2 3 4 5 6A 6B 7 8 9 10 11 12 13 14 15 16 17 18
12Z AVG MX 2MIN
DY MAX MIN AVG DEP HDD CDD WTR SNW DPTH SPD SPD DIR MIN PSBL S-S WX SPD DR
================================================================================
1 62 38 50 6 15 0 0.00 M M 16.9 26 50 M M 0 30 50
2 67 44 56 12 9 0 0.00 M M 17.1 26 250 M M 0 31 250
3 73 48 61 17 4 0 0.00 M M 27.1 51 250 M M 0 60 260
4 67 47 57 13 8 0 0.00 M M 29.8 49 250 M M 0 58 250
5 61 38 50 6 15 0 0.00 M M 29.9 56 250 M M 1 67 260
6 62 39 51 7 14 0 0.00 M M 13.4 39 260 M M 0 46 260
7 66 40 53 9 12 0 0.00 M M 24.9 37 250 M M 0 43 250
8 69 43 56 12 9 0 0.00 M M 21.3 40 250 M M 0 45 240
9 58 48 53 8 12 0 M M M 5.4 32 250 M M 0 38 250
10 68 34 51 6 14 0 0.00 M M 19.4 41 240 M M 0 28 48 250
11 62 26 44 -1 21 0 T M M 16.7 37 60 M M 5 1268 57 150
12 52 19 36 -9 29 0 T M M 21.9 48 50 M M 7 1268 66 50
13 23 18 21 -24 44 0 M M M 23.7 37 50 M M 8 128 107 270
14 M M M M M M M M M M M M M M M M M
15 M M M M M M M M M M M M M M M M M
16 M M M M M M M M M M M M M M M M M
17 M M M M M M M M M M M M M M M M M
18 M M M M M M M M M M M M M M M M M
19 M M M M M M M M M M M M M M M M M
20 M M M M M M M M M M 54 250 M M 0 28 67 240
21 58 39 49 2 16 0 M M M 6.9 55 240 M M 0 67 250
22 62 30 46 -1 19 0 M M M 23.0 40 240 M M 0 48 250
23 69 38 54 7 11 0 0.00 M M 25.4 47 250 M M 0 54 240
24 59 43 51 4 14 0 0.00 M M 20.5 37 70 M M 0 40 250
25 50 34 42 -6 23 0 0.00 M M 28.8 40 60 M M 0 45 60
26 62 31 47 -1 18 0 0.00 M M 21.2 38 240 M M 0 45 240
27 68 44 56 8 9 0 0.00 M M 22.7 43 250 M M 0 52 250
28 65 37 51 3 14 0 0.00 M M 27.4 44 50 M M 1 53 240
================================================================================
SM 1283 778 330 0 T M 443.5 M 22
================================================================================
AV 61.1 37.0 21.1 FASTST M M 1 MAX(MPH)
MISC ----> 56 250 107 270
================================================================================
NOTES:
# LAST OF SEVERAL OCCURRENCES
COLUMN 17 PEAK WIND IN M.P.H.
PRELIMINARY LOCAL CLIMATOLOGICAL DATA (WS FORM: F-6) , PAGE 2
STATION: GUADALUPE PASS
MONTH: FEBRUARY
YEAR: 2021
LATITUDE: 31 49 N
LONGITUDE: 104 48 W
[TEMPERATURE DATA] [PRECIPITATION DATA] SYMBOLS USED IN COLUMN 16
AVERAGE MONTHLY: 49.1 TOTAL FOR MONTH: T 1 = FOG OR MIST
DPTR FM NORMAL: 3.5 DPTR FM NORMAL: -0.32 2 = FOG REDUCING VISIBILITY
HIGHEST: 73 ON 3 GRTST 24HR T ON 11-11 TO 1/4 MILE OR LESS
LOWEST: 18 ON 13 3 = THUNDER
SNOW, ICE PELLETS, HAIL 4 = ICE PELLETS
TOTAL MONTH: M 5 = HAIL
GRTST 24HR M ON M 6 = FREEZING RAIN OR DRIZZLE
GRTST DEPTH: M ON M 7 = DUSTSTORM OR SANDSTORM:
VSBY 1/2 MILE OR LESS
8 = SMOKE OR HAZE
[NO. OF DAYS WITH] [WEATHER - DAYS WITH] 9 = BLOWING SNOW
X = TORNADO
MAX 32 OR BELOW: 1 0.01 INCH OR MORE: 0
MAX 90 OR ABOVE: 0 0.10 INCH OR MORE: 0
MIN 32 OR BELOW: 5 0.50 INCH OR MORE: 0
MIN 0 OR BELOW: 0 1.00 INCH OR MORE: 0
[HDD (BASE 65) ]
TOTAL THIS MO. 330 CLEAR (SCALE 0-3) 19
DPTR FM NORMAL -214 PTCLDY (SCALE 4-7) 2
TOTAL FM JUL 1 2123 CLOUDY (SCALE 8-10) 7
DPTR FM NORMAL -539
[CDD (BASE 65) ]
TOTAL THIS MO. 0
DPTR FM NORMAL -1 [PRESSURE DATA]
TOTAL FM JAN 1 0 HIGHEST SLP 30.38 ON 1
DPTR FM NORMAL 0 LOWEST SLP 29.62 ON 5
[REMARKS]
#FINAL-02-21#